38.213.6.95 - - [14/May/2026:14:07:19 -0400] "GET /xmlrpc.php.malware HTTP/1.1" 200 178755 "-" "Mozilla/5.0 (Windows NT 10.0; Win64; x64) AppleWebKit/537.36 (KHTML, like Gecko) Chrome/147.0.0.0 Safari/537.36 Edg/147.0.0.0"
104.28.161.29 - - [14/May/2026:14:07:20 -0400] "HEAD / HTTP/1.1" 200 - "https://www.megawatt.com.do/" "Mozilla/5.0 (Windows NT 10.0; Win64; x64) AppleWebKit/537.36 (KHTML, like Gecko) Chrome/91.0.4472.124 Safari/537.36"
38.213.6.95 - - [14/May/2026:14:07:21 -0400] "GET /about.php.malware HTTP/1.1" 200 178755 "-" "Mozilla/5.0 (Windows NT 10.0; Win64; x64) AppleWebKit/537.36 (KHTML, like Gecko) Chrome/147.0.0.0 Safari/537.36 Edg/147.0.0.0"
38.213.6.95 - - [14/May/2026:14:07:23 -0400] "GET /options.php.malware HTTP/1.1" 200 178755 "-" "Mozilla/5.0 (Windows NT 10.0; Win64; x64) AppleWebKit/537.36 (KHTML, like Gecko) Chrome/147.0.0.0 Safari/537.36 Edg/147.0.0.0"
38.213.6.95 - - [14/May/2026:14:07:26 -0400] "GET /product.php.malware HTTP/1.1" 200 178755 "-" "Mozilla/5.0 (Windows NT 10.0; Win64; x64) AppleWebKit/537.36 (KHTML, like Gecko) Chrome/147.0.0.0 Safari/537.36 Edg/147.0.0.0"
38.213.6.95 - - [14/May/2026:14:07:28 -0400] "GET /plugins.php.malware HTTP/1.1" 200 178755 "-" "Mozilla/5.0 (Windows NT 10.0; Win64; x64) AppleWebKit/537.36 (KHTML, like Gecko) Chrome/147.0.0.0 Safari/537.36 Edg/147.0.0.0"
38.213.6.95 - - [14/May/2026:14:07:31 -0400] "GET /admin.php.malware HTTP/1.1" 200 178755 "-" "Mozilla/5.0 (Windows NT 10.0; Win64; x64) AppleWebKit/537.36 (KHTML, like Gecko) Chrome/147.0.0.0 Safari/537.36 Edg/147.0.0.0"
38.213.6.95 - - [14/May/2026:14:07:33 -0400] "GET /defaults.php.malware HTTP/1.1" 200 178755 "-" "Mozilla/5.0 (Windows NT 10.0; Win64; x64) AppleWebKit/537.36 (KHTML, like Gecko) Chrome/147.0.0.0 Safari/537.36 Edg/147.0.0.0"
38.213.6.95 - - [14/May/2026:14:07:35 -0400] "GET /mah.php.malware HTTP/1.1" 200 178755 "-" "Mozilla/5.0 (Windows NT 10.0; Win64; x64) AppleWebKit/537.36 (KHTML, like Gecko) Chrome/147.0.0.0 Safari/537.36 Edg/147.0.0.0"
38.213.6.95 - - [14/May/2026:14:07:38 -0400] "GET /wso.php.malware HTTP/1.1" 200 178755 "-" "Mozilla/5.0 (Windows NT 10.0; Win64; x64) AppleWebKit/537.36 (KHTML, like Gecko) Chrome/147.0.0.0 Safari/537.36 Edg/147.0.0.0"
104.28.161.29 - - [14/May/2026:14:07:38 -0400] "HEAD / HTTP/1.1" 200 - "https://www.megawatt.com.do/" "Mozilla/5.0 (Windows NT 10.0; Win64; x64) AppleWebKit/537.36 (KHTML, like Gecko) Chrome/91.0.4472.124 Safari/537.36"
104.28.161.29 - - [14/May/2026:14:07:40 -0400] "HEAD / HTTP/1.1" 200 - "https://www.megawatt.com.do/" "Mozilla/5.0 (Windows NT 10.0; Win64; x64) AppleWebKit/537.36 (KHTML, like Gecko) Chrome/91.0.4472.124 Safari/537.36"
38.213.6.95 - - [14/May/2026:14:07:40 -0400] "GET /install.php.malware HTTP/1.1" 200 178754 "-" "Mozilla/5.0 (Windows NT 10.0; Win64; x64) AppleWebKit/537.36 (KHTML, like Gecko) Chrome/147.0.0.0 Safari/537.36 Edg/147.0.0.0"
38.213.6.95 - - [14/May/2026:14:07:42 -0400] "GET /cache.php.malware HTTP/1.1" 200 178755 "-" "Mozilla/5.0 (Windows NT 10.0; Win64; x64) AppleWebKit/537.36 (KHTML, like Gecko) Chrome/147.0.0.0 Safari/537.36 Edg/147.0.0.0"
104.28.161.29 - - [14/May/2026:14:07:44 -0400] "HEAD / HTTP/1.1" 200 - "https://www.megawatt.com.do/" "Mozilla/5.0 (Windows NT 10.0; Win64; x64) AppleWebKit/537.36 (KHTML, like Gecko) Chrome/91.0.4472.124 Safari/537.36"
104.28.161.29 - - [14/May/2026:14:07:45 -0400] "HEAD / HTTP/1.1" 200 - "https://www.megawatt.com.do/" "Mozilla/5.0 (Windows NT 10.0; Win64; x64) AppleWebKit/537.36 (KHTML, like Gecko) Chrome/91.0.4472.124 Safari/537.36"
38.213.6.95 - - [14/May/2026:14:07:45 -0400] "GET /wp-trackback.php.malware HTTP/1.1" 200 178755 "-" "Mozilla/5.0 (Windows NT 10.0; Win64; x64) AppleWebKit/537.36 (KHTML, like Gecko) Chrome/147.0.0.0 Safari/537.36 Edg/147.0.0.0"
38.213.6.95 - - [14/May/2026:14:07:47 -0400] "GET /special.php.malware HTTP/1.1" 200 178755 "-" "Mozilla/5.0 (Windows NT 10.0; Win64; x64) AppleWebKit/537.36 (KHTML, like Gecko) Chrome/147.0.0.0 Safari/537.36 Edg/147.0.0.0"
38.213.6.95 - - [14/May/2026:14:07:50 -0400] "GET /networks.php.malware HTTP/1.1" 200 178755 "-" "Mozilla/5.0 (Windows NT 10.0; Win64; x64) AppleWebKit/537.36 (KHTML, like Gecko) Chrome/147.0.0.0 Safari/537.36 Edg/147.0.0.0"
38.213.6.95 - - [14/May/2026:14:07:52 -0400] "GET /wp-login.php.suspected HTTP/1.1" 200 178755 "-" "Mozilla/5.0 (Windows NT 10.0; Win64; x64) AppleWebKit/537.36 (KHTML, like Gecko) Chrome/147.0.0.0 Safari/537.36 Edg/147.0.0.0"
38.213.6.95 - - [14/May/2026:14:07:54 -0400] "GET /about.php.suspected HTTP/1.1" 200 178755 "-" "Mozilla/5.0 (Windows NT 10.0; Win64; x64) AppleWebKit/537.36 (KHTML, like Gecko) Chrome/147.0.0.0 Safari/537.36 Edg/147.0.0.0"
38.213.6.95 - - [14/May/2026:14:07:57 -0400] "GET /index.php.suspected HTTP/1.1" 200 178755 "-" "Mozilla/5.0 (Windows NT 10.0; Win64; x64) AppleWebKit/537.36 (KHTML, like Gecko) Chrome/147.0.0.0 Safari/537.36 Edg/147.0.0.0"
38.213.6.95 - - [14/May/2026:14:07:59 -0400] "GET /wso.php.suspected HTTP/1.1" 200 178755 "-" "Mozilla/5.0 (Windows NT 10.0; Win64; x64) AppleWebKit/537.36 (KHTML, like Gecko) Chrome/147.0.0.0 Safari/537.36 Edg/147.0.0.0"
38.213.6.95 - - [14/May/2026:14:08:01 -0400] "GET /admin.php.suspected HTTP/1.1" 200 178755 "-" "Mozilla/5.0 (Windows NT 10.0; Win64; x64) AppleWebKit/537.36 (KHTML, like Gecko) Chrome/147.0.0.0 Safari/537.36 Edg/147.0.0.0"
38.213.6.95 - - [14/May/2026:14:08:04 -0400] "GET /wp-trackback.php.suspected HTTP/1.1" 200 178755 "-" "Mozilla/5.0 (Windows NT 10.0; Win64; x64) AppleWebKit/537.36 (KHTML, like Gecko) Chrome/147.0.0.0 Safari/537.36 Edg/147.0.0.0"
38.213.6.95 - - [14/May/2026:14:08:06 -0400] "GET /cache.php.suspected HTTP/1.1" 200 178755 "-" "Mozilla/5.0 (Windows NT 10.0; Win64; x64) AppleWebKit/537.36 (KHTML, like Gecko) Chrome/147.0.0.0 Safari/537.36 Edg/147.0.0.0"
38.213.6.95 - - [14/May/2026:14:08:09 -0400] "GET /mah.php.suspected HTTP/1.1" 200 178755 "-" "Mozilla/5.0 (Windows NT 10.0; Win64; x64) AppleWebKit/537.36 (KHTML, like Gecko) Chrome/147.0.0.0 Safari/537.36 Edg/147.0.0.0"
173.252.95.20 - - [14/May/2026:14:08:09 -0400] "GET /meta.json HTTP/1.1" 200 178755 "-" "facebookexternalhit/1.1 (+http://www.facebook.com/externalhit_uatext.php)"
38.213.6.95 - - [14/May/2026:14:08:11 -0400] "GET /wp-config.php.suspected HTTP/1.1" 403 178755 "-" "Mozilla/5.0 (Windows NT 10.0; Win64; x64) AppleWebKit/537.36 (KHTML, like Gecko) Chrome/147.0.0.0 Safari/537.36 Edg/147.0.0.0"
38.213.6.95 - - [14/May/2026:14:08:13 -0400] "GET /about.php7 HTTP/1.1" 200 178755 "-" "Mozilla/5.0 (Windows NT 10.0; Win64; x64) AppleWebKit/537.36 (KHTML, like Gecko) Chrome/147.0.0.0 Safari/537.36 Edg/147.0.0.0"
38.213.6.95 - - [14/May/2026:14:08:16 -0400] "GET /alfa-rex.php7 HTTP/1.1" 200 178755 "-" "Mozilla/5.0 (Windows NT 10.0; Win64; x64) AppleWebKit/537.36 (KHTML, like Gecko) Chrome/147.0.0.0 Safari/537.36 Edg/147.0.0.0"
38.213.6.95 - - [14/May/2026:14:08:18 -0400] "GET /msleaf.php7 HTTP/1.1" 200 178755 "-" "Mozilla/5.0 (Windows NT 10.0; Win64; x64) AppleWebKit/537.36 (KHTML, like Gecko) Chrome/147.0.0.0 Safari/537.36 Edg/147.0.0.0"
38.213.6.95 - - [14/May/2026:14:08:20 -0400] "GET /psm.php7 HTTP/1.1" 200 178754 "-" "Mozilla/5.0 (Windows NT 10.0; Win64; x64) AppleWebKit/537.36 (KHTML, like Gecko) Chrome/147.0.0.0 Safari/537.36 Edg/147.0.0.0"
104.28.161.29 - - [14/May/2026:14:08:23 -0400] "HEAD / HTTP/1.1" 200 - "https://www.megawatt.com.do/" "Mozilla/5.0 (Windows NT 10.0; Win64; x64) AppleWebKit/537.36 (KHTML, like Gecko) Chrome/91.0.4472.124 Safari/537.36"
38.213.6.95 - - [14/May/2026:14:08:23 -0400] "GET /man.php7 HTTP/1.1" 200 178754 "-" "Mozilla/5.0 (Windows NT 10.0; Win64; x64) AppleWebKit/537.36 (KHTML, like Gecko) Chrome/147.0.0.0 Safari/537.36 Edg/147.0.0.0"
38.213.6.95 - - [14/May/2026:14:08:25 -0400] "GET /shell.php7 HTTP/1.1" 200 178755 "-" "Mozilla/5.0 (Windows NT 10.0; Win64; x64) AppleWebKit/537.36 (KHTML, like Gecko) Chrome/147.0.0.0 Safari/537.36 Edg/147.0.0.0"
104.28.161.29 - - [14/May/2026:14:08:25 -0400] "HEAD / HTTP/1.1" 200 - "https://www.megawatt.com.do/" "Mozilla/5.0 (Windows NT 10.0; Win64; x64) AppleWebKit/537.36 (KHTML, like Gecko) Chrome/91.0.4472.124 Safari/537.36"
38.213.6.95 - - [14/May/2026:14:08:28 -0400] "GET /mailer.php7 HTTP/1.1" 200 178755 "-" "Mozilla/5.0 (Windows NT 10.0; Win64; x64) AppleWebKit/537.36 (KHTML, like Gecko) Chrome/147.0.0.0 Safari/537.36 Edg/147.0.0.0"
38.213.6.95 - - [14/May/2026:14:08:30 -0400] "GET /fix.php7 HTTP/1.1" 200 178755 "-" "Mozilla/5.0 (Windows NT 10.0; Win64; x64) AppleWebKit/537.36 (KHTML, like Gecko) Chrome/147.0.0.0 Safari/537.36 Edg/147.0.0.0"
38.213.6.95 - - [14/May/2026:14:08:32 -0400] "GET /alfanew.php7 HTTP/1.1" 200 178755 "-" "Mozilla/5.0 (Windows NT 10.0; Win64; x64) AppleWebKit/537.36 (KHTML, like Gecko) Chrome/147.0.0.0 Safari/537.36 Edg/147.0.0.0"
38.213.6.95 - - [14/May/2026:14:08:35 -0400] "GET /sell.php7 HTTP/1.1" 200 178755 "-" "Mozilla/5.0 (Windows NT 10.0; Win64; x64) AppleWebKit/537.36 (KHTML, like Gecko) Chrome/147.0.0.0 Safari/537.36 Edg/147.0.0.0"
38.213.6.95 - - [14/May/2026:14:08:37 -0400] "GET /t.php7 HTTP/1.1" 200 178755 "-" "Mozilla/5.0 (Windows NT 10.0; Win64; x64) AppleWebKit/537.36 (KHTML, like Gecko) Chrome/147.0.0.0 Safari/537.36 Edg/147.0.0.0"
104.28.161.29 - - [14/May/2026:14:08:37 -0400] "HEAD / HTTP/1.1" 200 - "https://www.megawatt.com.do/" "Mozilla/5.0 (Windows NT 10.0; Win64; x64) AppleWebKit/537.36 (KHTML, like Gecko) Chrome/91.0.4472.124 Safari/537.36"
38.213.6.95 - - [14/May/2026:14:08:39 -0400] "GET /alfa-rex.php8 HTTP/1.1" 200 178755 "-" "Mozilla/5.0 (Windows NT 10.0; Win64; x64) AppleWebKit/537.36 (KHTML, like Gecko) Chrome/147.0.0.0 Safari/537.36 Edg/147.0.0.0"
38.213.6.95 - - [14/May/2026:14:08:42 -0400] "GET /fix.php8 HTTP/1.1" 200 178755 "-" "Mozilla/5.0 (Windows NT 10.0; Win64; x64) AppleWebKit/537.36 (KHTML, like Gecko) Chrome/147.0.0.0 Safari/537.36 Edg/147.0.0.0"
38.213.6.95 - - [14/May/2026:14:08:44 -0400] "GET /sql.phtml HTTP/1.1" 200 178755 "-" "Mozilla/5.0 (Windows NT 10.0; Win64; x64) AppleWebKit/537.36 (KHTML, like Gecko) Chrome/147.0.0.0 Safari/537.36 Edg/147.0.0.0"
38.213.6.95 - - [14/May/2026:14:08:46 -0400] "GET /database.phtml HTTP/1.1" 200 178755 "-" "Mozilla/5.0 (Windows NT 10.0; Win64; x64) AppleWebKit/537.36 (KHTML, like Gecko) Chrome/147.0.0.0 Safari/537.36 Edg/147.0.0.0"
38.213.6.95 - - [14/May/2026:14:08:49 -0400] "GET /mailer.phtml HTTP/1.1" 200 178755 "-" "Mozilla/5.0 (Windows NT 10.0; Win64; x64) AppleWebKit/537.36 (KHTML, like Gecko) Chrome/147.0.0.0 Safari/537.36 Edg/147.0.0.0"
38.213.6.95 - - [14/May/2026:14:08:51 -0400] "GET /.test.php HTTP/1.1" 200 178755 "-" "Mozilla/5.0 (Windows NT 10.0; Win64; x64) AppleWebKit/537.36 (KHTML, like Gecko) Chrome/147.0.0.0 Safari/537.36 Edg/147.0.0.0"
38.213.6.95 - - [14/May/2026:14:08:53 -0400] "GET /.tmb HTTP/1.1" 301 280 "-" "Mozilla/5.0 (Windows NT 10.0; Win64; x64) AppleWebKit/537.36 (KHTML, like Gecko) Chrome/147.0.0.0 Safari/537.36 Edg/147.0.0.0"
38.213.6.95 - - [14/May/2026:14:08:54 -0400] "GET /tunnel.tomcat.5.jsp HTTP/1.1" 200 178755 "-" "Mozilla/5.0 (Windows NT 10.0; Win64; x64) AppleWebKit/537.36 (KHTML, like Gecko) Chrome/147.0.0.0 Safari/537.36 Edg/147.0.0.0"
38.213.6.95 - - [14/May/2026:14:08:56 -0400] "GET /amax.txt HTTP/1.1" 200 178755 "-" "Mozilla/5.0 (Windows NT 10.0; Win64; x64) AppleWebKit/537.36 (KHTML, like Gecko) Chrome/147.0.0.0 Safari/537.36 Edg/147.0.0.0"
38.213.6.95 - - [14/May/2026:14:08:59 -0400] "GET /readme.txt HTTP/1.1" 403 178755 "-" "Mozilla/5.0 (Windows NT 10.0; Win64; x64) AppleWebKit/537.36 (KHTML, like Gecko) Chrome/147.0.0.0 Safari/537.36 Edg/147.0.0.0"
38.213.6.95 - - [14/May/2026:14:09:01 -0400] "GET /.well-known HTTP/1.1" 301 287 "-" "Mozilla/5.0 (Windows NT 10.0; Win64; x64) AppleWebKit/537.36 (KHTML, like Gecko) Chrome/147.0.0.0 Safari/537.36 Edg/147.0.0.0"
38.213.6.95 - - [14/May/2026:14:09:02 -0400] "GET /.wjpl95qv_mlr.php HTTP/1.1" 200 178754 "-" "Mozilla/5.0 (Windows NT 10.0; Win64; x64) AppleWebKit/537.36 (KHTML, like Gecko) Chrome/147.0.0.0 Safari/537.36 Edg/147.0.0.0"
104.28.161.29 - - [14/May/2026:14:09:04 -0400] "HEAD / HTTP/1.1" 200 - "https://www.megawatt.com.do/" "Mozilla/5.0 (Windows NT 10.0; Win64; x64) AppleWebKit/537.36 (KHTML, like Gecko) Chrome/91.0.4472.124 Safari/537.36"
38.213.6.95 - - [14/May/2026:14:09:04 -0400] "GET /jsfshell.xhtml HTTP/1.1" 200 178755 "-" "Mozilla/5.0 (Windows NT 10.0; Win64; x64) AppleWebKit/537.36 (KHTML, like Gecko) Chrome/147.0.0.0 Safari/537.36 Edg/147.0.0.0"
104.28.161.29 - - [14/May/2026:14:09:09 -0400] "HEAD / HTTP/1.1" 200 - "https://www.megawatt.com.do/" "Mozilla/5.0 (Windows NT 10.0; Win64; x64) AppleWebKit/537.36 (KHTML, like Gecko) Chrome/91.0.4472.124 Safari/537.36"
104.28.161.29 - - [14/May/2026:14:09:12 -0400] "HEAD / HTTP/1.1" 200 - "https://www.megawatt.com.do/" "Mozilla/5.0 (Windows NT 10.0; Win64; x64) AppleWebKit/537.36 (KHTML, like Gecko) Chrome/91.0.4472.124 Safari/537.36"
104.28.161.29 - - [14/May/2026:14:09:16 -0400] "HEAD / HTTP/1.1" 200 - "https://www.megawatt.com.do/" "Mozilla/5.0 (Windows NT 10.0; Win64; x64) AppleWebKit/537.36 (KHTML, like Gecko) Chrome/91.0.4472.124 Safari/537.36"
104.28.161.29 - - [14/May/2026:14:09:27 -0400] "HEAD / HTTP/1.1" 200 - "https://www.megawatt.com.do/" "Mozilla/5.0 (Windows NT 10.0; Win64; x64) AppleWebKit/537.36 (KHTML, like Gecko) Chrome/91.0.4472.124 Safari/537.36"
104.28.161.29 - - [14/May/2026:14:09:30 -0400] "HEAD / HTTP/1.1" 200 - "https://www.megawatt.com.do/" "Mozilla/5.0 (Windows NT 10.0; Win64; x64) AppleWebKit/537.36 (KHTML, like Gecko) Chrome/91.0.4472.124 Safari/537.36"
104.28.161.29 - - [14/May/2026:14:09:42 -0400] "HEAD / HTTP/1.1" 200 - "https://www.megawatt.com.do/" "Mozilla/5.0 (Windows NT 10.0; Win64; x64) AppleWebKit/537.36 (KHTML, like Gecko) Chrome/91.0.4472.124 Safari/537.36"
104.28.161.29 - - [14/May/2026:14:09:47 -0400] "HEAD / HTTP/1.1" 200 - "https://www.megawatt.com.do/" "Mozilla/5.0 (Windows NT 10.0; Win64; x64) AppleWebKit/537.36 (KHTML, like Gecko) Chrome/91.0.4472.124 Safari/537.36"
104.28.161.29 - - [14/May/2026:14:09:57 -0400] "HEAD / HTTP/1.1" 200 - "https://www.megawatt.com.do/" "Mozilla/5.0 (Windows NT 10.0; Win64; x64) AppleWebKit/537.36 (KHTML, like Gecko) Chrome/91.0.4472.124 Safari/537.36"
104.28.161.29 - - [14/May/2026:14:10:30 -0400] "HEAD / HTTP/1.1" 200 - "https://www.megawatt.com.do/" "Mozilla/5.0 (Windows NT 10.0; Win64; x64) AppleWebKit/537.36 (KHTML, like Gecko) Chrome/91.0.4472.124 Safari/537.36"
104.28.161.29 - - [14/May/2026:14:10:43 -0400] "HEAD / HTTP/1.1" 200 - "https://www.megawatt.com.do/" "Mozilla/5.0 (Windows NT 10.0; Win64; x64) AppleWebKit/537.36 (KHTML, like Gecko) Chrome/91.0.4472.124 Safari/537.36"
104.28.161.29 - - [14/May/2026:14:10:55 -0400] "HEAD / HTTP/1.1" 200 - "https://www.megawatt.com.do/" "Mozilla/5.0 (Windows NT 10.0; Win64; x64) AppleWebKit/537.36 (KHTML, like Gecko) Chrome/91.0.4472.124 Safari/537.36"
104.28.161.29 - - [14/May/2026:14:11:04 -0400] "HEAD / HTTP/1.1" 200 - "https://www.megawatt.com.do/" "Mozilla/5.0 (Windows NT 10.0; Win64; x64) AppleWebKit/537.36 (KHTML, like Gecko) Chrome/91.0.4472.124 Safari/537.36"
104.28.161.29 - - [14/May/2026:14:11:06 -0400] "HEAD / HTTP/1.1" 200 - "https://www.megawatt.com.do/" "Mozilla/5.0 (Windows NT 10.0; Win64; x64) AppleWebKit/537.36 (KHTML, like Gecko) Chrome/91.0.4472.124 Safari/537.36"
104.28.161.29 - - [14/May/2026:14:11:08 -0400] "HEAD / HTTP/1.1" 200 - "https://www.megawatt.com.do/" "Mozilla/5.0 (Windows NT 10.0; Win64; x64) AppleWebKit/537.36 (KHTML, like Gecko) Chrome/91.0.4472.124 Safari/537.36"
104.28.161.29 - - [14/May/2026:14:11:14 -0400] "HEAD / HTTP/1.1" 200 - "https://www.megawatt.com.do/" "Mozilla/5.0 (Windows NT 10.0; Win64; x64) AppleWebKit/537.36 (KHTML, like Gecko) Chrome/91.0.4472.124 Safari/537.36"
104.28.161.29 - - [14/May/2026:14:11:19 -0400] "HEAD / HTTP/1.1" 200 - "https://www.megawatt.com.do/" "Mozilla/5.0 (Windows NT 10.0; Win64; x64) AppleWebKit/537.36 (KHTML, like Gecko) Chrome/91.0.4472.124 Safari/537.36"
104.28.161.29 - - [14/May/2026:14:11:21 -0400] "HEAD / HTTP/1.1" 200 - "https://www.megawatt.com.do/" "Mozilla/5.0 (Windows NT 10.0; Win64; x64) AppleWebKit/537.36 (KHTML, like Gecko) Chrome/91.0.4472.124 Safari/537.36"
104.28.161.29 - - [14/May/2026:14:11:24 -0400] "HEAD / HTTP/1.1" 200 - "https://www.megawatt.com.do/" "Mozilla/5.0 (Windows NT 10.0; Win64; x64) AppleWebKit/537.36 (KHTML, like Gecko) Chrome/91.0.4472.124 Safari/537.36"
104.28.161.29 - - [14/May/2026:14:11:31 -0400] "HEAD / HTTP/1.1" 200 - "https://www.megawatt.com.do/" "Mozilla/5.0 (Windows NT 10.0; Win64; x64) AppleWebKit/537.36 (KHTML, like Gecko) Chrome/91.0.4472.124 Safari/537.36"
43.157.142.101 - - [14/May/2026:14:11:34 -0400] "GET /?fileloc=/home/zycomsol/public_html/megawatt.com.do/bsogj.php&path=/home/zycomsol/public_html/megawatt.com.do HTTP/1.1" 200 45557 "-" "Mozilla/5.0 (iPhone; CPU iPhone OS 13_2_3 like Mac OS X) AppleWebKit/605.1.15 (KHTML, like Gecko) Version/13.0.3 Mobile/15E148 Safari/604.1"
104.28.161.29 - - [14/May/2026:14:11:38 -0400] "HEAD / HTTP/1.1" 200 - "https://www.megawatt.com.do/" "Mozilla/5.0 (Windows NT 10.0; Win64; x64) AppleWebKit/537.36 (KHTML, like Gecko) Chrome/91.0.4472.124 Safari/537.36"
104.28.161.29 - - [14/May/2026:14:11:44 -0400] "HEAD / HTTP/1.1" 200 - "https://www.megawatt.com.do/" "Mozilla/5.0 (Windows NT 10.0; Win64; x64) AppleWebKit/537.36 (KHTML, like Gecko) Chrome/91.0.4472.124 Safari/537.36"
104.28.161.29 - - [14/May/2026:14:11:45 -0400] "HEAD / HTTP/1.1" 200 - "https://www.megawatt.com.do/" "Mozilla/5.0 (Windows NT 10.0; Win64; x64) AppleWebKit/537.36 (KHTML, like Gecko) Chrome/91.0.4472.124 Safari/537.36"
104.28.161.29 - - [14/May/2026:14:11:50 -0400] "HEAD / HTTP/1.1" 200 - "https://www.megawatt.com.do/" "Mozilla/5.0 (Windows NT 10.0; Win64; x64) AppleWebKit/537.36 (KHTML, like Gecko) Chrome/91.0.4472.124 Safari/537.36"
43.167.236.228 - - [14/May/2026:14:12:00 -0400] "GET / HTTP/1.1" 200 178755 "-" "Mozilla/5.0 (iPhone; CPU iPhone OS 13_2_3 like Mac OS X) AppleWebKit/605.1.15 (KHTML, like Gecko) Version/13.0.3 Mobile/15E148 Safari/604.1"
104.28.161.29 - - [14/May/2026:14:12:27 -0400] "HEAD / HTTP/1.1" 200 - "https://www.megawatt.com.do/" "Mozilla/5.0 (Windows NT 10.0; Win64; x64) AppleWebKit/537.36 (KHTML, like Gecko) Chrome/91.0.4472.124 Safari/537.36"
104.28.161.29 - - [14/May/2026:14:12:40 -0400] "HEAD / HTTP/1.1" 200 - "https://www.megawatt.com.do/" "Mozilla/5.0 (Windows NT 10.0; Win64; x64) AppleWebKit/537.36 (KHTML, like Gecko) Chrome/91.0.4472.124 Safari/537.36"
104.28.161.29 - - [14/May/2026:14:12:49 -0400] "HEAD / HTTP/1.1" 200 - "https://www.megawatt.com.do/" "Mozilla/5.0 (Windows NT 10.0; Win64; x64) AppleWebKit/537.36 (KHTML, like Gecko) Chrome/91.0.4472.124 Safari/537.36"
104.28.161.29 - - [14/May/2026:14:12:56 -0400] "HEAD / HTTP/1.1" 200 - "https://www.megawatt.com.do/" "Mozilla/5.0 (Windows NT 10.0; Win64; x64) AppleWebKit/537.36 (KHTML, like Gecko) Chrome/91.0.4472.124 Safari/537.36"
104.28.161.29 - - [14/May/2026:14:12:59 -0400] "HEAD / HTTP/1.1" 200 - "https://www.megawatt.com.do/" "Mozilla/5.0 (Windows NT 10.0; Win64; x64) AppleWebKit/537.36 (KHTML, like Gecko) Chrome/91.0.4472.124 Safari/537.36"
104.28.161.29 - - [14/May/2026:14:13:42 -0400] "HEAD / HTTP/1.1" 200 - "https://www.megawatt.com.do/" "Mozilla/5.0 (Windows NT 10.0; Win64; x64) AppleWebKit/537.36 (KHTML, like Gecko) Chrome/91.0.4472.124 Safari/537.36"
104.28.161.29 - - [14/May/2026:14:14:00 -0400] "HEAD / HTTP/1.1" 200 - "https://www.megawatt.com.do/" "Mozilla/5.0 (Windows NT 10.0; Win64; x64) AppleWebKit/537.36 (KHTML, like Gecko) Chrome/91.0.4472.124 Safari/537.36"
104.28.161.29 - - [14/May/2026:14:14:01 -0400] "HEAD / HTTP/1.1" 200 - "https://www.megawatt.com.do/" "Mozilla/5.0 (Windows NT 10.0; Win64; x64) AppleWebKit/537.36 (KHTML, like Gecko) Chrome/91.0.4472.124 Safari/537.36"
104.28.161.29 - - [14/May/2026:14:14:13 -0400] "HEAD / HTTP/1.1" 200 - "https://www.megawatt.com.do/" "Mozilla/5.0 (Windows NT 10.0; Win64; x64) AppleWebKit/537.36 (KHTML, like Gecko) Chrome/91.0.4472.124 Safari/537.36"
104.28.161.29 - - [14/May/2026:14:14:13 -0400] "HEAD / HTTP/1.1" 200 - "https://www.megawatt.com.do/" "Mozilla/5.0 (Windows NT 10.0; Win64; x64) AppleWebKit/537.36 (KHTML, like Gecko) Chrome/91.0.4472.124 Safari/537.36"
104.28.161.29 - - [14/May/2026:14:14:26 -0400] "HEAD / HTTP/1.1" 200 - "https://www.megawatt.com.do/" "Mozilla/5.0 (Windows NT 10.0; Win64; x64) AppleWebKit/537.36 (KHTML, like Gecko) Chrome/91.0.4472.124 Safari/537.36"
104.28.161.29 - - [14/May/2026:14:14:48 -0400] "HEAD / HTTP/1.1" 200 - "https://www.megawatt.com.do/" "Mozilla/5.0 (Windows NT 10.0; Win64; x64) AppleWebKit/537.36 (KHTML, like Gecko) Chrome/91.0.4472.124 Safari/537.36"
104.28.161.29 - - [14/May/2026:14:15:15 -0400] "HEAD / HTTP/1.1" 200 - "https://www.megawatt.com.do/" "Mozilla/5.0 (Windows NT 10.0; Win64; x64) AppleWebKit/537.36 (KHTML, like Gecko) Chrome/91.0.4472.124 Safari/537.36"
104.28.161.29 - - [14/May/2026:14:15:39 -0400] "HEAD / HTTP/1.1" 200 - "https://www.megawatt.com.do/" "Mozilla/5.0 (Windows NT 10.0; Win64; x64) AppleWebKit/537.36 (KHTML, like Gecko) Chrome/91.0.4472.124 Safari/537.36"
104.28.161.29 - - [14/May/2026:14:15:39 -0400] "HEAD / HTTP/1.1" 200 - "https://www.megawatt.com.do/" "Mozilla/5.0 (Windows NT 10.0; Win64; x64) AppleWebKit/537.36 (KHTML, like Gecko) Chrome/91.0.4472.124 Safari/537.36"
104.28.161.29 - - [14/May/2026:14:15:45 -0400] "HEAD / HTTP/1.1" 200 - "https://www.megawatt.com.do/" "Mozilla/5.0 (Windows NT 10.0; Win64; x64) AppleWebKit/537.36 (KHTML, like Gecko) Chrome/91.0.4472.124 Safari/537.36"
104.28.161.29 - - [14/May/2026:14:15:53 -0400] "HEAD / HTTP/1.1" 200 - "https://www.megawatt.com.do/" "Mozilla/5.0 (Windows NT 10.0; Win64; x64) AppleWebKit/537.36 (KHTML, like Gecko) Chrome/91.0.4472.124 Safari/537.36"
104.28.161.29 - - [14/May/2026:14:16:03 -0400] "HEAD / HTTP/1.1" 200 - "https://www.megawatt.com.do/" "Mozilla/5.0 (Windows NT 10.0; Win64; x64) AppleWebKit/537.36 (KHTML, like Gecko) Chrome/91.0.4472.124 Safari/537.36"
104.28.161.29 - - [14/May/2026:14:16:08 -0400] "HEAD / HTTP/1.1" 200 - "https://www.megawatt.com.do/" "Mozilla/5.0 (Windows NT 10.0; Win64; x64) AppleWebKit/537.36 (KHTML, like Gecko) Chrome/91.0.4472.124 Safari/537.36"
104.28.161.29 - - [14/May/2026:14:16:08 -0400] "HEAD / HTTP/1.1" 200 - "https://www.megawatt.com.do/" "Mozilla/5.0 (Windows NT 10.0; Win64; x64) AppleWebKit/537.36 (KHTML, like Gecko) Chrome/91.0.4472.124 Safari/537.36"
104.28.161.29 - - [14/May/2026:14:16:10 -0400] "HEAD / HTTP/1.1" 200 - "https://www.megawatt.com.do/" "Mozilla/5.0 (Windows NT 10.0; Win64; x64) AppleWebKit/537.36 (KHTML, like Gecko) Chrome/91.0.4472.124 Safari/537.36"
104.28.161.29 - - [14/May/2026:14:16:10 -0400] "HEAD / HTTP/1.1" 200 - "https://www.megawatt.com.do/" "Mozilla/5.0 (Windows NT 10.0; Win64; x64) AppleWebKit/537.36 (KHTML, like Gecko) Chrome/91.0.4472.124 Safari/537.36"
104.28.161.29 - - [14/May/2026:14:16:17 -0400] "HEAD / HTTP/1.1" 200 - "https://www.megawatt.com.do/" "Mozilla/5.0 (Windows NT 10.0; Win64; x64) AppleWebKit/537.36 (KHTML, like Gecko) Chrome/91.0.4472.124 Safari/537.36"
104.28.161.29 - - [14/May/2026:14:16:18 -0400] "HEAD / HTTP/1.1" 200 - "https://www.megawatt.com.do/" "Mozilla/5.0 (Windows NT 10.0; Win64; x64) AppleWebKit/537.36 (KHTML, like Gecko) Chrome/91.0.4472.124 Safari/537.36"
104.28.161.29 - - [14/May/2026:14:16:34 -0400] "HEAD / HTTP/1.1" 200 - "https://www.megawatt.com.do/" "Mozilla/5.0 (Windows NT 10.0; Win64; x64) AppleWebKit/537.36 (KHTML, like Gecko) Chrome/91.0.4472.124 Safari/537.36"
104.28.161.29 - - [14/May/2026:14:16:58 -0400] "HEAD / HTTP/1.1" 200 - "https://www.megawatt.com.do/" "Mozilla/5.0 (Windows NT 10.0; Win64; x64) AppleWebKit/537.36 (KHTML, like Gecko) Chrome/91.0.4472.124 Safari/537.36"
104.28.161.29 - - [14/May/2026:14:17:05 -0400] "HEAD / HTTP/1.1" 200 - "https://www.megawatt.com.do/" "Mozilla/5.0 (Windows NT 10.0; Win64; x64) AppleWebKit/537.36 (KHTML, like Gecko) Chrome/91.0.4472.124 Safari/537.36"
104.28.161.29 - - [14/May/2026:14:17:15 -0400] "HEAD / HTTP/1.1" 200 - "https://www.megawatt.com.do/" "Mozilla/5.0 (Windows NT 10.0; Win64; x64) AppleWebKit/537.36 (KHTML, like Gecko) Chrome/91.0.4472.124 Safari/537.36"
104.28.161.29 - - [14/May/2026:14:17:15 -0400] "HEAD / HTTP/1.1" 200 - "https://www.megawatt.com.do/" "Mozilla/5.0 (Windows NT 10.0; Win64; x64) AppleWebKit/537.36 (KHTML, like Gecko) Chrome/91.0.4472.124 Safari/537.36"
104.28.161.29 - - [14/May/2026:14:17:27 -0400] "HEAD / HTTP/1.1" 200 - "https://www.megawatt.com.do/" "Mozilla/5.0 (Windows NT 10.0; Win64; x64) AppleWebKit/537.36 (KHTML, like Gecko) Chrome/91.0.4472.124 Safari/537.36"
104.28.161.29 - - [14/May/2026:14:17:34 -0400] "HEAD / HTTP/1.1" 200 - "https://www.megawatt.com.do/" "Mozilla/5.0 (Windows NT 10.0; Win64; x64) AppleWebKit/537.36 (KHTML, like Gecko) Chrome/91.0.4472.124 Safari/537.36"
104.28.161.29 - - [14/May/2026:14:17:36 -0400] "HEAD / HTTP/1.1" 200 - "https://www.megawatt.com.do/" "Mozilla/5.0 (Windows NT 10.0; Win64; x64) AppleWebKit/537.36 (KHTML, like Gecko) Chrome/91.0.4472.124 Safari/537.36"
104.28.161.29 - - [14/May/2026:14:17:37 -0400] "HEAD / HTTP/1.1" 200 - "https://www.megawatt.com.do/" "Mozilla/5.0 (Windows NT 10.0; Win64; x64) AppleWebKit/537.36 (KHTML, like Gecko) Chrome/91.0.4472.124 Safari/537.36"
104.28.161.29 - - [14/May/2026:14:17:44 -0400] "HEAD / HTTP/1.1" 200 - "https://www.megawatt.com.do/" "Mozilla/5.0 (Windows NT 10.0; Win64; x64) AppleWebKit/537.36 (KHTML, like Gecko) Chrome/91.0.4472.124 Safari/537.36"
104.28.161.29 - - [14/May/2026:14:17:54 -0400] "HEAD / HTTP/1.1" 200 - "https://www.megawatt.com.do/" "Mozilla/5.0 (Windows NT 10.0; Win64; x64) AppleWebKit/537.36 (KHTML, like Gecko) Chrome/91.0.4472.124 Safari/537.36"
104.28.161.29 - - [14/May/2026:14:18:08 -0400] "HEAD / HTTP/1.1" 200 - "https://www.megawatt.com.do/" "Mozilla/5.0 (Windows NT 10.0; Win64; x64) AppleWebKit/537.36 (KHTML, like Gecko) Chrome/91.0.4472.124 Safari/537.36"
174.138.17.91 - - [14/May/2026:14:18:13 -0400] "GET /wp-admin/install.php HTTP/1.1" 200 1322 "-" "Mozilla/5.0 (Macintosh; Intel Mac OS X 10_10_1) AppleWebKit/537.36 (KHTML, like Gecko) Chrome/39.0.2171.95 Safari/537.36"
104.28.161.29 - - [14/May/2026:14:18:16 -0400] "HEAD / HTTP/1.1" 200 - "https://www.megawatt.com.do/" "Mozilla/5.0 (Windows NT 10.0; Win64; x64) AppleWebKit/537.36 (KHTML, like Gecko) Chrome/91.0.4472.124 Safari/537.36"
104.28.161.29 - - [14/May/2026:14:18:24 -0400] "HEAD / HTTP/1.1" 200 - "https://www.megawatt.com.do/" "Mozilla/5.0 (Windows NT 10.0; Win64; x64) AppleWebKit/537.36 (KHTML, like Gecko) Chrome/91.0.4472.124 Safari/537.36"
104.28.161.29 - - [14/May/2026:14:18:35 -0400] "HEAD / HTTP/1.1" 200 - "https://www.megawatt.com.do/" "Mozilla/5.0 (Windows NT 10.0; Win64; x64) AppleWebKit/537.36 (KHTML, like Gecko) Chrome/91.0.4472.124 Safari/537.36"
104.28.161.29 - - [14/May/2026:14:18:39 -0400] "HEAD / HTTP/1.1" 200 - "https://www.megawatt.com.do/" "Mozilla/5.0 (Windows NT 10.0; Win64; x64) AppleWebKit/537.36 (KHTML, like Gecko) Chrome/91.0.4472.124 Safari/537.36"
104.28.161.29 - - [14/May/2026:14:18:40 -0400] "HEAD / HTTP/1.1" 200 - "https://www.megawatt.com.do/" "Mozilla/5.0 (Windows NT 10.0; Win64; x64) AppleWebKit/537.36 (KHTML, like Gecko) Chrome/91.0.4472.124 Safari/537.36"
104.28.161.29 - - [14/May/2026:14:18:50 -0400] "HEAD / HTTP/1.1" 200 - "https://www.megawatt.com.do/" "Mozilla/5.0 (Windows NT 10.0; Win64; x64) AppleWebKit/537.36 (KHTML, like Gecko) Chrome/91.0.4472.124 Safari/537.36"
104.28.161.29 - - [14/May/2026:14:18:57 -0400] "HEAD / HTTP/1.1" 200 - "https://www.megawatt.com.do/" "Mozilla/5.0 (Windows NT 10.0; Win64; x64) AppleWebKit/537.36 (KHTML, like Gecko) Chrome/91.0.4472.124 Safari/537.36"
104.28.161.29 - - [14/May/2026:14:18:59 -0400] "HEAD / HTTP/1.1" 200 - "https://www.megawatt.com.do/" "Mozilla/5.0 (Windows NT 10.0; Win64; x64) AppleWebKit/537.36 (KHTML, like Gecko) Chrome/91.0.4472.124 Safari/537.36"
104.28.161.29 - - [14/May/2026:14:19:04 -0400] "HEAD / HTTP/1.1" 200 - "https://www.megawatt.com.do/" "Mozilla/5.0 (Windows NT 10.0; Win64; x64) AppleWebKit/537.36 (KHTML, like Gecko) Chrome/91.0.4472.124 Safari/537.36"
104.28.161.29 - - [14/May/2026:14:19:05 -0400] "HEAD / HTTP/1.1" 200 - "https://www.megawatt.com.do/" "Mozilla/5.0 (Windows NT 10.0; Win64; x64) AppleWebKit/537.36 (KHTML, like Gecko) Chrome/91.0.4472.124 Safari/537.36"
104.28.161.29 - - [14/May/2026:14:19:22 -0400] "HEAD / HTTP/1.1" 200 - "https://www.megawatt.com.do/" "Mozilla/5.0 (Windows NT 10.0; Win64; x64) AppleWebKit/537.36 (KHTML, like Gecko) Chrome/91.0.4472.124 Safari/537.36"
104.28.161.29 - - [14/May/2026:14:19:48 -0400] "HEAD / HTTP/1.1" 200 - "https://www.megawatt.com.do/" "Mozilla/5.0 (Windows NT 10.0; Win64; x64) AppleWebKit/537.36 (KHTML, like Gecko) Chrome/91.0.4472.124 Safari/537.36"
104.28.161.29 - - [14/May/2026:14:19:49 -0400] "HEAD / HTTP/1.1" 200 - "https://www.megawatt.com.do/" "Mozilla/5.0 (Windows NT 10.0; Win64; x64) AppleWebKit/537.36 (KHTML, like Gecko) Chrome/91.0.4472.124 Safari/537.36"
104.28.161.29 - - [14/May/2026:14:19:50 -0400] "HEAD / HTTP/1.1" 200 - "https://www.megawatt.com.do/" "Mozilla/5.0 (Windows NT 10.0; Win64; x64) AppleWebKit/537.36 (KHTML, like Gecko) Chrome/91.0.4472.124 Safari/537.36"
104.28.161.29 - - [14/May/2026:14:19:51 -0400] "HEAD / HTTP/1.1" 200 - "https://www.megawatt.com.do/" "Mozilla/5.0 (Windows NT 10.0; Win64; x64) AppleWebKit/537.36 (KHTML, like Gecko) Chrome/91.0.4472.124 Safari/537.36"
104.28.161.29 - - [14/May/2026:14:19:54 -0400] "HEAD / HTTP/1.1" 200 - "https://www.megawatt.com.do/" "Mozilla/5.0 (Windows NT 10.0; Win64; x64) AppleWebKit/537.36 (KHTML, like Gecko) Chrome/91.0.4472.124 Safari/537.36"
104.28.161.29 - - [14/May/2026:14:20:01 -0400] "HEAD / HTTP/1.1" 200 - "https://www.megawatt.com.do/" "Mozilla/5.0 (Windows NT 10.0; Win64; x64) AppleWebKit/537.36 (KHTML, like Gecko) Chrome/91.0.4472.124 Safari/537.36"
104.28.161.29 - - [14/May/2026:14:20:07 -0400] "HEAD / HTTP/1.1" 200 - "https://www.megawatt.com.do/" "Mozilla/5.0 (Windows NT 10.0; Win64; x64) AppleWebKit/537.36 (KHTML, like Gecko) Chrome/91.0.4472.124 Safari/537.36"
104.28.161.29 - - [14/May/2026:14:20:13 -0400] "HEAD / HTTP/1.1" 200 - "https://www.megawatt.com.do/" "Mozilla/5.0 (Windows NT 10.0; Win64; x64) AppleWebKit/537.36 (KHTML, like Gecko) Chrome/91.0.4472.124 Safari/537.36"
34.98.143.192 - - [14/May/2026:14:20:13 -0400] "HEAD / HTTP/1.1" 200 - "http://www.megawatt.com.do" "Mozilla/5.0 (Android 13; Mobile; rv:109.0) Gecko/112.0 Firefox/112.0 AppEngine-Google; (+http://code.google.com/appengine; appid: s~virustotalcloud)"
3.21.232.246 - - [14/May/2026:14:20:13 -0400] "GET / HTTP/1.1" 200 178755 "-" "Mozilla/5.0 (Windows NT 10.0; Win64; x64) AppleWebKit/537.36 (KHTML, like Gecko) Chrome/114.0.0.0 Safari/537.36 Edg/114.0.1823.51"
18.218.163.142 - - [14/May/2026:14:20:13 -0400] "GET / HTTP/1.1" 200 178755 "-" "Mozilla/5.0 (Windows NT 10.0; Win64; x64) AppleWebKit/537.36 (KHTML, like Gecko) Chrome/114.0.0.0 Safari/537.36 Edg/114.0.1823.51"
18.118.35.219 - - [14/May/2026:14:20:13 -0400] "GET / HTTP/1.1" 200 178755 "-" "Mozilla/5.0 (Windows NT 10.0; Win64; x64) AppleWebKit/537.36 (KHTML, like Gecko) Chrome/114.0.0.0 Safari/537.36 Edg/114.0.1823.51"
34.98.143.192 - - [14/May/2026:14:20:14 -0400] "GET / HTTP/1.1" 200 178755 "http://www.megawatt.com.do" "Mozilla/5.0 (Android 13; Mobile; rv:109.0) Gecko/112.0 Firefox/112.0 AppEngine-Google; (+http://code.google.com/appengine; appid: s~virustotalcloud)"
104.28.161.29 - - [14/May/2026:14:20:21 -0400] "HEAD / HTTP/1.1" 200 - "https://www.megawatt.com.do/" "Mozilla/5.0 (Windows NT 10.0; Win64; x64) AppleWebKit/537.36 (KHTML, like Gecko) Chrome/91.0.4472.124 Safari/537.36"
159.89.216.7 - - [14/May/2026:14:20:40 -0400] "GET /amax.txt HTTP/1.1" 200 178755 "-" "Mozilla/5.0 (Windows NT 10.0; Win64; x64; rv:150.0) Gecko/20100101 Firefox/150.0"
104.28.161.29 - - [14/May/2026:14:20:43 -0400] "HEAD / HTTP/1.1" 200 - "https://www.megawatt.com.do/" "Mozilla/5.0 (Windows NT 10.0; Win64; x64) AppleWebKit/537.36 (KHTML, like Gecko) Chrome/91.0.4472.124 Safari/537.36"
159.89.216.7 - - [14/May/2026:14:20:54 -0400] "GET /amax.txt HTTP/1.1" 200 178755 "-" "Mozilla/5.0 (iPhone; CPU iPhone OS 18_0_1 like Mac OS X) AppleWebKit/605.1.15 (KHTML, like Gecko) Version/18.0.1 Mobile/15E148 Safari/604.1"
104.28.161.29 - - [14/May/2026:14:20:54 -0400] "HEAD / HTTP/1.1" 200 - "https://www.megawatt.com.do/" "Mozilla/5.0 (Windows NT 10.0; Win64; x64) AppleWebKit/537.36 (KHTML, like Gecko) Chrome/91.0.4472.124 Safari/537.36"
159.89.216.7 - - [14/May/2026:14:20:55 -0400] "GET /si8atnp_170VQLKcC HTTP/1.1" 200 178755 "-" "Mozilla/5.0 (iPhone; CPU iPhone OS 18_0_1 like Mac OS X) AppleWebKit/605.1.15 (KHTML, like Gecko) Version/18.0.1 Mobile/15E148 Safari/604.1"
159.89.216.7 - - [14/May/2026:14:20:57 -0400] "GET /8HpU_WalXVk5HnqqCq HTTP/1.1" 200 178755 "-" "Mozilla/5.0 (iPhone; CPU iPhone OS 18_0_1 like Mac OS X) AppleWebKit/605.1.15 (KHTML, like Gecko) Version/18.0.1 Mobile/15E148 Safari/604.1"
159.89.216.7 - - [14/May/2026:14:20:59 -0400] "GET /HHXxzQ6CBDKYuKYgU_8 HTTP/1.1" 200 178755 "-" "Mozilla/5.0 (iPhone; CPU iPhone OS 18_0_1 like Mac OS X) AppleWebKit/605.1.15 (KHTML, like Gecko) Version/18.0.1 Mobile/15E148 Safari/604.1"
159.89.216.7 - - [14/May/2026:14:21:00 -0400] "GET /error_log HTTP/1.1" 403 178755 "-" "Mozilla/5.0 (iPhone; CPU iPhone OS 18_0_1 like Mac OS X) AppleWebKit/605.1.15 (KHTML, like Gecko) Version/18.0.1 Mobile/15E148 Safari/604.1"
159.89.216.7 - - [14/May/2026:14:21:02 -0400] "GET /home HTTP/1.1" 200 178755 "-" "Mozilla/5.0 (iPhone; CPU iPhone OS 18_0_1 like Mac OS X) AppleWebKit/605.1.15 (KHTML, like Gecko) Version/18.0.1 Mobile/15E148 Safari/604.1"
159.89.216.7 - - [14/May/2026:14:21:03 -0400] "GET /shsspnwyl HTTP/1.1" 200 178755 "-" "Mozilla/5.0 (iPhone; CPU iPhone OS 18_0_1 like Mac OS X) AppleWebKit/605.1.15 (KHTML, like Gecko) Version/18.0.1 Mobile/15E148 Safari/604.1"
104.28.161.29 - - [14/May/2026:14:21:04 -0400] "HEAD / HTTP/1.1" 200 - "https://www.megawatt.com.do/" "Mozilla/5.0 (Windows NT 10.0; Win64; x64) AppleWebKit/537.36 (KHTML, like Gecko) Chrome/91.0.4472.124 Safari/537.36"
104.28.161.29 - - [14/May/2026:14:21:05 -0400] "HEAD / HTTP/1.1" 200 - "https://www.megawatt.com.do/" "Mozilla/5.0 (Windows NT 10.0; Win64; x64) AppleWebKit/537.36 (KHTML, like Gecko) Chrome/91.0.4472.124 Safari/537.36"
159.89.216.7 - - [14/May/2026:14:21:05 -0400] "GET /RwUADWCuzWhWeL3Iy.0.php HTTP/1.1" 200 178755 "-" "Mozilla/5.0 (iPhone; CPU iPhone OS 18_0_1 like Mac OS X) AppleWebKit/605.1.15 (KHTML, like Gecko) Version/18.0.1 Mobile/15E148 Safari/604.1"
159.89.216.7 - - [14/May/2026:14:21:06 -0400] "GET /9iYovqU6oIkdM1sIV8.0.php HTTP/1.1" 200 178755 "-" "Mozilla/5.0 (iPhone; CPU iPhone OS 18_0_1 like Mac OS X) AppleWebKit/605.1.15 (KHTML, like Gecko) Version/18.0.1 Mobile/15E148 Safari/604.1"
159.89.216.7 - - [14/May/2026:14:21:08 -0400] "GET /V_m78_QUYb0g6VMHpPq.0.php HTTP/1.1" 200 178755 "-" "Mozilla/5.0 (iPhone; CPU iPhone OS 18_0_1 like Mac OS X) AppleWebKit/605.1.15 (KHTML, like Gecko) Version/18.0.1 Mobile/15E148 Safari/604.1"
159.89.216.7 - - [14/May/2026:14:21:10 -0400] "GET /alexusMailer_v2.0.php HTTP/1.1" 200 178755 "-" "Mozilla/5.0 (iPhone; CPU iPhone OS 18_0_1 like Mac OS X) AppleWebKit/605.1.15 (KHTML, like Gecko) Version/18.0.1 Mobile/15E148 Safari/604.1"
159.89.216.7 - - [14/May/2026:14:21:11 -0400] "GET /1FIajPU9nk1JbVOPZ.8.php HTTP/1.1" 200 178755 "-" "Mozilla/5.0 (iPhone; CPU iPhone OS 18_0_1 like Mac OS X) AppleWebKit/605.1.15 (KHTML, like Gecko) Version/18.0.1 Mobile/15E148 Safari/604.1"
159.89.216.7 - - [14/May/2026:14:21:13 -0400] "GET /vcXjwHqTpmVFMT9j0p.8.php HTTP/1.1" 200 178754 "-" "Mozilla/5.0 (iPhone; CPU iPhone OS 18_0_1 like Mac OS X) AppleWebKit/605.1.15 (KHTML, like Gecko) Version/18.0.1 Mobile/15E148 Safari/604.1"
159.89.216.7 - - [14/May/2026:14:21:14 -0400] "GET /zImqHhELr6lPJtaMutw.8.php HTTP/1.1" 200 178754 "-" "Mozilla/5.0 (iPhone; CPU iPhone OS 18_0_1 like Mac OS X) AppleWebKit/605.1.15 (KHTML, like Gecko) Version/18.0.1 Mobile/15E148 Safari/604.1"
159.89.216.7 - - [14/May/2026:14:21:16 -0400] "GET /leafmailer2.8.php HTTP/1.1" 200 178754 "-" "Mozilla/5.0 (iPhone; CPU iPhone OS 18_0_1 like Mac OS X) AppleWebKit/605.1.15 (KHTML, like Gecko) Version/18.0.1 Mobile/15E148 Safari/604.1"
159.89.216.7 - - [14/May/2026:14:21:17 -0400] "GET /B4fPHZva8cgUFVp4a.PHP HTTP/1.1" 200 178755 "-" "Mozilla/5.0 (iPhone; CPU iPhone OS 18_0_1 like Mac OS X) AppleWebKit/605.1.15 (KHTML, like Gecko) Version/18.0.1 Mobile/15E148 Safari/604.1"
159.89.216.7 - - [14/May/2026:14:21:19 -0400] "GET /bvrNHjNN1KTuWo9Gs8.PHP HTTP/1.1" 200 178755 "-" "Mozilla/5.0 (iPhone; CPU iPhone OS 18_0_1 like Mac OS X) AppleWebKit/605.1.15 (KHTML, like Gecko) Version/18.0.1 Mobile/15E148 Safari/604.1"
159.89.216.7 - - [14/May/2026:14:21:20 -0400] "GET /imoWsmAzGBsERDjc7Sj.PHP HTTP/1.1" 200 178755 "-" "Mozilla/5.0 (iPhone; CPU iPhone OS 18_0_1 like Mac OS X) AppleWebKit/605.1.15 (KHTML, like Gecko) Version/18.0.1 Mobile/15E148 Safari/604.1"
159.89.216.7 - - [14/May/2026:14:21:22 -0400] "GET /alfa-rex.PHP HTTP/1.1" 200 178755 "-" "Mozilla/5.0 (iPhone; CPU iPhone OS 18_0_1 like Mac OS X) AppleWebKit/605.1.15 (KHTML, like Gecko) Version/18.0.1 Mobile/15E148 Safari/604.1"
159.89.216.7 - - [14/May/2026:14:21:23 -0400] "GET /vyHCIgQZBUbxBjo5U.PhP7 HTTP/1.1" 200 178755 "-" "Mozilla/5.0 (iPhone; CPU iPhone OS 18_0_1 like Mac OS X) AppleWebKit/605.1.15 (KHTML, like Gecko) Version/18.0.1 Mobile/15E148 Safari/604.1"
159.89.216.7 - - [14/May/2026:14:21:25 -0400] "GET /QfPqbYPI5xYxYqa3fb.PhP7 HTTP/1.1" 200 178755 "-" "Mozilla/5.0 (iPhone; CPU iPhone OS 18_0_1 like Mac OS X) AppleWebKit/605.1.15 (KHTML, like Gecko) Version/18.0.1 Mobile/15E148 Safari/604.1"
159.89.216.7 - - [14/May/2026:14:21:26 -0400] "GET /b7y_9lrasOzWD_rYvWW.PhP7 HTTP/1.1" 200 178755 "-" "Mozilla/5.0 (iPhone; CPU iPhone OS 18_0_1 like Mac OS X) AppleWebKit/605.1.15 (KHTML, like Gecko) Version/18.0.1 Mobile/15E148 Safari/604.1"
159.89.216.7 - - [14/May/2026:14:21:28 -0400] "GET /randkeyword.PhP7 HTTP/1.1" 200 178755 "-" "Mozilla/5.0 (iPhone; CPU iPhone OS 18_0_1 like Mac OS X) AppleWebKit/605.1.15 (KHTML, like Gecko) Version/18.0.1 Mobile/15E148 Safari/604.1"
159.89.216.7 - - [14/May/2026:14:21:30 -0400] "GET /alfa-rex.PhP7 HTTP/1.1" 200 178755 "-" "Mozilla/5.0 (iPhone; CPU iPhone OS 18_0_1 like Mac OS X) AppleWebKit/605.1.15 (KHTML, like Gecko) Version/18.0.1 Mobile/15E148 Safari/604.1"
159.89.216.7 - - [14/May/2026:14:21:31 -0400] "GET /m.PhP7 HTTP/1.1" 200 178755 "-" "Mozilla/5.0 (iPhone; CPU iPhone OS 18_0_1 like Mac OS X) AppleWebKit/605.1.15 (KHTML, like Gecko) Version/18.0.1 Mobile/15E148 Safari/604.1"
159.89.216.7 - - [14/May/2026:14:21:33 -0400] "GET /rcs.PhP7 HTTP/1.1" 200 178755 "-" "Mozilla/5.0 (iPhone; CPU iPhone OS 18_0_1 like Mac OS X) AppleWebKit/605.1.15 (KHTML, like Gecko) Version/18.0.1 Mobile/15E148 Safari/604.1"
159.89.216.7 - - [14/May/2026:14:21:34 -0400] "GET /GNvy9ykCDEbq4HBEL.api.php HTTP/1.1" 200 178755 "-" "Mozilla/5.0 (iPhone; CPU iPhone OS 18_0_1 like Mac OS X) AppleWebKit/605.1.15 (KHTML, like Gecko) Version/18.0.1 Mobile/15E148 Safari/604.1"
159.89.216.7 - - [14/May/2026:14:21:36 -0400] "GET /K5Z7lHlMv_9FQIKG3L.api.php HTTP/1.1" 200 178755 "-" "Mozilla/5.0 (iPhone; CPU iPhone OS 18_0_1 like Mac OS X) AppleWebKit/605.1.15 (KHTML, like Gecko) Version/18.0.1 Mobile/15E148 Safari/604.1"
159.89.216.7 - - [14/May/2026:14:21:38 -0400] "GET /SKF3PyPheCxwCkjTgPa.api.php HTTP/1.1" 200 178755 "-" "Mozilla/5.0 (iPhone; CPU iPhone OS 18_0_1 like Mac OS X) AppleWebKit/605.1.15 (KHTML, like Gecko) Version/18.0.1 Mobile/15E148 Safari/604.1"
159.89.216.7 - - [14/May/2026:14:21:39 -0400] "GET /class.api.php HTTP/1.1" 200 178755 "-" "Mozilla/5.0 (iPhone; CPU iPhone OS 18_0_1 like Mac OS X) AppleWebKit/605.1.15 (KHTML, like Gecko) Version/18.0.1 Mobile/15E148 Safari/604.1"
159.89.216.7 - - [14/May/2026:14:21:41 -0400] "GET /kl0dWotPNdZhgwR6H.ashx HTTP/1.1" 200 178755 "-" "Mozilla/5.0 (iPhone; CPU iPhone OS 18_0_1 like Mac OS X) AppleWebKit/605.1.15 (KHTML, like Gecko) Version/18.0.1 Mobile/15E148 Safari/604.1"
159.89.216.7 - - [14/May/2026:14:21:42 -0400] "GET /SswVTexylOEg2a4s6y.ashx HTTP/1.1" 200 178755 "-" "Mozilla/5.0 (iPhone; CPU iPhone OS 18_0_1 like Mac OS X) AppleWebKit/605.1.15 (KHTML, like Gecko) Version/18.0.1 Mobile/15E148 Safari/604.1"
159.89.216.7 - - [14/May/2026:14:21:44 -0400] "GET /QaG7OZrCmpwnfe62Ygc.ashx HTTP/1.1" 200 178755 "-" "Mozilla/5.0 (iPhone; CPU iPhone OS 18_0_1 like Mac OS X) AppleWebKit/605.1.15 (KHTML, like Gecko) Version/18.0.1 Mobile/15E148 Safari/604.1"
104.28.161.29 - - [14/May/2026:14:21:45 -0400] "HEAD / HTTP/1.1" 200 - "https://www.megawatt.com.do/" "Mozilla/5.0 (Windows NT 10.0; Win64; x64) AppleWebKit/537.36 (KHTML, like Gecko) Chrome/91.0.4472.124 Safari/537.36"
159.89.216.7 - - [14/May/2026:14:21:45 -0400] "GET /tunnel.ashx HTTP/1.1" 200 178755 "-" "Mozilla/5.0 (iPhone; CPU iPhone OS 18_0_1 like Mac OS X) AppleWebKit/605.1.15 (KHTML, like Gecko) Version/18.0.1 Mobile/15E148 Safari/604.1"
159.89.216.7 - - [14/May/2026:14:21:47 -0400] "GET /4xvuYPnyng3KvbdgP.aspx HTTP/1.1" 200 178755 "-" "Mozilla/5.0 (iPhone; CPU iPhone OS 18_0_1 like Mac OS X) AppleWebKit/605.1.15 (KHTML, like Gecko) Version/18.0.1 Mobile/15E148 Safari/604.1"
159.89.216.7 - - [14/May/2026:14:21:48 -0400] "GET /ME6qiQ52IUbC8hRwUW.aspx HTTP/1.1" 200 178755 "-" "Mozilla/5.0 (iPhone; CPU iPhone OS 18_0_1 like Mac OS X) AppleWebKit/605.1.15 (KHTML, like Gecko) Version/18.0.1 Mobile/15E148 Safari/604.1"
104.28.161.29 - - [14/May/2026:14:21:49 -0400] "HEAD / HTTP/1.1" 200 - "https://www.megawatt.com.do/" "Mozilla/5.0 (Windows NT 10.0; Win64; x64) AppleWebKit/537.36 (KHTML, like Gecko) Chrome/91.0.4472.124 Safari/537.36"
159.89.216.7 - - [14/May/2026:14:21:50 -0400] "GET /GJmxevqzikWFKneU9fY.aspx HTTP/1.1" 200 178755 "-" "Mozilla/5.0 (iPhone; CPU iPhone OS 18_0_1 like Mac OS X) AppleWebKit/605.1.15 (KHTML, like Gecko) Version/18.0.1 Mobile/15E148 Safari/604.1"
159.89.216.7 - - [14/May/2026:14:21:51 -0400] "GET /msok.aspx HTTP/1.1" 200 178755 "-" "Mozilla/5.0 (iPhone; CPU iPhone OS 18_0_1 like Mac OS X) AppleWebKit/605.1.15 (KHTML, like Gecko) Version/18.0.1 Mobile/15E148 Safari/604.1"
159.89.216.7 - - [14/May/2026:14:21:53 -0400] "GET /Caterpillar.aspx HTTP/1.1" 200 178754 "-" "Mozilla/5.0 (iPhone; CPU iPhone OS 18_0_1 like Mac OS X) AppleWebKit/605.1.15 (KHTML, like Gecko) Version/18.0.1 Mobile/15E148 Safari/604.1"
159.89.216.7 - - [14/May/2026:14:21:54 -0400] "GET /tunnel.aspx HTTP/1.1" 200 178754 "-" "Mozilla/5.0 (iPhone; CPU iPhone OS 18_0_1 like Mac OS X) AppleWebKit/605.1.15 (KHTML, like Gecko) Version/18.0.1 Mobile/15E148 Safari/604.1"
159.89.216.7 - - [14/May/2026:14:21:56 -0400] "GET /iisstart.aspx HTTP/1.1" 200 178754 "-" "Mozilla/5.0 (iPhone; CPU iPhone OS 18_0_1 like Mac OS X) AppleWebKit/605.1.15 (KHTML, like Gecko) Version/18.0.1 Mobile/15E148 Safari/604.1"
159.89.216.7 - - [14/May/2026:14:21:57 -0400] "GET /CXCbT_3ORfgffWUFh.class.php HTTP/1.1" 200 178755 "-" "Mozilla/5.0 (iPhone; CPU iPhone OS 18_0_1 like Mac OS X) AppleWebKit/605.1.15 (KHTML, like Gecko) Version/18.0.1 Mobile/15E148 Safari/604.1"
159.89.216.7 - - [14/May/2026:14:21:59 -0400] "GET /Mdfpal8LhLidam_4ZZ.class.php HTTP/1.1" 200 178755 "-" "Mozilla/5.0 (iPhone; CPU iPhone OS 18_0_1 like Mac OS X) AppleWebKit/605.1.15 (KHTML, like Gecko) Version/18.0.1 Mobile/15E148 Safari/604.1"
159.89.216.7 - - [14/May/2026:14:22:01 -0400] "GET /o55_AeXNbji7mVUNLcY.class.php HTTP/1.1" 200 178755 "-" "Mozilla/5.0 (iPhone; CPU iPhone OS 18_0_1 like Mac OS X) AppleWebKit/605.1.15 (KHTML, like Gecko) Version/18.0.1 Mobile/15E148 Safari/604.1"
159.89.216.7 - - [14/May/2026:14:22:02 -0400] "GET /news_parser.class.php HTTP/1.1" 200 178755 "-" "Mozilla/5.0 (iPhone; CPU iPhone OS 18_0_1 like Mac OS X) AppleWebKit/605.1.15 (KHTML, like Gecko) Version/18.0.1 Mobile/15E148 Safari/604.1"
104.28.161.29 - - [14/May/2026:14:22:03 -0400] "HEAD / HTTP/1.1" 200 - "https://www.megawatt.com.do/" "Mozilla/5.0 (Windows NT 10.0; Win64; x64) AppleWebKit/537.36 (KHTML, like Gecko) Chrome/91.0.4472.124 Safari/537.36"
159.89.216.7 - - [14/May/2026:14:22:04 -0400] "GET /2diaeE0MO8RMz_wBP.do HTTP/1.1" 200 178755 "-" "Mozilla/5.0 (iPhone; CPU iPhone OS 18_0_1 like Mac OS X) AppleWebKit/605.1.15 (KHTML, like Gecko) Version/18.0.1 Mobile/15E148 Safari/604.1"
159.89.216.7 - - [14/May/2026:14:22:06 -0400] "GET /V0SKmbtdhD7fndUl3z.do HTTP/1.1" 200 178755 "-" "Mozilla/5.0 (iPhone; CPU iPhone OS 18_0_1 like Mac OS X) AppleWebKit/605.1.15 (KHTML, like Gecko) Version/18.0.1 Mobile/15E148 Safari/604.1"
159.89.216.7 - - [14/May/2026:14:22:07 -0400] "GET /g388oLmp3aFtk8BLnEo.do HTTP/1.1" 200 178755 "-" "Mozilla/5.0 (iPhone; CPU iPhone OS 18_0_1 like Mac OS X) AppleWebKit/605.1.15 (KHTML, like Gecko) Version/18.0.1 Mobile/15E148 Safari/604.1"
159.89.216.7 - - [14/May/2026:14:22:09 -0400] "GET /DownloadDocStepsAction.do HTTP/1.1" 200 178755 "-" "Mozilla/5.0 (iPhone; CPU iPhone OS 18_0_1 like Mac OS X) AppleWebKit/605.1.15 (KHTML, like Gecko) Version/18.0.1 Mobile/15E148 Safari/604.1"
159.89.216.7 - - [14/May/2026:14:22:10 -0400] "GET /userLoginAction.do HTTP/1.1" 200 178755 "-" "Mozilla/5.0 (iPhone; CPU iPhone OS 18_0_1 like Mac OS X) AppleWebKit/605.1.15 (KHTML, like Gecko) Version/18.0.1 Mobile/15E148 Safari/604.1"
159.89.216.7 - - [14/May/2026:14:22:12 -0400] "GET /MLCGZ3D5ZMWqc7MeC.htaccess HTTP/1.1" 200 178755 "-" "Mozilla/5.0 (iPhone; CPU iPhone OS 18_0_1 like Mac OS X) AppleWebKit/605.1.15 (KHTML, like Gecko) Version/18.0.1 Mobile/15E148 Safari/604.1"
159.89.216.7 - - [14/May/2026:14:22:13 -0400] "GET /azsPkkQ64hQB6nNVJK.htaccess HTTP/1.1" 200 178755 "-" "Mozilla/5.0 (iPhone; CPU iPhone OS 18_0_1 like Mac OS X) AppleWebKit/605.1.15 (KHTML, like Gecko) Version/18.0.1 Mobile/15E148 Safari/604.1"
159.89.216.7 - - [14/May/2026:14:22:15 -0400] "GET /lHRFmta36khVEBX7K5r.htaccess HTTP/1.1" 200 178755 "-" "Mozilla/5.0 (iPhone; CPU iPhone OS 18_0_1 like Mac OS X) AppleWebKit/605.1.15 (KHTML, like Gecko) Version/18.0.1 Mobile/15E148 Safari/604.1"
159.89.216.7 - - [14/May/2026:14:22:16 -0400] "GET /.htaccess HTTP/1.1" 403 178755 "-" "Mozilla/5.0 (iPhone; CPU iPhone OS 18_0_1 like Mac OS X) AppleWebKit/605.1.15 (KHTML, like Gecko) Version/18.0.1 Mobile/15E148 Safari/604.1"
159.89.216.7 - - [14/May/2026:14:22:18 -0400] "GET /ufpqX_1QryUhA0XKE.html HTTP/1.1" 200 178755 "-" "Mozilla/5.0 (iPhone; CPU iPhone OS 18_0_1 like Mac OS X) AppleWebKit/605.1.15 (KHTML, like Gecko) Version/18.0.1 Mobile/15E148 Safari/604.1"
159.89.216.7 - - [14/May/2026:14:22:19 -0400] "GET /vvfaMMu8jJ7U6bKEqR.html HTTP/1.1" 200 178755 "-" "Mozilla/5.0 (iPhone; CPU iPhone OS 18_0_1 like Mac OS X) AppleWebKit/605.1.15 (KHTML, like Gecko) Version/18.0.1 Mobile/15E148 Safari/604.1"
159.89.216.7 - - [14/May/2026:14:22:21 -0400] "GET /jNZnR6Z3EzoMJlXPACo.html HTTP/1.1" 200 178755 "-" "Mozilla/5.0 (iPhone; CPU iPhone OS 18_0_1 like Mac OS X) AppleWebKit/605.1.15 (KHTML, like Gecko) Version/18.0.1 Mobile/15E148 Safari/604.1"
159.89.216.7 - - [14/May/2026:14:22:23 -0400] "GET /index.html HTTP/1.1" 200 178755 "-" "Mozilla/5.0 (iPhone; CPU iPhone OS 18_0_1 like Mac OS X) AppleWebKit/605.1.15 (KHTML, like Gecko) Version/18.0.1 Mobile/15E148 Safari/604.1"
159.89.216.7 - - [14/May/2026:14:22:24 -0400] "GET /readme.html HTTP/1.1" 403 178755 "-" "Mozilla/5.0 (iPhone; CPU iPhone OS 18_0_1 like Mac OS X) AppleWebKit/605.1.15 (KHTML, like Gecko) Version/18.0.1 Mobile/15E148 Safari/604.1"
159.89.216.7 - - [14/May/2026:14:22:26 -0400] "GET /cloud.html HTTP/1.1" 200 178755 "-" "Mozilla/5.0 (iPhone; CPU iPhone OS 18_0_1 like Mac OS X) AppleWebKit/605.1.15 (KHTML, like Gecko) Version/18.0.1 Mobile/15E148 Safari/604.1"
159.89.216.7 - - [14/May/2026:14:22:27 -0400] "GET /403.html HTTP/1.1" 200 178755 "-" "Mozilla/5.0 (iPhone; CPU iPhone OS 18_0_1 like Mac OS X) AppleWebKit/605.1.15 (KHTML, like Gecko) Version/18.0.1 Mobile/15E148 Safari/604.1"
159.89.216.7 - - [14/May/2026:14:22:29 -0400] "GET /footer.html HTTP/1.1" 200 178755 "-" "Mozilla/5.0 (iPhone; CPU iPhone OS 18_0_1 like Mac OS X) AppleWebKit/605.1.15 (KHTML, like Gecko) Version/18.0.1 Mobile/15E148 Safari/604.1"
104.28.161.29 - - [14/May/2026:14:22:30 -0400] "HEAD / HTTP/1.1" 200 - "https://www.megawatt.com.do/" "Mozilla/5.0 (Windows NT 10.0; Win64; x64) AppleWebKit/537.36 (KHTML, like Gecko) Chrome/91.0.4472.124 Safari/537.36"
159.89.216.7 - - [14/May/2026:14:22:30 -0400] "GET /42DuAMLBKfbMuQ7Nv.js HTTP/1.1" 200 178755 "-" "Mozilla/5.0 (iPhone; CPU iPhone OS 18_0_1 like Mac OS X) AppleWebKit/605.1.15 (KHTML, like Gecko) Version/18.0.1 Mobile/15E148 Safari/604.1"
159.89.216.7 - - [14/May/2026:14:22:32 -0400] "GET /IcF7s76p8JJ6RhbW2D.js HTTP/1.1" 200 178755 "-" "Mozilla/5.0 (iPhone; CPU iPhone OS 18_0_1 like Mac OS X) AppleWebKit/605.1.15 (KHTML, like Gecko) Version/18.0.1 Mobile/15E148 Safari/604.1"
159.89.216.7 - - [14/May/2026:14:22:33 -0400] "GET /WDHQ5MtahxkXEfKxbvT.js HTTP/1.1" 200 178754 "-" "Mozilla/5.0 (iPhone; CPU iPhone OS 18_0_1 like Mac OS X) AppleWebKit/605.1.15 (KHTML, like Gecko) Version/18.0.1 Mobile/15E148 Safari/604.1"
159.89.216.7 - - [14/May/2026:14:22:35 -0400] "GET /tunnel.js HTTP/1.1" 200 178754 "-" "Mozilla/5.0 (iPhone; CPU iPhone OS 18_0_1 like Mac OS X) AppleWebKit/605.1.15 (KHTML, like Gecko) Version/18.0.1 Mobile/15E148 Safari/604.1"
104.28.161.29 - - [14/May/2026:14:22:35 -0400] "HEAD / HTTP/1.1" 200 - "https://www.megawatt.com.do/" "Mozilla/5.0 (Windows NT 10.0; Win64; x64) AppleWebKit/537.36 (KHTML, like Gecko) Chrome/91.0.4472.124 Safari/537.36"
159.89.216.7 - - [14/May/2026:14:22:36 -0400] "GET /vYwHygosJdDPZHx80.jsp HTTP/1.1" 200 178755 "-" "Mozilla/5.0 (iPhone; CPU iPhone OS 18_0_1 like Mac OS X) AppleWebKit/605.1.15 (KHTML, like Gecko) Version/18.0.1 Mobile/15E148 Safari/604.1"
