104.28.161.29 - - [14/May/2026:12:31:33 -0400] "GET /wp-admin/theme-install.php?tab=upload HTTP/1.1" 200 177195 "https://www.google.com/" "Mozilla/5.0 (Windows NT 10.0; Win64; x64) AppleWebKit/537.36 (KHTML, like Gecko) Chrome/91.0.4472.124 Safari/537.36"
104.28.161.29 - - [14/May/2026:12:31:54 -0400] "HEAD / HTTP/1.1" 200 - "https://www.megawatt.com.do/" "Mozilla/5.0 (Windows NT 10.0; Win64; x64) AppleWebKit/537.36 (KHTML, like Gecko) Chrome/91.0.4472.124 Safari/537.36"
104.28.161.29 - - [14/May/2026:12:31:56 -0400] "POST /wp-login.php HTTP/1.1" 200 178755 "https://www.google.com/" "Mozilla/5.0 (Windows NT 10.0; Win64; x64) AppleWebKit/537.36 (KHTML, like Gecko) Chrome/91.0.4472.124 Safari/537.36"
159.89.216.7 - - [14/May/2026:12:32:03 -0400] "GET /favicon.ico HTTP/1.1" 200 178755 "-" "Mozilla/5.0 (Linux; Android 10; K) AppleWebKit/537.36 (KHTML, like Gecko) Chrome/145.0.0.0 Mobile Safari/537.36"
104.28.161.29 - - [14/May/2026:12:32:04 -0400] "GET /wp-admin/ HTTP/1.1" 200 177195 "-" "Mozilla/5.0 (Windows NT 10.0; Win64; x64) AppleWebKit/537.36 (KHTML, like Gecko) Chrome/133.0.0.0 Safari/537.36"
104.28.161.29 - - [14/May/2026:12:32:06 -0400] "GET /wp-admin/plugin-install.php HTTP/1.1" 200 177195 "-" "Mozilla/5.0 (Windows NT 10.0; Win64; x64) AppleWebKit/537.36 (KHTML, like Gecko) Chrome/133.0.0.0 Safari/537.36"
104.28.161.29 - - [14/May/2026:12:32:07 -0400] "POST /wp-login.php HTTP/1.1" 200 178755 "http://www.megawatt.com.do/wp-admin/" "Mozilla/5.0 (Windows NT 10.0; Win64; x64) AppleWebKit/537.36 (KHTML, like Gecko) Chrome/90.0.4430.85 Safari/537.36"
104.28.161.29 - - [14/May/2026:12:32:08 -0400] "HEAD / HTTP/1.1" 200 - "https://www.megawatt.com.do/" "Mozilla/5.0 (Windows NT 10.0; Win64; x64) AppleWebKit/537.36 (KHTML, like Gecko) Chrome/91.0.4472.124 Safari/537.36"
104.28.161.29 - - [14/May/2026:12:32:08 -0400] "POST /wp-admin/admin-ajax.php HTTP/1.1" 200 176561 "http://www.megawatt.com.do/wp-admin/plugin-editor.php" "Mozilla/5.0 (Windows NT 10.0; Win64; x64) AppleWebKit/537.36 (KHTML, like Gecko) Chrome/138.0.0.0 Safari/537.36"
104.28.161.29 - - [14/May/2026:12:32:09 -0400] "GET /wp-admin/ HTTP/1.1" 200 177195 "https://www.google.com/" "Mozilla/5.0 (Windows NT 10.0; Win64; x64) AppleWebKit/537.36 (KHTML, like Gecko) Chrome/91.0.4472.124 Safari/537.36"
104.28.161.29 - - [14/May/2026:12:32:10 -0400] "GET /wp-admin/plugin-editor.php HTTP/1.1" 200 177195 "http://www.megawatt.com.do/wp-admin/plugin-editor.php" "Mozilla/5.0 (Windows NT 10.0; Win64; x64) AppleWebKit/537.36 (KHTML, like Gecko) Chrome/138.0.0.0 Safari/537.36"
104.28.161.29 - - [14/May/2026:12:32:11 -0400] "HEAD / HTTP/1.1" 200 - "https://www.megawatt.com.do/" "Mozilla/5.0 (Windows NT 10.0; Win64; x64) AppleWebKit/537.36 (KHTML, like Gecko) Chrome/91.0.4472.124 Safari/537.36"
104.28.161.29 - - [14/May/2026:12:32:11 -0400] "GET /wp-admin/plugin-install.php?tab=upload HTTP/1.1" 200 177195 "https://www.google.com/" "Mozilla/5.0 (Windows NT 10.0; Win64; x64) AppleWebKit/537.36 (KHTML, like Gecko) Chrome/91.0.4472.124 Safari/537.36"
104.28.161.29 - - [14/May/2026:12:32:12 -0400] "GET /wp-admin/ HTTP/1.1" 200 177195 "-" "Mozilla/5.0 (Windows NT 10.0; Win64; x64) AppleWebKit/537.36 (KHTML, like Gecko) Chrome/133.0.0.0 Safari/537.36"
104.28.161.29 - - [14/May/2026:12:32:13 -0400] "HEAD / HTTP/1.1" 200 - "https://www.megawatt.com.do/" "Mozilla/5.0 (Windows NT 10.0; Win64; x64) AppleWebKit/537.36 (KHTML, like Gecko) Chrome/91.0.4472.124 Safari/537.36"
104.28.161.29 - - [14/May/2026:12:32:15 -0400] "GET /wp-admin/plugin-install.php HTTP/1.1" 200 177195 "-" "Mozilla/5.0 (Windows NT 10.0; Win64; x64) AppleWebKit/537.36 (KHTML, like Gecko) Chrome/133.0.0.0 Safari/537.36"
104.28.161.29 - - [14/May/2026:12:32:17 -0400] "GET /wp-admin/theme-install.php?tab=upload HTTP/1.1" 200 177195 "https://www.google.com/" "Mozilla/5.0 (Windows NT 10.0; Win64; x64) AppleWebKit/537.36 (KHTML, like Gecko) Chrome/91.0.4472.124 Safari/537.36"
104.28.161.29 - - [14/May/2026:12:32:18 -0400] "GET /wp-admin/ HTTP/1.1" 200 177195 "-" "Mozilla/5.0 (Windows NT 10.0; Win64; x64) AppleWebKit/537.36 (KHTML, like Gecko) Chrome/133.0.0.0 Safari/537.36"
104.28.161.29 - - [14/May/2026:12:32:20 -0400] "HEAD / HTTP/1.1" 200 - "https://www.megawatt.com.do/" "Mozilla/5.0 (Windows NT 10.0; Win64; x64) AppleWebKit/537.36 (KHTML, like Gecko) Chrome/91.0.4472.124 Safari/537.36"
104.28.161.29 - - [14/May/2026:12:32:21 -0400] "GET /wp-admin/plugin-install.php HTTP/1.1" 200 177195 "-" "Mozilla/5.0 (Windows NT 10.0; Win64; x64) AppleWebKit/537.36 (KHTML, like Gecko) Chrome/133.0.0.0 Safari/537.36"
104.28.161.29 - - [14/May/2026:12:32:23 -0400] "POST /wp-admin/admin-ajax.php HTTP/1.1" 200 176561 "http://www.megawatt.com.do/wp-admin/plugin-editor.php" "Mozilla/5.0 (Windows NT 10.0; Win64; x64) AppleWebKit/537.36 (KHTML, like Gecko) Chrome/138.0.0.0 Safari/537.36"
159.89.216.7 - - [14/May/2026:12:32:24 -0400] "GET / HTTP/1.1" 200 178755 "-" "Mozilla/5.0 (Linux; Android 10; K) AppleWebKit/537.36 (KHTML, like Gecko) Chrome/146.0.0.0 Mobile Safari/537.36"
104.28.161.29 - - [14/May/2026:12:32:25 -0400] "GET /wp-admin/plugin-editor.php HTTP/1.1" 200 177195 "http://www.megawatt.com.do/wp-admin/plugin-editor.php" "Mozilla/5.0 (Windows NT 10.0; Win64; x64) AppleWebKit/537.36 (KHTML, like Gecko) Chrome/138.0.0.0 Safari/537.36"
159.89.216.7 - - [14/May/2026:12:32:25 -0400] "GET /7UIVkidIzjHPOAdb8 HTTP/1.1" 200 178755 "-" "Mozilla/5.0 (Linux; Android 10; K) AppleWebKit/537.36 (KHTML, like Gecko) Chrome/146.0.0.0 Mobile Safari/537.36"
104.28.161.29 - - [14/May/2026:12:32:26 -0400] "HEAD / HTTP/1.1" 200 - "https://www.megawatt.com.do/" "Mozilla/5.0 (Windows NT 10.0; Win64; x64) AppleWebKit/537.36 (KHTML, like Gecko) Chrome/91.0.4472.124 Safari/537.36"
104.28.161.29 - - [14/May/2026:12:32:26 -0400] "HEAD / HTTP/1.1" 200 - "https://www.megawatt.com.do/" "Mozilla/5.0 (Windows NT 10.0; Win64; x64) AppleWebKit/537.36 (KHTML, like Gecko) Chrome/91.0.4472.124 Safari/537.36"
159.89.216.7 - - [14/May/2026:12:32:27 -0400] "GET /JV0nWxMplA4Slwpx_z HTTP/1.1" 200 178755 "-" "Mozilla/5.0 (Linux; Android 10; K) AppleWebKit/537.36 (KHTML, like Gecko) Chrome/146.0.0.0 Mobile Safari/537.36"
159.89.216.7 - - [14/May/2026:12:32:28 -0400] "GET /TCoYXE1S0LACnNobu_I HTTP/1.1" 200 178755 "-" "Mozilla/5.0 (Linux; Android 10; K) AppleWebKit/537.36 (KHTML, like Gecko) Chrome/146.0.0.0 Mobile Safari/537.36"
159.89.216.7 - - [14/May/2026:12:32:30 -0400] "GET /error_log HTTP/1.1" 403 178755 "-" "Mozilla/5.0 (Linux; Android 10; K) AppleWebKit/537.36 (KHTML, like Gecko) Chrome/146.0.0.0 Mobile Safari/537.36"
159.89.216.7 - - [14/May/2026:12:32:32 -0400] "GET /home HTTP/1.1" 200 178755 "-" "Mozilla/5.0 (Linux; Android 10; K) AppleWebKit/537.36 (KHTML, like Gecko) Chrome/146.0.0.0 Mobile Safari/537.36"
104.28.161.29 - - [14/May/2026:12:32:32 -0400] "HEAD / HTTP/1.1" 200 - "https://www.megawatt.com.do/" "Mozilla/5.0 (Windows NT 10.0; Win64; x64) AppleWebKit/537.36 (KHTML, like Gecko) Chrome/91.0.4472.124 Safari/537.36"
159.89.216.7 - - [14/May/2026:12:32:33 -0400] "GET /shsspnwyl HTTP/1.1" 200 178755 "-" "Mozilla/5.0 (Linux; Android 10; K) AppleWebKit/537.36 (KHTML, like Gecko) Chrome/146.0.0.0 Mobile Safari/537.36"
159.89.216.7 - - [14/May/2026:12:32:35 -0400] "GET /_jAHwTPNrSAXAvNhE.0.php HTTP/1.1" 200 178755 "-" "Mozilla/5.0 (Linux; Android 10; K) AppleWebKit/537.36 (KHTML, like Gecko) Chrome/146.0.0.0 Mobile Safari/537.36"
104.28.161.29 - - [14/May/2026:12:32:36 -0400] "HEAD / HTTP/1.1" 200 - "https://www.megawatt.com.do/" "Mozilla/5.0 (Windows NT 10.0; Win64; x64) AppleWebKit/537.36 (KHTML, like Gecko) Chrome/91.0.4472.124 Safari/537.36"
159.89.216.7 - - [14/May/2026:12:32:36 -0400] "GET /OoMutmv9Fs42sdW0qh.0.php HTTP/1.1" 200 178755 "-" "Mozilla/5.0 (Linux; Android 10; K) AppleWebKit/537.36 (KHTML, like Gecko) Chrome/146.0.0.0 Mobile Safari/537.36"
159.89.216.7 - - [14/May/2026:12:32:38 -0400] "GET /2e3li9xjbEVdUhEzj2S.0.php HTTP/1.1" 200 178755 "-" "Mozilla/5.0 (Linux; Android 10; K) AppleWebKit/537.36 (KHTML, like Gecko) Chrome/146.0.0.0 Mobile Safari/537.36"
159.89.216.7 - - [14/May/2026:12:32:40 -0400] "GET /alexusMailer_v2.0.php HTTP/1.1" 200 178755 "-" "Mozilla/5.0 (Linux; Android 10; K) AppleWebKit/537.36 (KHTML, like Gecko) Chrome/146.0.0.0 Mobile Safari/537.36"
43.133.66.51 - - [14/May/2026:12:32:40 -0400] "GET /?fileloc=/home/zycomsol/public_html/megawatt.com.do/gjblt.php&path=/home/zycomsol/public_html/megawatt.com.do HTTP/1.1" 200 45557 "-" "Mozilla/5.0 (iPhone; CPU iPhone OS 13_2_3 like Mac OS X) AppleWebKit/605.1.15 (KHTML, like Gecko) Version/13.0.3 Mobile/15E148 Safari/604.1"
159.89.216.7 - - [14/May/2026:12:32:41 -0400] "GET /dg4qB4H5PQY2fAlIl.8.php HTTP/1.1" 200 178755 "-" "Mozilla/5.0 (Linux; Android 10; K) AppleWebKit/537.36 (KHTML, like Gecko) Chrome/146.0.0.0 Mobile Safari/537.36"
159.89.216.7 - - [14/May/2026:12:32:43 -0400] "GET /dLWz7gnCYLuRmCH6O3.8.php HTTP/1.1" 200 178755 "-" "Mozilla/5.0 (Linux; Android 10; K) AppleWebKit/537.36 (KHTML, like Gecko) Chrome/146.0.0.0 Mobile Safari/537.36"
159.89.216.7 - - [14/May/2026:12:32:44 -0400] "GET /0lHReMqNsIDzBWYHuUQ.8.php HTTP/1.1" 200 178755 "-" "Mozilla/5.0 (Linux; Android 10; K) AppleWebKit/537.36 (KHTML, like Gecko) Chrome/146.0.0.0 Mobile Safari/537.36"
159.89.216.7 - - [14/May/2026:12:32:46 -0400] "GET /leafmailer2.8.php HTTP/1.1" 200 178755 "-" "Mozilla/5.0 (Linux; Android 10; K) AppleWebKit/537.36 (KHTML, like Gecko) Chrome/146.0.0.0 Mobile Safari/537.36"
159.89.216.7 - - [14/May/2026:12:32:47 -0400] "GET /Lc7qucxBakD9XusAZ.PHP HTTP/1.1" 200 178755 "-" "Mozilla/5.0 (Linux; Android 10; K) AppleWebKit/537.36 (KHTML, like Gecko) Chrome/146.0.0.0 Mobile Safari/537.36"
104.28.161.29 - - [14/May/2026:12:32:48 -0400] "HEAD / HTTP/1.1" 200 - "https://www.megawatt.com.do/" "Mozilla/5.0 (Windows NT 10.0; Win64; x64) AppleWebKit/537.36 (KHTML, like Gecko) Chrome/91.0.4472.124 Safari/537.36"
159.89.216.7 - - [14/May/2026:12:32:49 -0400] "GET /hlQyPeJHz3_Zz5kdR2.PHP HTTP/1.1" 200 178755 "-" "Mozilla/5.0 (Linux; Android 10; K) AppleWebKit/537.36 (KHTML, like Gecko) Chrome/146.0.0.0 Mobile Safari/537.36"
104.28.161.29 - - [14/May/2026:12:32:50 -0400] "POST /wp-login.php HTTP/1.1" 200 178755 "https://www.google.com/" "Mozilla/5.0 (Windows NT 10.0; Win64; x64) AppleWebKit/537.36 (KHTML, like Gecko) Chrome/91.0.4472.124 Safari/537.36"
159.89.216.7 - - [14/May/2026:12:32:51 -0400] "GET /PcCoCfHm2L58mDFWKRz.PHP HTTP/1.1" 200 178754 "-" "Mozilla/5.0 (Linux; Android 10; K) AppleWebKit/537.36 (KHTML, like Gecko) Chrome/146.0.0.0 Mobile Safari/537.36"
159.89.216.7 - - [14/May/2026:12:32:52 -0400] "GET /alfa-rex.PHP HTTP/1.1" 200 178754 "-" "Mozilla/5.0 (Linux; Android 10; K) AppleWebKit/537.36 (KHTML, like Gecko) Chrome/146.0.0.0 Mobile Safari/537.36"
104.28.161.29 - - [14/May/2026:12:32:52 -0400] "HEAD / HTTP/1.1" 200 - "https://www.megawatt.com.do/" "Mozilla/5.0 (Windows NT 10.0; Win64; x64) AppleWebKit/537.36 (KHTML, like Gecko) Chrome/91.0.4472.124 Safari/537.36"
104.28.161.29 - - [14/May/2026:12:32:52 -0400] "POST /wp-login.php HTTP/1.1" 200 178754 "http://www.megawatt.com.do/wp-admin/" "Mozilla/5.0 (Windows NT 10.0; Win64; x64) AppleWebKit/537.36 (KHTML, like Gecko) Chrome/90.0.4430.85 Safari/537.36"
159.89.216.7 - - [14/May/2026:12:32:54 -0400] "GET /ldqB_q2Sv5g1GuiO9.PhP7 HTTP/1.1" 200 178755 "-" "Mozilla/5.0 (Linux; Android 10; K) AppleWebKit/537.36 (KHTML, like Gecko) Chrome/146.0.0.0 Mobile Safari/537.36"
104.28.161.29 - - [14/May/2026:12:32:54 -0400] "GET /wp-admin/ HTTP/1.1" 200 177194 "https://www.google.com/" "Mozilla/5.0 (Windows NT 10.0; Win64; x64) AppleWebKit/537.36 (KHTML, like Gecko) Chrome/91.0.4472.124 Safari/537.36"
159.89.216.7 - - [14/May/2026:12:32:55 -0400] "GET /7t_zFXPSpxWKa4neFR.PhP7 HTTP/1.1" 200 178755 "-" "Mozilla/5.0 (Linux; Android 10; K) AppleWebKit/537.36 (KHTML, like Gecko) Chrome/146.0.0.0 Mobile Safari/537.36"
159.89.216.7 - - [14/May/2026:12:32:57 -0400] "GET /bzgQS7OYAIse4S6I6uj.PhP7 HTTP/1.1" 200 178755 "-" "Mozilla/5.0 (Linux; Android 10; K) AppleWebKit/537.36 (KHTML, like Gecko) Chrome/146.0.0.0 Mobile Safari/537.36"
159.89.216.7 - - [14/May/2026:12:32:58 -0400] "GET /randkeyword.PhP7 HTTP/1.1" 200 178755 "-" "Mozilla/5.0 (Linux; Android 10; K) AppleWebKit/537.36 (KHTML, like Gecko) Chrome/146.0.0.0 Mobile Safari/537.36"
104.28.161.29 - - [14/May/2026:12:32:59 -0400] "HEAD / HTTP/1.1" 200 - "https://www.megawatt.com.do/" "Mozilla/5.0 (Windows NT 10.0; Win64; x64) AppleWebKit/537.36 (KHTML, like Gecko) Chrome/91.0.4472.124 Safari/537.36"
159.89.216.7 - - [14/May/2026:12:33:00 -0400] "GET /alfa-rex.PhP7 HTTP/1.1" 200 178755 "-" "Mozilla/5.0 (Linux; Android 10; K) AppleWebKit/537.36 (KHTML, like Gecko) Chrome/146.0.0.0 Mobile Safari/537.36"
159.89.216.7 - - [14/May/2026:12:33:02 -0400] "GET /m.PhP7 HTTP/1.1" 200 178755 "-" "Mozilla/5.0 (Linux; Android 10; K) AppleWebKit/537.36 (KHTML, like Gecko) Chrome/146.0.0.0 Mobile Safari/537.36"
104.28.161.29 - - [14/May/2026:12:33:02 -0400] "GET /wp-admin/plugin-install.php?tab=upload HTTP/1.1" 200 177194 "https://www.google.com/" "Mozilla/5.0 (Windows NT 10.0; Win64; x64) AppleWebKit/537.36 (KHTML, like Gecko) Chrome/91.0.4472.124 Safari/537.36"
159.89.216.7 - - [14/May/2026:12:33:03 -0400] "GET /rcs.PhP7 HTTP/1.1" 200 178755 "-" "Mozilla/5.0 (Linux; Android 10; K) AppleWebKit/537.36 (KHTML, like Gecko) Chrome/146.0.0.0 Mobile Safari/537.36"
104.28.161.29 - - [14/May/2026:12:33:05 -0400] "GET /wp-admin/ HTTP/1.1" 200 177194 "-" "Mozilla/5.0 (Windows NT 10.0; Win64; x64) AppleWebKit/537.36 (KHTML, like Gecko) Chrome/133.0.0.0 Safari/537.36"
159.89.216.7 - - [14/May/2026:12:33:05 -0400] "GET /vNlmxXNQFnIlopwkT.api.php HTTP/1.1" 200 178755 "-" "Mozilla/5.0 (Linux; Android 10; K) AppleWebKit/537.36 (KHTML, like Gecko) Chrome/146.0.0.0 Mobile Safari/537.36"
159.89.216.7 - - [14/May/2026:12:33:06 -0400] "GET /_CzXCUJn2lvFpgzosH.api.php HTTP/1.1" 200 178755 "-" "Mozilla/5.0 (Linux; Android 10; K) AppleWebKit/537.36 (KHTML, like Gecko) Chrome/146.0.0.0 Mobile Safari/537.36"
104.28.161.29 - - [14/May/2026:12:33:07 -0400] "GET /wp-admin/plugin-install.php HTTP/1.1" 200 177194 "-" "Mozilla/5.0 (Windows NT 10.0; Win64; x64) AppleWebKit/537.36 (KHTML, like Gecko) Chrome/133.0.0.0 Safari/537.36"
159.89.216.7 - - [14/May/2026:12:33:08 -0400] "GET /n8cFri99vI0AWouMaGQ.api.php HTTP/1.1" 200 178755 "-" "Mozilla/5.0 (Linux; Android 10; K) AppleWebKit/537.36 (KHTML, like Gecko) Chrome/146.0.0.0 Mobile Safari/537.36"
104.28.161.29 - - [14/May/2026:12:33:09 -0400] "GET /wp-admin/theme-install.php?tab=upload HTTP/1.1" 200 177195 "https://www.google.com/" "Mozilla/5.0 (Windows NT 10.0; Win64; x64) AppleWebKit/537.36 (KHTML, like Gecko) Chrome/91.0.4472.124 Safari/537.36"
159.89.216.7 - - [14/May/2026:12:33:10 -0400] "GET /class.api.php HTTP/1.1" 200 178755 "-" "Mozilla/5.0 (Linux; Android 10; K) AppleWebKit/537.36 (KHTML, like Gecko) Chrome/146.0.0.0 Mobile Safari/537.36"
159.89.216.7 - - [14/May/2026:12:33:11 -0400] "GET /NIwJVRsC7WYSZJ_D9.ashx HTTP/1.1" 200 178755 "-" "Mozilla/5.0 (Linux; Android 10; K) AppleWebKit/537.36 (KHTML, like Gecko) Chrome/146.0.0.0 Mobile Safari/537.36"
159.89.216.7 - - [14/May/2026:12:33:13 -0400] "GET /mAhlTkVoOZjyzrAwQQ.ashx HTTP/1.1" 200 178755 "-" "Mozilla/5.0 (Linux; Android 10; K) AppleWebKit/537.36 (KHTML, like Gecko) Chrome/146.0.0.0 Mobile Safari/537.36"
104.28.161.29 - - [14/May/2026:12:33:13 -0400] "GET /wp-admin/ HTTP/1.1" 200 177195 "-" "Mozilla/5.0 (Windows NT 10.0; Win64; x64) AppleWebKit/537.36 (KHTML, like Gecko) Chrome/133.0.0.0 Safari/537.36"
159.89.216.7 - - [14/May/2026:12:33:14 -0400] "GET /SWcJmBu8OsT708Jxk8o.ashx HTTP/1.1" 200 178755 "-" "Mozilla/5.0 (Linux; Android 10; K) AppleWebKit/537.36 (KHTML, like Gecko) Chrome/146.0.0.0 Mobile Safari/537.36"
159.89.216.7 - - [14/May/2026:12:33:16 -0400] "GET /tunnel.ashx HTTP/1.1" 200 178755 "-" "Mozilla/5.0 (Linux; Android 10; K) AppleWebKit/537.36 (KHTML, like Gecko) Chrome/146.0.0.0 Mobile Safari/537.36"
104.28.161.29 - - [14/May/2026:12:33:17 -0400] "GET /wp-admin/plugin-install.php HTTP/1.1" 200 177195 "-" "Mozilla/5.0 (Windows NT 10.0; Win64; x64) AppleWebKit/537.36 (KHTML, like Gecko) Chrome/133.0.0.0 Safari/537.36"
159.89.216.7 - - [14/May/2026:12:33:17 -0400] "GET /jzZQvifCXm5gvqI38.aspx HTTP/1.1" 200 178755 "-" "Mozilla/5.0 (Linux; Android 10; K) AppleWebKit/537.36 (KHTML, like Gecko) Chrome/146.0.0.0 Mobile Safari/537.36"
159.89.216.7 - - [14/May/2026:12:33:19 -0400] "GET /a3vMhlfyCOWVUUf8_9.aspx HTTP/1.1" 200 178755 "-" "Mozilla/5.0 (Linux; Android 10; K) AppleWebKit/537.36 (KHTML, like Gecko) Chrome/146.0.0.0 Mobile Safari/537.36"
159.89.216.7 - - [14/May/2026:12:33:20 -0400] "GET /2eX1zfgZiTYqDPzDbb8.aspx HTTP/1.1" 200 178755 "-" "Mozilla/5.0 (Linux; Android 10; K) AppleWebKit/537.36 (KHTML, like Gecko) Chrome/146.0.0.0 Mobile Safari/537.36"
104.28.161.29 - - [14/May/2026:12:33:21 -0400] "HEAD / HTTP/1.1" 200 - "https://www.megawatt.com.do/" "Mozilla/5.0 (Windows NT 10.0; Win64; x64) AppleWebKit/537.36 (KHTML, like Gecko) Chrome/91.0.4472.124 Safari/537.36"
104.28.161.29 - - [14/May/2026:12:33:21 -0400] "HEAD / HTTP/1.1" 200 - "https://www.megawatt.com.do/" "Mozilla/5.0 (Windows NT 10.0; Win64; x64) AppleWebKit/537.36 (KHTML, like Gecko) Chrome/91.0.4472.124 Safari/537.36"
104.28.161.29 - - [14/May/2026:12:33:21 -0400] "POST /wp-admin/admin-ajax.php HTTP/1.1" 200 176561 "http://www.megawatt.com.do/wp-admin/plugin-editor.php" "Mozilla/5.0 (Windows NT 10.0; Win64; x64) AppleWebKit/537.36 (KHTML, like Gecko) Chrome/138.0.0.0 Safari/537.36"
159.89.216.7 - - [14/May/2026:12:33:22 -0400] "GET /msok.aspx HTTP/1.1" 200 178755 "-" "Mozilla/5.0 (Linux; Android 10; K) AppleWebKit/537.36 (KHTML, like Gecko) Chrome/146.0.0.0 Mobile Safari/537.36"
104.28.161.29 - - [14/May/2026:12:33:23 -0400] "POST /wp-login.php HTTP/1.1" 200 178755 "https://www.google.com/" "Mozilla/5.0 (Windows NT 10.0; Win64; x64) AppleWebKit/537.36 (KHTML, like Gecko) Chrome/91.0.4472.124 Safari/537.36"
159.89.216.7 - - [14/May/2026:12:33:24 -0400] "GET /Caterpillar.aspx HTTP/1.1" 200 178755 "-" "Mozilla/5.0 (Linux; Android 10; K) AppleWebKit/537.36 (KHTML, like Gecko) Chrome/146.0.0.0 Mobile Safari/537.36"
159.89.216.7 - - [14/May/2026:12:33:25 -0400] "GET /tunnel.aspx HTTP/1.1" 200 178755 "-" "Mozilla/5.0 (Linux; Android 10; K) AppleWebKit/537.36 (KHTML, like Gecko) Chrome/146.0.0.0 Mobile Safari/537.36"
159.89.216.7 - - [14/May/2026:12:33:27 -0400] "GET /iisstart.aspx HTTP/1.1" 200 178755 "-" "Mozilla/5.0 (Linux; Android 10; K) AppleWebKit/537.36 (KHTML, like Gecko) Chrome/146.0.0.0 Mobile Safari/537.36"
159.89.216.7 - - [14/May/2026:12:33:28 -0400] "GET /_OCLHQ4caMTKFsoTN.class.php HTTP/1.1" 200 178754 "-" "Mozilla/5.0 (Linux; Android 10; K) AppleWebKit/537.36 (KHTML, like Gecko) Chrome/146.0.0.0 Mobile Safari/537.36"
159.89.216.7 - - [14/May/2026:12:33:30 -0400] "GET /BMRk2EsY_tduh4vdc9.class.php HTTP/1.1" 200 178754 "-" "Mozilla/5.0 (Linux; Android 10; K) AppleWebKit/537.36 (KHTML, like Gecko) Chrome/146.0.0.0 Mobile Safari/537.36"
104.28.161.29 - - [14/May/2026:12:33:30 -0400] "GET /wp-admin/plugin-editor.php HTTP/1.1" 200 177195 "http://www.megawatt.com.do/wp-admin/plugin-editor.php" "Mozilla/5.0 (Windows NT 10.0; Win64; x64) AppleWebKit/537.36 (KHTML, like Gecko) Chrome/138.0.0.0 Safari/537.36"
159.89.216.7 - - [14/May/2026:12:33:31 -0400] "GET /e5o9bYVbymeM75wnKPw.class.php HTTP/1.1" 200 178755 "-" "Mozilla/5.0 (Linux; Android 10; K) AppleWebKit/537.36 (KHTML, like Gecko) Chrome/146.0.0.0 Mobile Safari/537.36"
159.89.216.7 - - [14/May/2026:12:33:33 -0400] "GET /news_parser.class.php HTTP/1.1" 200 178755 "-" "Mozilla/5.0 (Linux; Android 10; K) AppleWebKit/537.36 (KHTML, like Gecko) Chrome/146.0.0.0 Mobile Safari/537.36"
159.89.216.7 - - [14/May/2026:12:33:35 -0400] "GET /OaMY1JXtJGOlqmvQc.do HTTP/1.1" 200 178755 "-" "Mozilla/5.0 (Linux; Android 10; K) AppleWebKit/537.36 (KHTML, like Gecko) Chrome/146.0.0.0 Mobile Safari/537.36"
159.89.216.7 - - [14/May/2026:12:33:36 -0400] "GET /Z6GPL80PzvyYYc4b0S.do HTTP/1.1" 200 178755 "-" "Mozilla/5.0 (Linux; Android 10; K) AppleWebKit/537.36 (KHTML, like Gecko) Chrome/146.0.0.0 Mobile Safari/537.36"
159.89.216.7 - - [14/May/2026:12:33:38 -0400] "GET /AymaNK2g5URioupw7wm.do HTTP/1.1" 200 178755 "-" "Mozilla/5.0 (Linux; Android 10; K) AppleWebKit/537.36 (KHTML, like Gecko) Chrome/146.0.0.0 Mobile Safari/537.36"
159.89.216.7 - - [14/May/2026:12:33:39 -0400] "GET /DownloadDocStepsAction.do HTTP/1.1" 200 178755 "-" "Mozilla/5.0 (Linux; Android 10; K) AppleWebKit/537.36 (KHTML, like Gecko) Chrome/146.0.0.0 Mobile Safari/537.36"
159.89.216.7 - - [14/May/2026:12:33:41 -0400] "GET /userLoginAction.do HTTP/1.1" 200 178755 "-" "Mozilla/5.0 (Linux; Android 10; K) AppleWebKit/537.36 (KHTML, like Gecko) Chrome/146.0.0.0 Mobile Safari/537.36"
159.89.216.7 - - [14/May/2026:12:33:43 -0400] "GET /8yb7muqoKlKoLVZQf.htaccess HTTP/1.1" 200 178755 "-" "Mozilla/5.0 (Linux; Android 10; K) AppleWebKit/537.36 (KHTML, like Gecko) Chrome/146.0.0.0 Mobile Safari/537.36"
159.89.216.7 - - [14/May/2026:12:33:44 -0400] "GET /vYb0H9nYeMNlRFrALq.htaccess HTTP/1.1" 200 178755 "-" "Mozilla/5.0 (Linux; Android 10; K) AppleWebKit/537.36 (KHTML, like Gecko) Chrome/146.0.0.0 Mobile Safari/537.36"
159.89.216.7 - - [14/May/2026:12:33:46 -0400] "GET /xQozXgh6b9Ds0OhWvaP.htaccess HTTP/1.1" 200 178755 "-" "Mozilla/5.0 (Linux; Android 10; K) AppleWebKit/537.36 (KHTML, like Gecko) Chrome/146.0.0.0 Mobile Safari/537.36"
159.89.216.7 - - [14/May/2026:12:33:47 -0400] "GET /.htaccess HTTP/1.1" 403 178755 "-" "Mozilla/5.0 (Linux; Android 10; K) AppleWebKit/537.36 (KHTML, like Gecko) Chrome/146.0.0.0 Mobile Safari/537.36"
159.89.216.7 - - [14/May/2026:12:33:49 -0400] "GET /Bgnp1l6FGL4qSGRQW.html HTTP/1.1" 200 178755 "-" "Mozilla/5.0 (Linux; Android 10; K) AppleWebKit/537.36 (KHTML, like Gecko) Chrome/146.0.0.0 Mobile Safari/537.36"
159.89.216.7 - - [14/May/2026:12:33:52 -0400] "GET /bnYYoYTqR875mKpBbO.html HTTP/1.1" 200 178755 "-" "Mozilla/5.0 (Linux; Android 10; K) AppleWebKit/537.36 (KHTML, like Gecko) Chrome/146.0.0.0 Mobile Safari/537.36"
159.89.216.7 - - [14/May/2026:12:33:54 -0400] "GET /lWiSqEj4NqR1IIF_V6f.html HTTP/1.1" 200 178755 "-" "Mozilla/5.0 (Linux; Android 10; K) AppleWebKit/537.36 (KHTML, like Gecko) Chrome/146.0.0.0 Mobile Safari/537.36"
159.89.216.7 - - [14/May/2026:12:33:59 -0400] "GET /index.html HTTP/1.1" 200 178755 "-" "Mozilla/5.0 (Linux; Android 10; K) AppleWebKit/537.36 (KHTML, like Gecko) Chrome/146.0.0.0 Mobile Safari/537.36"
104.28.161.29 - - [14/May/2026:12:33:59 -0400] "HEAD / HTTP/1.1" 200 - "https://www.megawatt.com.do/" "Mozilla/5.0 (Windows NT 10.0; Win64; x64) AppleWebKit/537.36 (KHTML, like Gecko) Chrome/91.0.4472.124 Safari/537.36"
159.89.216.7 - - [14/May/2026:12:34:04 -0400] "GET /readme.html HTTP/1.1" 403 178755 "-" "Mozilla/5.0 (Linux; Android 10; K) AppleWebKit/537.36 (KHTML, like Gecko) Chrome/146.0.0.0 Mobile Safari/537.36"
104.28.161.29 - - [14/May/2026:12:34:05 -0400] "POST /wp-login.php HTTP/1.1" 200 178755 "http://www.megawatt.com.do/wp-admin/" "Mozilla/5.0 (Windows NT 10.0; Win64; x64) AppleWebKit/537.36 (KHTML, like Gecko) Chrome/90.0.4430.85 Safari/537.36"
104.28.161.29 - - [14/May/2026:12:34:07 -0400] "GET /wp-admin/ HTTP/1.1" 200 177195 "https://www.google.com/" "Mozilla/5.0 (Windows NT 10.0; Win64; x64) AppleWebKit/537.36 (KHTML, like Gecko) Chrome/91.0.4472.124 Safari/537.36"
159.89.216.7 - - [14/May/2026:12:34:07 -0400] "GET /cloud.html HTTP/1.1" 200 178755 "-" "Mozilla/5.0 (Linux; Android 10; K) AppleWebKit/537.36 (KHTML, like Gecko) Chrome/146.0.0.0 Mobile Safari/537.36"
104.28.161.29 - - [14/May/2026:12:34:08 -0400] "GET /wp-admin/plugin-install.php?tab=upload HTTP/1.1" 200 177195 "https://www.google.com/" "Mozilla/5.0 (Windows NT 10.0; Win64; x64) AppleWebKit/537.36 (KHTML, like Gecko) Chrome/91.0.4472.124 Safari/537.36"
104.28.161.29 - - [14/May/2026:12:34:10 -0400] "GET /wp-admin/ HTTP/1.1" 200 177195 "-" "Mozilla/5.0 (Windows NT 10.0; Win64; x64) AppleWebKit/537.36 (KHTML, like Gecko) Chrome/133.0.0.0 Safari/537.36"
159.89.216.7 - - [14/May/2026:12:34:10 -0400] "GET /403.html HTTP/1.1" 200 178754 "-" "Mozilla/5.0 (Linux; Android 10; K) AppleWebKit/537.36 (KHTML, like Gecko) Chrome/146.0.0.0 Mobile Safari/537.36"
104.28.161.29 - - [14/May/2026:12:34:12 -0400] "GET /wp-admin/plugin-install.php HTTP/1.1" 200 177195 "-" "Mozilla/5.0 (Windows NT 10.0; Win64; x64) AppleWebKit/537.36 (KHTML, like Gecko) Chrome/133.0.0.0 Safari/537.36"
104.28.161.29 - - [14/May/2026:12:34:13 -0400] "GET /wp-admin/theme-install.php?tab=upload HTTP/1.1" 200 177195 "https://www.google.com/" "Mozilla/5.0 (Windows NT 10.0; Win64; x64) AppleWebKit/537.36 (KHTML, like Gecko) Chrome/91.0.4472.124 Safari/537.36"
104.28.161.29 - - [14/May/2026:12:34:15 -0400] "GET /wp-admin/ HTTP/1.1" 200 177195 "-" "Mozilla/5.0 (Windows NT 10.0; Win64; x64) AppleWebKit/537.36 (KHTML, like Gecko) Chrome/133.0.0.0 Safari/537.36"
104.28.161.29 - - [14/May/2026:12:34:16 -0400] "HEAD / HTTP/1.1" 200 - "https://www.megawatt.com.do/" "Mozilla/5.0 (Windows NT 10.0; Win64; x64) AppleWebKit/537.36 (KHTML, like Gecko) Chrome/91.0.4472.124 Safari/537.36"
159.89.216.7 - - [14/May/2026:12:34:16 -0400] "GET /footer.html HTTP/1.1" 200 178755 "-" "Mozilla/5.0 (Linux; Android 10; K) AppleWebKit/537.36 (KHTML, like Gecko) Chrome/146.0.0.0 Mobile Safari/537.36"
104.28.161.29 - - [14/May/2026:12:34:18 -0400] "GET /wp-admin/plugin-install.php HTTP/1.1" 200 177195 "-" "Mozilla/5.0 (Windows NT 10.0; Win64; x64) AppleWebKit/537.36 (KHTML, like Gecko) Chrome/133.0.0.0 Safari/537.36"
104.28.161.29 - - [14/May/2026:12:34:20 -0400] "POST /wp-admin/admin-ajax.php HTTP/1.1" 200 176561 "http://www.megawatt.com.do/wp-admin/plugin-editor.php" "Mozilla/5.0 (Windows NT 10.0; Win64; x64) AppleWebKit/537.36 (KHTML, like Gecko) Chrome/138.0.0.0 Safari/537.36"
104.28.161.29 - - [14/May/2026:12:34:21 -0400] "HEAD / HTTP/1.1" 200 - "https://www.megawatt.com.do/" "Mozilla/5.0 (Windows NT 10.0; Win64; x64) AppleWebKit/537.36 (KHTML, like Gecko) Chrome/91.0.4472.124 Safari/537.36"
159.89.216.7 - - [14/May/2026:12:34:20 -0400] "GET /CJcq3aJ8zFcxL673a.js HTTP/1.1" 200 178755 "-" "Mozilla/5.0 (Linux; Android 10; K) AppleWebKit/537.36 (KHTML, like Gecko) Chrome/146.0.0.0 Mobile Safari/537.36"
104.28.161.29 - - [14/May/2026:12:34:22 -0400] "GET /wp-admin/plugin-editor.php HTTP/1.1" 200 177195 "http://www.megawatt.com.do/wp-admin/plugin-editor.php" "Mozilla/5.0 (Windows NT 10.0; Win64; x64) AppleWebKit/537.36 (KHTML, like Gecko) Chrome/138.0.0.0 Safari/537.36"
159.89.216.7 - - [14/May/2026:12:34:26 -0400] "GET /ls8mFtyli7bL6NxvBE.js HTTP/1.1" 200 178755 "-" "Mozilla/5.0 (Linux; Android 10; K) AppleWebKit/537.36 (KHTML, like Gecko) Chrome/146.0.0.0 Mobile Safari/537.36"
159.89.216.7 - - [14/May/2026:12:34:36 -0400] "GET /gU3vSl9dXpDYBwpJMs3.js HTTP/1.1" 200 178755 "-" "Mozilla/5.0 (Linux; Android 10; K) AppleWebKit/537.36 (KHTML, like Gecko) Chrome/146.0.0.0 Mobile Safari/537.36"
104.28.161.29 - - [14/May/2026:12:34:42 -0400] "HEAD / HTTP/1.1" 200 - "https://www.megawatt.com.do/" "Mozilla/5.0 (Windows NT 10.0; Win64; x64) AppleWebKit/537.36 (KHTML, like Gecko) Chrome/91.0.4472.124 Safari/537.36"
159.89.216.7 - - [14/May/2026:12:34:42 -0400] "GET /tunnel.js HTTP/1.1" 200 178755 "-" "Mozilla/5.0 (Linux; Android 10; K) AppleWebKit/537.36 (KHTML, like Gecko) Chrome/146.0.0.0 Mobile Safari/537.36"
159.89.216.7 - - [14/May/2026:12:34:44 -0400] "GET /Xx9m9RVSpjv0EPGr8.jsp HTTP/1.1" 200 178755 "-" "Mozilla/5.0 (Linux; Android 10; K) AppleWebKit/537.36 (KHTML, like Gecko) Chrome/146.0.0.0 Mobile Safari/537.36"
159.89.216.7 - - [14/May/2026:12:34:46 -0400] "GET /Wz1ee0Z0aB2yDKE_go.jsp HTTP/1.1" 200 178755 "-" "Mozilla/5.0 (Linux; Android 10; K) AppleWebKit/537.36 (KHTML, like Gecko) Chrome/146.0.0.0 Mobile Safari/537.36"
159.89.216.7 - - [14/May/2026:12:34:47 -0400] "GET /4lXmhHLDXBbGiczlK5d.jsp HTTP/1.1" 200 178755 "-" "Mozilla/5.0 (Linux; Android 10; K) AppleWebKit/537.36 (KHTML, like Gecko) Chrome/146.0.0.0 Mobile Safari/537.36"
159.89.216.7 - - [14/May/2026:12:34:49 -0400] "GET /cmd-prow.jsp HTTP/1.1" 200 178755 "-" "Mozilla/5.0 (Linux; Android 10; K) AppleWebKit/537.36 (KHTML, like Gecko) Chrome/146.0.0.0 Mobile Safari/537.36"
104.28.161.29 - - [14/May/2026:12:34:50 -0400] "HEAD / HTTP/1.1" 200 - "https://www.megawatt.com.do/" "Mozilla/5.0 (Windows NT 10.0; Win64; x64) AppleWebKit/537.36 (KHTML, like Gecko) Chrome/91.0.4472.124 Safari/537.36"
159.89.216.7 - - [14/May/2026:12:34:50 -0400] "GET /cmd-pro.jsp HTTP/1.1" 200 178755 "-" "Mozilla/5.0 (Linux; Android 10; K) AppleWebKit/537.36 (KHTML, like Gecko) Chrome/146.0.0.0 Mobile Safari/537.36"
104.28.161.29 - - [14/May/2026:12:34:52 -0400] "HEAD / HTTP/1.1" 200 - "https://www.megawatt.com.do/" "Mozilla/5.0 (Windows NT 10.0; Win64; x64) AppleWebKit/537.36 (KHTML, like Gecko) Chrome/91.0.4472.124 Safari/537.36"
104.28.161.29 - - [14/May/2026:12:34:52 -0400] "HEAD / HTTP/1.1" 200 - "https://www.megawatt.com.do/" "Mozilla/5.0 (Windows NT 10.0; Win64; x64) AppleWebKit/537.36 (KHTML, like Gecko) Chrome/91.0.4472.124 Safari/537.36"
159.89.216.7 - - [14/May/2026:12:34:55 -0400] "GET /Thumbs.jsp HTTP/1.1" 200 178754 "-" "Mozilla/5.0 (Linux; Android 10; K) AppleWebKit/537.36 (KHTML, like Gecko) Chrome/146.0.0.0 Mobile Safari/537.36"
104.28.161.29 - - [14/May/2026:12:34:55 -0400] "HEAD / HTTP/1.1" 200 - "https://www.megawatt.com.do/" "Mozilla/5.0 (Windows NT 10.0; Win64; x64) AppleWebKit/537.36 (KHTML, like Gecko) Chrome/91.0.4472.124 Safari/537.36"
159.89.216.7 - - [14/May/2026:12:34:57 -0400] "GET /greeting.jsp HTTP/1.1" 200 178755 "-" "Mozilla/5.0 (Linux; Android 10; K) AppleWebKit/537.36 (KHTML, like Gecko) Chrome/146.0.0.0 Mobile Safari/537.36"
159.89.216.7 - - [14/May/2026:12:34:58 -0400] "GET /one-lin.jsp HTTP/1.1" 200 178755 "-" "Mozilla/5.0 (Linux; Android 10; K) AppleWebKit/537.36 (KHTML, like Gecko) Chrome/146.0.0.0 Mobile Safari/537.36"
159.89.216.7 - - [14/May/2026:12:35:00 -0400] "GET /_example.jsp HTTP/1.1" 200 178755 "-" "Mozilla/5.0 (Linux; Android 10; K) AppleWebKit/537.36 (KHTML, like Gecko) Chrome/146.0.0.0 Mobile Safari/537.36"
159.89.216.7 - - [14/May/2026:12:35:01 -0400] "GET /xbin10x.jsp HTTP/1.1" 200 178755 "-" "Mozilla/5.0 (Linux; Android 10; K) AppleWebKit/537.36 (KHTML, like Gecko) Chrome/146.0.0.0 Mobile Safari/537.36"
104.28.161.29 - - [14/May/2026:12:35:02 -0400] "HEAD / HTTP/1.1" 200 - "https://www.megawatt.com.do/" "Mozilla/5.0 (Windows NT 10.0; Win64; x64) AppleWebKit/537.36 (KHTML, like Gecko) Chrome/91.0.4472.124 Safari/537.36"
159.89.216.7 - - [14/May/2026:12:35:03 -0400] "GET /dn.jsp HTTP/1.1" 200 178755 "-" "Mozilla/5.0 (Linux; Android 10; K) AppleWebKit/537.36 (KHTML, like Gecko) Chrome/146.0.0.0 Mobile Safari/537.36"
159.89.216.7 - - [14/May/2026:12:35:05 -0400] "GET /id_win.jsp HTTP/1.1" 200 178755 "-" "Mozilla/5.0 (Linux; Android 10; K) AppleWebKit/537.36 (KHTML, like Gecko) Chrome/146.0.0.0 Mobile Safari/537.36"
104.28.161.29 - - [14/May/2026:12:35:05 -0400] "HEAD / HTTP/1.1" 200 - "https://www.megawatt.com.do/" "Mozilla/5.0 (Windows NT 10.0; Win64; x64) AppleWebKit/537.36 (KHTML, like Gecko) Chrome/91.0.4472.124 Safari/537.36"
159.89.216.7 - - [14/May/2026:12:35:06 -0400] "GET /logos.jsp HTTP/1.1" 200 178755 "-" "Mozilla/5.0 (Linux; Android 10; K) AppleWebKit/537.36 (KHTML, like Gecko) Chrome/146.0.0.0 Mobile Safari/537.36"
159.89.216.7 - - [14/May/2026:12:35:08 -0400] "GET /shell.jsp HTTP/1.1" 200 178755 "-" "Mozilla/5.0 (Linux; Android 10; K) AppleWebKit/537.36 (KHTML, like Gecko) Chrome/146.0.0.0 Mobile Safari/537.36"
159.89.216.7 - - [14/May/2026:12:35:09 -0400] "GET /spacer.jsp HTTP/1.1" 200 178755 "-" "Mozilla/5.0 (Linux; Android 10; K) AppleWebKit/537.36 (KHTML, like Gecko) Chrome/146.0.0.0 Mobile Safari/537.36"
159.89.216.7 - - [14/May/2026:12:35:11 -0400] "GET /id.jsp HTTP/1.1" 200 178755 "-" "Mozilla/5.0 (Linux; Android 10; K) AppleWebKit/537.36 (KHTML, like Gecko) Chrome/146.0.0.0 Mobile Safari/537.36"
104.28.161.29 - - [14/May/2026:12:35:11 -0400] "HEAD / HTTP/1.1" 200 - "https://www.megawatt.com.do/" "Mozilla/5.0 (Windows NT 10.0; Win64; x64) AppleWebKit/537.36 (KHTML, like Gecko) Chrome/91.0.4472.124 Safari/537.36"
159.89.216.7 - - [14/May/2026:12:35:12 -0400] "GET /idpost.jsp HTTP/1.1" 200 178755 "-" "Mozilla/5.0 (Linux; Android 10; K) AppleWebKit/537.36 (KHTML, like Gecko) Chrome/146.0.0.0 Mobile Safari/537.36"
104.28.161.29 - - [14/May/2026:12:35:12 -0400] "HEAD / HTTP/1.1" 200 - "https://www.megawatt.com.do/" "Mozilla/5.0 (Windows NT 10.0; Win64; x64) AppleWebKit/537.36 (KHTML, like Gecko) Chrome/91.0.4472.124 Safari/537.36"
159.89.216.7 - - [14/May/2026:12:35:14 -0400] "GET /20170219.jsp HTTP/1.1" 200 178755 "-" "Mozilla/5.0 (Linux; Android 10; K) AppleWebKit/537.36 (KHTML, like Gecko) Chrome/146.0.0.0 Mobile Safari/537.36"
159.89.216.7 - - [14/May/2026:12:35:15 -0400] "GET /sw3.jsp HTTP/1.1" 200 178755 "-" "Mozilla/5.0 (Linux; Android 10; K) AppleWebKit/537.36 (KHTML, like Gecko) Chrome/146.0.0.0 Mobile Safari/537.36"
159.89.216.7 - - [14/May/2026:12:35:17 -0400] "GET /proxy-jsp.jsp HTTP/1.1" 200 178755 "-" "Mozilla/5.0 (Linux; Android 10; K) AppleWebKit/537.36 (KHTML, like Gecko) Chrome/146.0.0.0 Mobile Safari/537.36"
159.89.216.7 - - [14/May/2026:12:35:18 -0400] "GET /manager10.jsp HTTP/1.1" 200 178755 "-" "Mozilla/5.0 (Linux; Android 10; K) AppleWebKit/537.36 (KHTML, like Gecko) Chrome/146.0.0.0 Mobile Safari/537.36"
159.89.216.7 - - [14/May/2026:12:35:20 -0400] "GET /l0g.jsp HTTP/1.1" 200 178755 "-" "Mozilla/5.0 (Linux; Android 10; K) AppleWebKit/537.36 (KHTML, like Gecko) Chrome/146.0.0.0 Mobile Safari/537.36"
159.89.216.7 - - [14/May/2026:12:35:21 -0400] "GET /Heed.jsp HTTP/1.1" 200 178755 "-" "Mozilla/5.0 (Linux; Android 10; K) AppleWebKit/537.36 (KHTML, like Gecko) Chrome/146.0.0.0 Mobile Safari/537.36"
159.89.216.7 - - [14/May/2026:12:35:23 -0400] "GET /HelloHTML.jsp HTTP/1.1" 200 178755 "-" "Mozilla/5.0 (Linux; Android 10; K) AppleWebKit/537.36 (KHTML, like Gecko) Chrome/146.0.0.0 Mobile Safari/537.36"
159.89.216.7 - - [14/May/2026:12:35:25 -0400] "GET /HitCount.jsp HTTP/1.1" 200 178755 "-" "Mozilla/5.0 (Linux; Android 10; K) AppleWebKit/537.36 (KHTML, like Gecko) Chrome/146.0.0.0 Mobile Safari/537.36"
159.89.216.7 - - [14/May/2026:12:35:26 -0400] "GET /style.jsp HTTP/1.1" 200 178755 "-" "Mozilla/5.0 (Linux; Android 10; K) AppleWebKit/537.36 (KHTML, like Gecko) Chrome/146.0.0.0 Mobile Safari/537.36"
104.28.161.29 - - [14/May/2026:12:35:27 -0400] "HEAD / HTTP/1.1" 200 - "https://www.megawatt.com.do/" "Mozilla/5.0 (Windows NT 10.0; Win64; x64) AppleWebKit/537.36 (KHTML, like Gecko) Chrome/91.0.4472.124 Safari/537.36"
159.89.216.7 - - [14/May/2026:12:35:28 -0400] "GET /HelpSessions.jsp HTTP/1.1" 200 178754 "-" "Mozilla/5.0 (Linux; Android 10; K) AppleWebKit/537.36 (KHTML, like Gecko) Chrome/146.0.0.0 Mobile Safari/537.36"
159.89.216.7 - - [14/May/2026:12:35:29 -0400] "GET /preaproveWelcome.jsp HTTP/1.1" 200 178754 "-" "Mozilla/5.0 (Linux; Android 10; K) AppleWebKit/537.36 (KHTML, like Gecko) Chrome/146.0.0.0 Mobile Safari/537.36"
104.28.161.29 - - [14/May/2026:12:35:30 -0400] "HEAD / HTTP/1.1" 200 - "https://www.megawatt.com.do/" "Mozilla/5.0 (Windows NT 10.0; Win64; x64) AppleWebKit/537.36 (KHTML, like Gecko) Chrome/91.0.4472.124 Safari/537.36"
159.89.216.7 - - [14/May/2026:12:35:31 -0400] "GET /wm_cfshared.jsp HTTP/1.1" 200 178755 "-" "Mozilla/5.0 (Linux; Android 10; K) AppleWebKit/537.36 (KHTML, like Gecko) Chrome/146.0.0.0 Mobile Safari/537.36"
104.28.161.29 - - [14/May/2026:12:35:32 -0400] "HEAD / HTTP/1.1" 200 - "https://www.megawatt.com.do/" "Mozilla/5.0 (Windows NT 10.0; Win64; x64) AppleWebKit/537.36 (KHTML, like Gecko) Chrome/91.0.4472.124 Safari/537.36"
159.89.216.7 - - [14/May/2026:12:35:33 -0400] "GET /sql.jsp HTTP/1.1" 200 178755 "-" "Mozilla/5.0 (Linux; Android 10; K) AppleWebKit/537.36 (KHTML, like Gecko) Chrome/146.0.0.0 Mobile Safari/537.36"
159.89.216.7 - - [14/May/2026:12:35:34 -0400] "GET /welcome.jsp HTTP/1.1" 200 178755 "-" "Mozilla/5.0 (Linux; Android 10; K) AppleWebKit/537.36 (KHTML, like Gecko) Chrome/146.0.0.0 Mobile Safari/537.36"
104.28.161.29 - - [14/May/2026:12:35:35 -0400] "HEAD / HTTP/1.1" 200 - "https://www.megawatt.com.do/" "Mozilla/5.0 (Windows NT 10.0; Win64; x64) AppleWebKit/537.36 (KHTML, like Gecko) Chrome/91.0.4472.124 Safari/537.36"
159.89.216.7 - - [14/May/2026:12:35:36 -0400] "GET /upload.jsp HTTP/1.1" 200 178755 "-" "Mozilla/5.0 (Linux; Android 10; K) AppleWebKit/537.36 (KHTML, like Gecko) Chrome/146.0.0.0 Mobile Safari/537.36"
159.89.216.7 - - [14/May/2026:12:35:37 -0400] "GET /favicon.jsp HTTP/1.1" 200 178755 "-" "Mozilla/5.0 (Linux; Android 10; K) AppleWebKit/537.36 (KHTML, like Gecko) Chrome/146.0.0.0 Mobile Safari/537.36"
159.89.216.7 - - [14/May/2026:12:35:39 -0400] "GET /favic0n.jsp HTTP/1.1" 200 178755 "-" "Mozilla/5.0 (Linux; Android 10; K) AppleWebKit/537.36 (KHTML, like Gecko) Chrome/146.0.0.0 Mobile Safari/537.36"
159.89.216.7 - - [14/May/2026:12:35:40 -0400] "GET /tunnel.jsp HTTP/1.1" 200 178755 "-" "Mozilla/5.0 (Linux; Android 10; K) AppleWebKit/537.36 (KHTML, like Gecko) Chrome/146.0.0.0 Mobile Safari/537.36"
159.89.216.7 - - [14/May/2026:12:35:42 -0400] "GET /0eAU5gY5vROAStABg.login-n.jsp HTTP/1.1" 200 178755 "-" "Mozilla/5.0 (Linux; Android 10; K) AppleWebKit/537.36 (KHTML, like Gecko) Chrome/146.0.0.0 Mobile Safari/537.36"
159.89.216.7 - - [14/May/2026:12:35:43 -0400] "GET /giVcXnHW09hcDgk2o0.login-n.jsp HTTP/1.1" 200 178755 "-" "Mozilla/5.0 (Linux; Android 10; K) AppleWebKit/537.36 (KHTML, like Gecko) Chrome/146.0.0.0 Mobile Safari/537.36"
159.89.216.7 - - [14/May/2026:12:35:45 -0400] "GET /81H_nv6MkDsHipq0UKr.login-n.jsp HTTP/1.1" 200 178755 "-" "Mozilla/5.0 (Linux; Android 10; K) AppleWebKit/537.36 (KHTML, like Gecko) Chrome/146.0.0.0 Mobile Safari/537.36"
159.89.216.7 - - [14/May/2026:12:35:47 -0400] "GET /.login-n.jsp HTTP/1.1" 200 178755 "-" "Mozilla/5.0 (Linux; Android 10; K) AppleWebKit/537.36 (KHTML, like Gecko) Chrome/146.0.0.0 Mobile Safari/537.36"
104.28.161.29 - - [14/May/2026:12:35:47 -0400] "HEAD / HTTP/1.1" 200 - "https://www.megawatt.com.do/" "Mozilla/5.0 (Windows NT 10.0; Win64; x64) AppleWebKit/537.36 (KHTML, like Gecko) Chrome/91.0.4472.124 Safari/537.36"
159.89.216.7 - - [14/May/2026:12:35:48 -0400] "GET /oNp3jwVwxIQJ96vg_.login-w.jsp HTTP/1.1" 200 178755 "-" "Mozilla/5.0 (Linux; Android 10; K) AppleWebKit/537.36 (KHTML, like Gecko) Chrome/146.0.0.0 Mobile Safari/537.36"
159.89.216.7 - - [14/May/2026:12:35:50 -0400] "GET /tuKOn3ErVuK9sBEPwW.login-w.jsp HTTP/1.1" 200 178755 "-" "Mozilla/5.0 (Linux; Android 10; K) AppleWebKit/537.36 (KHTML, like Gecko) Chrome/146.0.0.0 Mobile Safari/537.36"
159.89.216.7 - - [14/May/2026:12:35:52 -0400] "GET /fNbV90t0jztMmcpC4dA.login-w.jsp HTTP/1.1" 200 178755 "-" "Mozilla/5.0 (Linux; Android 10; K) AppleWebKit/537.36 (KHTML, like Gecko) Chrome/146.0.0.0 Mobile Safari/537.36"
104.28.161.29 - - [14/May/2026:12:35:53 -0400] "HEAD / HTTP/1.1" 200 - "https://www.megawatt.com.do/" "Mozilla/5.0 (Windows NT 10.0; Win64; x64) AppleWebKit/537.36 (KHTML, like Gecko) Chrome/91.0.4472.124 Safari/537.36"
159.89.216.7 - - [14/May/2026:12:35:53 -0400] "GET /.login-w.jsp HTTP/1.1" 200 178755 "-" "Mozilla/5.0 (Linux; Android 10; K) AppleWebKit/537.36 (KHTML, like Gecko) Chrome/146.0.0.0 Mobile Safari/537.36"
104.28.161.29 - - [14/May/2026:12:35:54 -0400] "HEAD / HTTP/1.1" 200 - "https://www.megawatt.com.do/" "Mozilla/5.0 (Windows NT 10.0; Win64; x64) AppleWebKit/537.36 (KHTML, like Gecko) Chrome/91.0.4472.124 Safari/537.36"
159.89.216.7 - - [14/May/2026:12:35:55 -0400] "GET /Hnq2aKp8EvnNbQQJe.max6.jsp HTTP/1.1" 200 178755 "-" "Mozilla/5.0 (Linux; Android 10; K) AppleWebKit/537.36 (KHTML, like Gecko) Chrome/146.0.0.0 Mobile Safari/537.36"
104.28.161.29 - - [14/May/2026:12:35:55 -0400] "HEAD / HTTP/1.1" 200 - "https://www.megawatt.com.do/" "Mozilla/5.0 (Windows NT 10.0; Win64; x64) AppleWebKit/537.36 (KHTML, like Gecko) Chrome/91.0.4472.124 Safari/537.36"
159.89.216.7 - - [14/May/2026:12:35:56 -0400] "GET /5smjjhnb23aMhetsF6.max6.jsp HTTP/1.1" 200 178755 "-" "Mozilla/5.0 (Linux; Android 10; K) AppleWebKit/537.36 (KHTML, like Gecko) Chrome/146.0.0.0 Mobile Safari/537.36"
159.89.216.7 - - [14/May/2026:12:35:58 -0400] "GET /xO_lSYODsMHbW6aNvUz.max6.jsp HTTP/1.1" 200 178755 "-" "Mozilla/5.0 (Linux; Android 10; K) AppleWebKit/537.36 (KHTML, like Gecko) Chrome/146.0.0.0 Mobile Safari/537.36"
104.28.161.29 - - [14/May/2026:12:35:59 -0400] "HEAD / HTTP/1.1" 200 - "https://www.megawatt.com.do/" "Mozilla/5.0 (Windows NT 10.0; Win64; x64) AppleWebKit/537.36 (KHTML, like Gecko) Chrome/91.0.4472.124 Safari/537.36"
159.89.216.7 - - [14/May/2026:12:35:59 -0400] "GET /font-awesome.max6.jsp HTTP/1.1" 200 178755 "-" "Mozilla/5.0 (Linux; Android 10; K) AppleWebKit/537.36 (KHTML, like Gecko) Chrome/146.0.0.0 Mobile Safari/537.36"
159.89.216.7 - - [14/May/2026:12:36:01 -0400] "GET /5ik1E4tFX2Oic_8Ce.nosocket.php HTTP/1.1" 200 178755 "-" "Mozilla/5.0 (Linux; Android 10; K) AppleWebKit/537.36 (KHTML, like Gecko) Chrome/146.0.0.0 Mobile Safari/537.36"
159.89.216.7 - - [14/May/2026:12:36:03 -0400] "GET /d4KrFdQBIZ4XnFStQY.nosocket.php HTTP/1.1" 200 178754 "-" "Mozilla/5.0 (Linux; Android 10; K) AppleWebKit/537.36 (KHTML, like Gecko) Chrome/146.0.0.0 Mobile Safari/537.36"
159.89.216.7 - - [14/May/2026:12:36:04 -0400] "GET /JU9DLqeT1VLlPd1eOPY.nosocket.php HTTP/1.1" 200 178754 "-" "Mozilla/5.0 (Linux; Android 10; K) AppleWebKit/537.36 (KHTML, like Gecko) Chrome/146.0.0.0 Mobile Safari/537.36"
159.89.216.7 - - [14/May/2026:12:36:06 -0400] "GET /tunnel.nosocket.php HTTP/1.1" 200 178754 "-" "Mozilla/5.0 (Linux; Android 10; K) AppleWebKit/537.36 (KHTML, like Gecko) Chrome/146.0.0.0 Mobile Safari/537.36"
159.89.216.7 - - [14/May/2026:12:36:07 -0400] "GET /vMS3QkYYTXjbdCSiT.php HTTP/1.1" 200 178755 "-" "Mozilla/5.0 (Linux; Android 10; K) AppleWebKit/537.36 (KHTML, like Gecko) Chrome/146.0.0.0 Mobile Safari/537.36"
104.28.161.29 - - [14/May/2026:12:36:08 -0400] "HEAD / HTTP/1.1" 200 - "https://www.megawatt.com.do/" "Mozilla/5.0 (Windows NT 10.0; Win64; x64) AppleWebKit/537.36 (KHTML, like Gecko) Chrome/91.0.4472.124 Safari/537.36"
159.89.216.7 - - [14/May/2026:12:36:09 -0400] "GET /TF6DcCPd0__z__LUKz.php HTTP/1.1" 200 178755 "-" "Mozilla/5.0 (Linux; Android 10; K) AppleWebKit/537.36 (KHTML, like Gecko) Chrome/146.0.0.0 Mobile Safari/537.36"
159.89.216.7 - - [14/May/2026:12:36:10 -0400] "GET /iqwdMysQpm9rXUkJz1V.php HTTP/1.1" 200 178755 "-" "Mozilla/5.0 (Linux; Android 10; K) AppleWebKit/537.36 (KHTML, like Gecko) Chrome/146.0.0.0 Mobile Safari/537.36"
104.28.161.29 - - [14/May/2026:12:36:12 -0400] "HEAD / HTTP/1.1" 200 - "https://www.megawatt.com.do/" "Mozilla/5.0 (Windows NT 10.0; Win64; x64) AppleWebKit/537.36 (KHTML, like Gecko) Chrome/91.0.4472.124 Safari/537.36"
159.89.216.7 - - [14/May/2026:12:36:12 -0400] "GET /index.php HTTP/1.1" 200 178755 "-" "Mozilla/5.0 (Linux; Android 10; K) AppleWebKit/537.36 (KHTML, like Gecko) Chrome/146.0.0.0 Mobile Safari/537.36"
159.89.216.7 - - [14/May/2026:12:36:13 -0400] "GET /test.php HTTP/1.1" 200 178755 "-" "Mozilla/5.0 (Linux; Android 10; K) AppleWebKit/537.36 (KHTML, like Gecko) Chrome/146.0.0.0 Mobile Safari/537.36"
159.89.216.7 - - [14/May/2026:12:36:15 -0400] "GET /admin.php HTTP/1.1" 200 178755 "-" "Mozilla/5.0 (Linux; Android 10; K) AppleWebKit/537.36 (KHTML, like Gecko) Chrome/146.0.0.0 Mobile Safari/537.36"
159.89.216.7 - - [14/May/2026:12:36:17 -0400] "GET /txets.php HTTP/1.1" 200 178755 "-" "Mozilla/5.0 (Linux; Android 10; K) AppleWebKit/537.36 (KHTML, like Gecko) Chrome/146.0.0.0 Mobile Safari/537.36"
159.89.216.7 - - [14/May/2026:12:36:18 -0400] "GET /about.php HTTP/1.1" 200 178755 "-" "Mozilla/5.0 (Linux; Android 10; K) AppleWebKit/537.36 (KHTML, like Gecko) Chrome/146.0.0.0 Mobile Safari/537.36"
159.89.216.7 - - [14/May/2026:12:36:20 -0400] "GET /wpsirdddt.php HTTP/1.1" 200 178755 "-" "Mozilla/5.0 (Linux; Android 10; K) AppleWebKit/537.36 (KHTML, like Gecko) Chrome/146.0.0.0 Mobile Safari/537.36"
104.28.161.29 - - [14/May/2026:12:36:21 -0400] "HEAD / HTTP/1.1" 200 - "https://www.megawatt.com.do/" "Mozilla/5.0 (Windows NT 10.0; Win64; x64) AppleWebKit/537.36 (KHTML, like Gecko) Chrome/91.0.4472.124 Safari/537.36"
159.89.216.7 - - [14/May/2026:12:36:21 -0400] "GET /wpzarsna.php HTTP/1.1" 200 178755 "-" "Mozilla/5.0 (Linux; Android 10; K) AppleWebKit/537.36 (KHTML, like Gecko) Chrome/146.0.0.0 Mobile Safari/537.36"
104.28.161.29 - - [14/May/2026:12:36:23 -0400] "HEAD / HTTP/1.1" 200 - "https://www.megawatt.com.do/" "Mozilla/5.0 (Windows NT 10.0; Win64; x64) AppleWebKit/537.36 (KHTML, like Gecko) Chrome/91.0.4472.124 Safari/537.36"
159.89.216.7 - - [14/May/2026:12:36:23 -0400] "GET /wpxffeets.php HTTP/1.1" 200 178755 "-" "Mozilla/5.0 (Linux; Android 10; K) AppleWebKit/537.36 (KHTML, like Gecko) Chrome/146.0.0.0 Mobile Safari/537.36"
159.89.216.7 - - [14/May/2026:12:36:25 -0400] "GET /OrvceX-87545456892.php HTTP/1.1" 200 178755 "-" "Mozilla/5.0 (Linux; Android 10; K) AppleWebKit/537.36 (KHTML, like Gecko) Chrome/146.0.0.0 Mobile Safari/537.36"
159.89.216.7 - - [14/May/2026:12:36:26 -0400] "GET /stamena-WP.php HTTP/1.1" 200 178755 "-" "Mozilla/5.0 (Linux; Android 10; K) AppleWebKit/537.36 (KHTML, like Gecko) Chrome/146.0.0.0 Mobile Safari/537.36"
159.89.216.7 - - [14/May/2026:12:36:28 -0400] "GET /wp-admins.php HTTP/1.1" 200 178755 "-" "Mozilla/5.0 (Linux; Android 10; K) AppleWebKit/537.36 (KHTML, like Gecko) Chrome/146.0.0.0 Mobile Safari/537.36"
159.89.216.7 - - [14/May/2026:12:36:29 -0400] "GET /1911.php HTTP/1.1" 200 178755 "-" "Mozilla/5.0 (Linux; Android 10; K) AppleWebKit/537.36 (KHTML, like Gecko) Chrome/146.0.0.0 Mobile Safari/537.36"
159.89.216.7 - - [14/May/2026:12:36:31 -0400] "GET /wp-activites.php HTTP/1.1" 200 178755 "-" "Mozilla/5.0 (Linux; Android 10; K) AppleWebKit/537.36 (KHTML, like Gecko) Chrome/146.0.0.0 Mobile Safari/537.36"
159.89.216.7 - - [14/May/2026:12:36:32 -0400] "GET /wpstart.php HTTP/1.1" 200 178755 "-" "Mozilla/5.0 (Linux; Android 10; K) AppleWebKit/537.36 (KHTML, like Gecko) Chrome/146.0.0.0 Mobile Safari/537.36"
159.89.216.7 - - [14/May/2026:12:36:34 -0400] "GET /code89765456478.php HTTP/1.1" 200 178755 "-" "Mozilla/5.0 (Linux; Android 10; K) AppleWebKit/537.36 (KHTML, like Gecko) Chrome/146.0.0.0 Mobile Safari/537.36"
159.89.216.7 - - [14/May/2026:12:36:35 -0400] "GET /orven-5645648745.php HTTP/1.1" 200 178755 "-" "Mozilla/5.0 (Linux; Android 10; K) AppleWebKit/537.36 (KHTML, like Gecko) Chrome/146.0.0.0 Mobile Safari/537.36"
159.89.216.7 - - [14/May/2026:12:36:37 -0400] "GET /wpzstesn.php HTTP/1.1" 200 178755 "-" "Mozilla/5.0 (Linux; Android 10; K) AppleWebKit/537.36 (KHTML, like Gecko) Chrome/146.0.0.0 Mobile Safari/537.36"
159.89.216.7 - - [14/May/2026:12:36:38 -0400] "GET /Mailer_ed2d4f30b0227e.php HTTP/1.1" 200 178755 "-" "Mozilla/5.0 (Linux; Android 10; K) AppleWebKit/537.36 (KHTML, like Gecko) Chrome/146.0.0.0 Mobile Safari/537.36"
159.89.216.7 - - [14/May/2026:12:36:40 -0400] "GET /wp-login.php HTTP/1.1" 200 178755 "-" "Mozilla/5.0 (Linux; Android 10; K) AppleWebKit/537.36 (KHTML, like Gecko) Chrome/146.0.0.0 Mobile Safari/537.36"
159.89.216.7 - - [14/May/2026:12:36:42 -0400] "GET /Mailer_1e1c59c27bd7de.php HTTP/1.1" 200 178755 "-" "Mozilla/5.0 (Linux; Android 10; K) AppleWebKit/537.36 (KHTML, like Gecko) Chrome/146.0.0.0 Mobile Safari/537.36"
159.89.216.7 - - [14/May/2026:12:36:43 -0400] "GET /Mailer_3c612599f7c74b.php HTTP/1.1" 200 178754 "-" "Mozilla/5.0 (Linux; Android 10; K) AppleWebKit/537.36 (KHTML, like Gecko) Chrome/146.0.0.0 Mobile Safari/537.36"
159.89.216.7 - - [14/May/2026:12:36:45 -0400] "GET /Mailer_0cc3cf53f1856e.php HTTP/1.1" 200 178754 "-" "Mozilla/5.0 (Linux; Android 10; K) AppleWebKit/537.36 (KHTML, like Gecko) Chrome/146.0.0.0 Mobile Safari/537.36"
159.89.216.7 - - [14/May/2026:12:36:46 -0400] "GET /ed2d4f30b0227e.php HTTP/1.1" 200 178754 "-" "Mozilla/5.0 (Linux; Android 10; K) AppleWebKit/537.36 (KHTML, like Gecko) Chrome/146.0.0.0 Mobile Safari/537.36"
104.28.161.29 - - [14/May/2026:12:36:48 -0400] "HEAD / HTTP/1.1" 200 - "https://www.megawatt.com.do/" "Mozilla/5.0 (Windows NT 10.0; Win64; x64) AppleWebKit/537.36 (KHTML, like Gecko) Chrome/91.0.4472.124 Safari/537.36"
159.89.216.7 - - [14/May/2026:12:36:48 -0400] "GET /Mailer_b54b318bac52cd.php HTTP/1.1" 200 178755 "-" "Mozilla/5.0 (Linux; Android 10; K) AppleWebKit/537.36 (KHTML, like Gecko) Chrome/146.0.0.0 Mobile Safari/537.36"
159.89.216.7 - - [14/May/2026:12:36:50 -0400] "GET /0cc3cf53f1856e.php HTTP/1.1" 200 178755 "-" "Mozilla/5.0 (Linux; Android 10; K) AppleWebKit/537.36 (KHTML, like Gecko) Chrome/146.0.0.0 Mobile Safari/537.36"
104.28.161.29 - - [14/May/2026:12:36:51 -0400] "HEAD / HTTP/1.1" 200 - "https://www.megawatt.com.do/" "Mozilla/5.0 (Windows NT 10.0; Win64; x64) AppleWebKit/537.36 (KHTML, like Gecko) Chrome/91.0.4472.124 Safari/537.36"
159.89.216.7 - - [14/May/2026:12:36:51 -0400] "GET /b54b318bac52cd.php HTTP/1.1" 200 178755 "-" "Mozilla/5.0 (Linux; Android 10; K) AppleWebKit/537.36 (KHTML, like Gecko) Chrome/146.0.0.0 Mobile Safari/537.36"
159.89.216.7 - - [14/May/2026:12:36:54 -0400] "GET /3c612599f7c74b.php HTTP/1.1" 200 178755 "-" "Mozilla/5.0 (Linux; Android 10; K) AppleWebKit/537.36 (KHTML, like Gecko) Chrome/146.0.0.0 Mobile Safari/537.36"
159.89.216.7 - - [14/May/2026:12:36:56 -0400] "GET /1e1c59c27bd7de.php HTTP/1.1" 200 178755 "-" "Mozilla/5.0 (Linux; Android 10; K) AppleWebKit/537.36 (KHTML, like Gecko) Chrome/146.0.0.0 Mobile Safari/537.36"
159.89.216.7 - - [14/May/2026:12:37:00 -0400] "GET /cache.php HTTP/1.1" 200 178755 "-" "Mozilla/5.0 (Linux; Android 10; K) AppleWebKit/537.36 (KHTML, like Gecko) Chrome/146.0.0.0 Mobile Safari/537.36"
159.89.216.7 - - [14/May/2026:12:37:03 -0400] "GET /wp-load.php HTTP/1.1" 200 178755 "-" "Mozilla/5.0 (Linux; Android 10; K) AppleWebKit/537.36 (KHTML, like Gecko) Chrome/146.0.0.0 Mobile Safari/537.36"
