23.82.96.179 - - [14/May/2026:13:00:25 -0400] "GET /psh.php HTTP/1.1" 200 178755 "-" "Mozilla/5.0 (Macintosh; Intel Mac OS X 10_15_7) AppleWebKit/537.36 (KHTML, like Gecko) Chrome/146.0.0.0 Safari/537.36"
23.82.96.179 - - [14/May/2026:13:00:27 -0400] "GET /memberfuns.php HTTP/1.1" 200 178755 "-" "Mozilla/5.0 (Macintosh; Intel Mac OS X 10_15_7) AppleWebKit/537.36 (KHTML, like Gecko) Chrome/146.0.0.0 Safari/537.36"
104.28.161.29 - - [14/May/2026:13:00:27 -0400] "HEAD / HTTP/1.1" 200 - "https://www.megawatt.com.do/" "Mozilla/5.0 (Windows NT 10.0; Win64; x64) AppleWebKit/537.36 (KHTML, like Gecko) Chrome/91.0.4472.124 Safari/537.36"
23.82.96.179 - - [14/May/2026:13:00:29 -0400] "GET /wpsirddt.php HTTP/1.1" 200 178755 "-" "Mozilla/5.0 (Macintosh; Intel Mac OS X 10_15_7) AppleWebKit/537.36 (KHTML, like Gecko) Chrome/146.0.0.0 Safari/537.36"
23.82.96.179 - - [14/May/2026:13:00:31 -0400] "GET /network.php HTTP/1.1" 200 178755 "-" "Mozilla/5.0 (Macintosh; Intel Mac OS X 10_15_7) AppleWebKit/537.36 (KHTML, like Gecko) Chrome/146.0.0.0 Safari/537.36"
104.28.161.29 - - [14/May/2026:13:00:32 -0400] "HEAD / HTTP/1.1" 200 - "https://www.megawatt.com.do/" "Mozilla/5.0 (Windows NT 10.0; Win64; x64) AppleWebKit/537.36 (KHTML, like Gecko) Chrome/91.0.4472.124 Safari/537.36"
23.82.96.179 - - [14/May/2026:13:00:33 -0400] "GET /min.php HTTP/1.1" 200 178755 "-" "Mozilla/5.0 (Macintosh; Intel Mac OS X 10_15_7) AppleWebKit/537.36 (KHTML, like Gecko) Chrome/146.0.0.0 Safari/537.36"
23.82.96.179 - - [14/May/2026:13:00:35 -0400] "GET /authorize.php HTTP/1.1" 200 178755 "-" "Mozilla/5.0 (Macintosh; Intel Mac OS X 10_15_7) AppleWebKit/537.36 (KHTML, like Gecko) Chrome/146.0.0.0 Safari/537.36"
23.82.96.179 - - [14/May/2026:13:00:37 -0400] "GET /post.php HTTP/1.1" 200 178755 "-" "Mozilla/5.0 (Macintosh; Intel Mac OS X 10_15_7) AppleWebKit/537.36 (KHTML, like Gecko) Chrome/146.0.0.0 Safari/537.36"
23.82.96.179 - - [14/May/2026:13:00:39 -0400] "GET /123.php HTTP/1.1" 200 178755 "-" "Mozilla/5.0 (Macintosh; Intel Mac OS X 10_15_7) AppleWebKit/537.36 (KHTML, like Gecko) Chrome/146.0.0.0 Safari/537.36"
23.82.96.179 - - [14/May/2026:13:00:41 -0400] "GET /q.php HTTP/1.1" 200 178755 "-" "Mozilla/5.0 (Macintosh; Intel Mac OS X 10_15_7) AppleWebKit/537.36 (KHTML, like Gecko) Chrome/146.0.0.0 Safari/537.36"
23.82.96.179 - - [14/May/2026:13:00:43 -0400] "GET /aa.php HTTP/1.1" 200 178754 "-" "Mozilla/5.0 (Macintosh; Intel Mac OS X 10_15_7) AppleWebKit/537.36 (KHTML, like Gecko) Chrome/146.0.0.0 Safari/537.36"
104.28.161.29 - - [14/May/2026:13:00:44 -0400] "POST /wp-login.php HTTP/1.1" 200 178754 "http://www.megawatt.com.do/wp-admin/" "Mozilla/5.0 (Windows NT 10.0; Win64; x64) AppleWebKit/537.36 (KHTML, like Gecko) Chrome/90.0.4430.85 Safari/537.36"
23.82.96.179 - - [14/May/2026:13:00:45 -0400] "GET /file.php HTTP/1.1" 200 178754 "-" "Mozilla/5.0 (Macintosh; Intel Mac OS X 10_15_7) AppleWebKit/537.36 (KHTML, like Gecko) Chrome/146.0.0.0 Safari/537.36"
104.28.161.29 - - [14/May/2026:13:00:46 -0400] "GET /wp-admin/ HTTP/1.1" 200 177195 "https://www.google.com/" "Mozilla/5.0 (Windows NT 10.0; Win64; x64) AppleWebKit/537.36 (KHTML, like Gecko) Chrome/91.0.4472.124 Safari/537.36"
23.82.96.179 - - [14/May/2026:13:00:47 -0400] "GET /phpmailer.php HTTP/1.1" 200 178755 "-" "Mozilla/5.0 (Macintosh; Intel Mac OS X 10_15_7) AppleWebKit/537.36 (KHTML, like Gecko) Chrome/146.0.0.0 Safari/537.36"
23.82.96.179 - - [14/May/2026:13:00:49 -0400] "GET /raw.php HTTP/1.1" 200 178755 "-" "Mozilla/5.0 (Macintosh; Intel Mac OS X 10_15_7) AppleWebKit/537.36 (KHTML, like Gecko) Chrome/146.0.0.0 Safari/537.36"
23.82.96.179 - - [14/May/2026:13:00:51 -0400] "GET /menu.php HTTP/1.1" 200 178755 "-" "Mozilla/5.0 (Macintosh; Intel Mac OS X 10_15_7) AppleWebKit/537.36 (KHTML, like Gecko) Chrome/146.0.0.0 Safari/537.36"
23.82.96.179 - - [14/May/2026:13:00:53 -0400] "GET /wso1.php HTTP/1.1" 200 178755 "-" "Mozilla/5.0 (Macintosh; Intel Mac OS X 10_15_7) AppleWebKit/537.36 (KHTML, like Gecko) Chrome/146.0.0.0 Safari/537.36"
23.82.96.179 - - [14/May/2026:13:00:55 -0400] "GET /mini.php HTTP/1.1" 200 178755 "-" "Mozilla/5.0 (Macintosh; Intel Mac OS X 10_15_7) AppleWebKit/537.36 (KHTML, like Gecko) Chrome/146.0.0.0 Safari/537.36"
23.82.96.179 - - [14/May/2026:13:00:57 -0400] "GET /pages.php HTTP/1.1" 200 178755 "-" "Mozilla/5.0 (Macintosh; Intel Mac OS X 10_15_7) AppleWebKit/537.36 (KHTML, like Gecko) Chrome/146.0.0.0 Safari/537.36"
23.82.96.179 - - [14/May/2026:13:00:59 -0400] "GET /am.php HTTP/1.1" 200 178755 "-" "Mozilla/5.0 (Macintosh; Intel Mac OS X 10_15_7) AppleWebKit/537.36 (KHTML, like Gecko) Chrome/146.0.0.0 Safari/537.36"
104.28.161.29 - - [14/May/2026:13:01:00 -0400] "GET /wp-admin/plugin-install.php?tab=upload HTTP/1.1" 200 177195 "https://www.google.com/" "Mozilla/5.0 (Windows NT 10.0; Win64; x64) AppleWebKit/537.36 (KHTML, like Gecko) Chrome/91.0.4472.124 Safari/537.36"
23.82.96.179 - - [14/May/2026:13:01:01 -0400] "GET /years.php HTTP/1.1" 200 178755 "-" "Mozilla/5.0 (Macintosh; Intel Mac OS X 10_15_7) AppleWebKit/537.36 (KHTML, like Gecko) Chrome/146.0.0.0 Safari/537.36"
23.82.96.179 - - [14/May/2026:13:01:03 -0400] "GET /default.php HTTP/1.1" 200 178755 "-" "Mozilla/5.0 (Macintosh; Intel Mac OS X 10_15_7) AppleWebKit/537.36 (KHTML, like Gecko) Chrome/146.0.0.0 Safari/537.36"
23.82.96.179 - - [14/May/2026:13:01:05 -0400] "GET /wp-admin.php HTTP/1.1" 200 178755 "-" "Mozilla/5.0 (Macintosh; Intel Mac OS X 10_15_7) AppleWebKit/537.36 (KHTML, like Gecko) Chrome/146.0.0.0 Safari/537.36"
23.82.96.179 - - [14/May/2026:13:01:07 -0400] "GET /indx.php HTTP/1.1" 200 178755 "-" "Mozilla/5.0 (Macintosh; Intel Mac OS X 10_15_7) AppleWebKit/537.36 (KHTML, like Gecko) Chrome/146.0.0.0 Safari/537.36"
23.82.96.179 - - [14/May/2026:13:01:09 -0400] "GET /user-edit.php HTTP/1.1" 200 178755 "-" "Mozilla/5.0 (Macintosh; Intel Mac OS X 10_15_7) AppleWebKit/537.36 (KHTML, like Gecko) Chrome/146.0.0.0 Safari/537.36"
23.82.96.179 - - [14/May/2026:13:01:11 -0400] "GET /ms-delete-site.php HTTP/1.1" 200 178755 "-" "Mozilla/5.0 (Macintosh; Intel Mac OS X 10_15_7) AppleWebKit/537.36 (KHTML, like Gecko) Chrome/146.0.0.0 Safari/537.36"
23.82.96.179 - - [14/May/2026:13:01:13 -0400] "GET /index3.php HTTP/1.1" 200 178755 "-" "Mozilla/5.0 (Macintosh; Intel Mac OS X 10_15_7) AppleWebKit/537.36 (KHTML, like Gecko) Chrome/146.0.0.0 Safari/537.36"
23.82.96.179 - - [14/May/2026:13:01:15 -0400] "GET /owl.php HTTP/1.1" 200 178755 "-" "Mozilla/5.0 (Macintosh; Intel Mac OS X 10_15_7) AppleWebKit/537.36 (KHTML, like Gecko) Chrome/146.0.0.0 Safari/537.36"
23.82.96.179 - - [14/May/2026:13:01:17 -0400] "GET /docindex.php HTTP/1.1" 200 178755 "-" "Mozilla/5.0 (Macintosh; Intel Mac OS X 10_15_7) AppleWebKit/537.36 (KHTML, like Gecko) Chrome/146.0.0.0 Safari/537.36"
23.82.96.179 - - [14/May/2026:13:01:19 -0400] "GET /ss.php HTTP/1.1" 200 178755 "-" "Mozilla/5.0 (Macintosh; Intel Mac OS X 10_15_7) AppleWebKit/537.36 (KHTML, like Gecko) Chrome/146.0.0.0 Safari/537.36"
23.82.96.179 - - [14/May/2026:13:01:21 -0400] "GET /PvqDq929BSx_A_D_M1n_a.php HTTP/1.1" 200 178755 "-" "Mozilla/5.0 (Macintosh; Intel Mac OS X 10_15_7) AppleWebKit/537.36 (KHTML, like Gecko) Chrome/146.0.0.0 Safari/537.36"
23.82.96.179 - - [14/May/2026:13:01:23 -0400] "GET /wp-conflg.php HTTP/1.1" 200 178755 "-" "Mozilla/5.0 (Macintosh; Intel Mac OS X 10_15_7) AppleWebKit/537.36 (KHTML, like Gecko) Chrome/146.0.0.0 Safari/537.36"
104.28.161.29 - - [14/May/2026:13:01:25 -0400] "HEAD / HTTP/1.1" 200 - "https://www.megawatt.com.do/" "Mozilla/5.0 (Windows NT 10.0; Win64; x64) AppleWebKit/537.36 (KHTML, like Gecko) Chrome/91.0.4472.124 Safari/537.36"
23.82.96.179 - - [14/May/2026:13:01:25 -0400] "GET /wp-class.php HTTP/1.1" 200 178755 "-" "Mozilla/5.0 (Macintosh; Intel Mac OS X 10_15_7) AppleWebKit/537.36 (KHTML, like Gecko) Chrome/146.0.0.0 Safari/537.36"
23.82.96.179 - - [14/May/2026:13:01:27 -0400] "GET /field.php HTTP/1.1" 200 178754 "-" "Mozilla/5.0 (Macintosh; Intel Mac OS X 10_15_7) AppleWebKit/537.36 (KHTML, like Gecko) Chrome/146.0.0.0 Safari/537.36"
23.82.96.179 - - [14/May/2026:13:01:29 -0400] "GET /engine.php HTTP/1.1" 200 178754 "-" "Mozilla/5.0 (Macintosh; Intel Mac OS X 10_15_7) AppleWebKit/537.36 (KHTML, like Gecko) Chrome/146.0.0.0 Safari/537.36"
23.82.96.179 - - [14/May/2026:13:01:31 -0400] "GET /service.php HTTP/1.1" 200 178755 "-" "Mozilla/5.0 (Macintosh; Intel Mac OS X 10_15_7) AppleWebKit/537.36 (KHTML, like Gecko) Chrome/146.0.0.0 Safari/537.36"
23.82.96.179 - - [14/May/2026:13:01:33 -0400] "GET /byp.php HTTP/1.1" 200 178755 "-" "Mozilla/5.0 (Macintosh; Intel Mac OS X 10_15_7) AppleWebKit/537.36 (KHTML, like Gecko) Chrome/146.0.0.0 Safari/537.36"
23.82.96.179 - - [14/May/2026:13:01:35 -0400] "GET /fx.php HTTP/1.1" 200 178755 "-" "Mozilla/5.0 (Macintosh; Intel Mac OS X 10_15_7) AppleWebKit/537.36 (KHTML, like Gecko) Chrome/146.0.0.0 Safari/537.36"
23.82.96.179 - - [14/May/2026:13:01:37 -0400] "GET /wp-configs.php HTTP/1.1" 200 178755 "-" "Mozilla/5.0 (Macintosh; Intel Mac OS X 10_15_7) AppleWebKit/537.36 (KHTML, like Gecko) Chrome/146.0.0.0 Safari/537.36"
23.82.96.179 - - [14/May/2026:13:01:39 -0400] "GET /sym403.php HTTP/1.1" 200 178755 "-" "Mozilla/5.0 (Macintosh; Intel Mac OS X 10_15_7) AppleWebKit/537.36 (KHTML, like Gecko) Chrome/146.0.0.0 Safari/537.36"
23.82.96.179 - - [14/May/2026:13:01:41 -0400] "GET /xmrlpc.php HTTP/1.1" 200 178755 "-" "Mozilla/5.0 (Macintosh; Intel Mac OS X 10_15_7) AppleWebKit/537.36 (KHTML, like Gecko) Chrome/146.0.0.0 Safari/537.36"
114.119.132.42 - - [14/May/2026:13:01:42 -0400] "GET /productos/distribuidor-autorizado HTTP/1.1" 200 178755 "-" "Mozilla/5.0 (Linux; Android 7.0;) AppleWebKit/537.36 (KHTML, like Gecko) Mobile Safari/537.36 (compatible; PetalBot;+https://webmaster.petalsearch.com/site/petalbot)"
23.82.96.179 - - [14/May/2026:13:01:43 -0400] "GET /basic.php HTTP/1.1" 200 178755 "-" "Mozilla/5.0 (Macintosh; Intel Mac OS X 10_15_7) AppleWebKit/537.36 (KHTML, like Gecko) Chrome/146.0.0.0 Safari/537.36"
104.28.161.29 - - [14/May/2026:13:01:43 -0400] "HEAD / HTTP/1.1" 200 - "https://www.megawatt.com.do/" "Mozilla/5.0 (Windows NT 10.0; Win64; x64) AppleWebKit/537.36 (KHTML, like Gecko) Chrome/91.0.4472.124 Safari/537.36"
23.82.96.179 - - [14/May/2026:13:01:45 -0400] "GET /expect.php HTTP/1.1" 200 178755 "-" "Mozilla/5.0 (Macintosh; Intel Mac OS X 10_15_7) AppleWebKit/537.36 (KHTML, like Gecko) Chrome/146.0.0.0 Safari/537.36"
23.82.96.179 - - [14/May/2026:13:01:47 -0400] "GET /framework.php HTTP/1.1" 200 178755 "-" "Mozilla/5.0 (Macintosh; Intel Mac OS X 10_15_7) AppleWebKit/537.36 (KHTML, like Gecko) Chrome/146.0.0.0 Safari/537.36"
23.82.96.179 - - [14/May/2026:13:01:49 -0400] "GET /database.php HTTP/1.1" 200 178755 "-" "Mozilla/5.0 (Macintosh; Intel Mac OS X 10_15_7) AppleWebKit/537.36 (KHTML, like Gecko) Chrome/146.0.0.0 Safari/537.36"
23.82.96.179 - - [14/May/2026:13:01:50 -0400] "GET /pp.php HTTP/1.1" 200 178755 "-" "Mozilla/5.0 (Macintosh; Intel Mac OS X 10_15_7) AppleWebKit/537.36 (KHTML, like Gecko) Chrome/146.0.0.0 Safari/537.36"
23.82.96.179 - - [14/May/2026:13:01:52 -0400] "GET /inc.php HTTP/1.1" 200 178755 "-" "Mozilla/5.0 (Macintosh; Intel Mac OS X 10_15_7) AppleWebKit/537.36 (KHTML, like Gecko) Chrome/146.0.0.0 Safari/537.36"
23.82.96.179 - - [14/May/2026:13:01:54 -0400] "GET /jj.php HTTP/1.1" 200 178755 "-" "Mozilla/5.0 (Macintosh; Intel Mac OS X 10_15_7) AppleWebKit/537.36 (KHTML, like Gecko) Chrome/146.0.0.0 Safari/537.36"
23.82.96.179 - - [14/May/2026:13:01:56 -0400] "GET /admin-footer.php HTTP/1.1" 200 178755 "-" "Mozilla/5.0 (Macintosh; Intel Mac OS X 10_15_7) AppleWebKit/537.36 (KHTML, like Gecko) Chrome/146.0.0.0 Safari/537.36"
23.82.96.179 - - [14/May/2026:13:01:58 -0400] "GET /admin-post.php HTTP/1.1" 200 178755 "-" "Mozilla/5.0 (Macintosh; Intel Mac OS X 10_15_7) AppleWebKit/537.36 (KHTML, like Gecko) Chrome/146.0.0.0 Safari/537.36"
23.82.96.179 - - [14/May/2026:13:02:00 -0400] "GET /repair.php HTTP/1.1" 200 178755 "-" "Mozilla/5.0 (Macintosh; Intel Mac OS X 10_15_7) AppleWebKit/537.36 (KHTML, like Gecko) Chrome/146.0.0.0 Safari/537.36"
23.82.96.179 - - [14/May/2026:13:02:02 -0400] "GET /orvxmailer.php HTTP/1.1" 200 178755 "-" "Mozilla/5.0 (Macintosh; Intel Mac OS X 10_15_7) AppleWebKit/537.36 (KHTML, like Gecko) Chrome/146.0.0.0 Safari/537.36"
23.82.96.179 - - [14/May/2026:13:02:04 -0400] "GET /testcp.php HTTP/1.1" 200 178755 "-" "Mozilla/5.0 (Macintosh; Intel Mac OS X 10_15_7) AppleWebKit/537.36 (KHTML, like Gecko) Chrome/146.0.0.0 Safari/537.36"
23.82.96.179 - - [14/May/2026:13:02:06 -0400] "GET /fm1.php HTTP/1.1" 200 178755 "-" "Mozilla/5.0 (Macintosh; Intel Mac OS X 10_15_7) AppleWebKit/537.36 (KHTML, like Gecko) Chrome/146.0.0.0 Safari/537.36"
23.82.96.179 - - [14/May/2026:13:02:08 -0400] "GET /ch.php HTTP/1.1" 200 178755 "-" "Mozilla/5.0 (Macintosh; Intel Mac OS X 10_15_7) AppleWebKit/537.36 (KHTML, like Gecko) Chrome/146.0.0.0 Safari/537.36"
23.82.96.179 - - [14/May/2026:13:02:10 -0400] "GET /system_log.php HTTP/1.1" 200 178754 "-" "Mozilla/5.0 (Macintosh; Intel Mac OS X 10_15_7) AppleWebKit/537.36 (KHTML, like Gecko) Chrome/146.0.0.0 Safari/537.36"
23.82.96.179 - - [14/May/2026:13:02:12 -0400] "GET /504.php HTTP/1.1" 200 178755 "-" "Mozilla/5.0 (Macintosh; Intel Mac OS X 10_15_7) AppleWebKit/537.36 (KHTML, like Gecko) Chrome/146.0.0.0 Safari/537.36"
104.28.161.29 - - [14/May/2026:13:02:13 -0400] "HEAD / HTTP/1.1" 200 - "https://www.megawatt.com.do/" "Mozilla/5.0 (Windows NT 10.0; Win64; x64) AppleWebKit/537.36 (KHTML, like Gecko) Chrome/91.0.4472.124 Safari/537.36"
104.28.161.29 - - [14/May/2026:13:02:13 -0400] "HEAD / HTTP/1.1" 200 - "https://www.megawatt.com.do/" "Mozilla/5.0 (Windows NT 10.0; Win64; x64) AppleWebKit/537.36 (KHTML, like Gecko) Chrome/91.0.4472.124 Safari/537.36"
23.82.96.179 - - [14/May/2026:13:02:14 -0400] "GET /xxl.php HTTP/1.1" 200 178755 "-" "Mozilla/5.0 (Macintosh; Intel Mac OS X 10_15_7) AppleWebKit/537.36 (KHTML, like Gecko) Chrome/146.0.0.0 Safari/537.36"
23.82.96.179 - - [14/May/2026:13:02:16 -0400] "GET /fm.php HTTP/1.1" 200 178755 "-" "Mozilla/5.0 (Macintosh; Intel Mac OS X 10_15_7) AppleWebKit/537.36 (KHTML, like Gecko) Chrome/146.0.0.0 Safari/537.36"
23.82.96.179 - - [14/May/2026:13:02:18 -0400] "GET /test-new.php HTTP/1.1" 200 178755 "-" "Mozilla/5.0 (Macintosh; Intel Mac OS X 10_15_7) AppleWebKit/537.36 (KHTML, like Gecko) Chrome/146.0.0.0 Safari/537.36"
23.82.96.179 - - [14/May/2026:13:02:20 -0400] "GET /cjfuns.php HTTP/1.1" 200 178755 "-" "Mozilla/5.0 (Macintosh; Intel Mac OS X 10_15_7) AppleWebKit/537.36 (KHTML, like Gecko) Chrome/146.0.0.0 Safari/537.36"
23.82.96.179 - - [14/May/2026:13:02:22 -0400] "GET /lcilfngz.php HTTP/1.1" 200 178755 "-" "Mozilla/5.0 (Macintosh; Intel Mac OS X 10_15_7) AppleWebKit/537.36 (KHTML, like Gecko) Chrome/146.0.0.0 Safari/537.36"
104.28.161.29 - - [14/May/2026:13:02:24 -0400] "HEAD / HTTP/1.1" 200 - "https://www.megawatt.com.do/" "Mozilla/5.0 (Windows NT 10.0; Win64; x64) AppleWebKit/537.36 (KHTML, like Gecko) Chrome/91.0.4472.124 Safari/537.36"
23.82.96.179 - - [14/May/2026:13:02:24 -0400] "GET /userfuns.php HTTP/1.1" 200 178755 "-" "Mozilla/5.0 (Macintosh; Intel Mac OS X 10_15_7) AppleWebKit/537.36 (KHTML, like Gecko) Chrome/146.0.0.0 Safari/537.36"
23.82.96.179 - - [14/May/2026:13:02:26 -0400] "GET /hplfuns.php HTTP/1.1" 200 178755 "-" "Mozilla/5.0 (Macintosh; Intel Mac OS X 10_15_7) AppleWebKit/537.36 (KHTML, like Gecko) Chrome/146.0.0.0 Safari/537.36"
104.28.161.29 - - [14/May/2026:13:02:27 -0400] "GET /wp-admin/plugin-install.php?tab=upload HTTP/1.1" 200 177195 "https://www.google.com/" "Mozilla/5.0 (Windows NT 10.0; Win64; x64) AppleWebKit/537.36 (KHTML, like Gecko) Chrome/91.0.4472.124 Safari/537.36"
23.82.96.179 - - [14/May/2026:13:02:28 -0400] "GET /alex.php HTTP/1.1" 200 178755 "-" "Mozilla/5.0 (Macintosh; Intel Mac OS X 10_15_7) AppleWebKit/537.36 (KHTML, like Gecko) Chrome/146.0.0.0 Safari/537.36"
23.82.96.179 - - [14/May/2026:13:02:30 -0400] "GET /siteheads.php HTTP/1.1" 200 178755 "-" "Mozilla/5.0 (Macintosh; Intel Mac OS X 10_15_7) AppleWebKit/537.36 (KHTML, like Gecko) Chrome/146.0.0.0 Safari/537.36"
23.82.96.179 - - [14/May/2026:13:02:32 -0400] "GET /soul.php HTTP/1.1" 200 178755 "-" "Mozilla/5.0 (Macintosh; Intel Mac OS X 10_15_7) AppleWebKit/537.36 (KHTML, like Gecko) Chrome/146.0.0.0 Safari/537.36"
104.28.161.29 - - [14/May/2026:13:02:32 -0400] "GET /wp-admin/ HTTP/1.1" 200 177195 "-" "Mozilla/5.0 (Windows NT 10.0; Win64; x64) AppleWebKit/537.36 (KHTML, like Gecko) Chrome/133.0.0.0 Safari/537.36"
23.82.96.179 - - [14/May/2026:13:02:34 -0400] "GET /delpaths.php HTTP/1.1" 200 178755 "-" "Mozilla/5.0 (Macintosh; Intel Mac OS X 10_15_7) AppleWebKit/537.36 (KHTML, like Gecko) Chrome/146.0.0.0 Safari/537.36"
23.82.96.179 - - [14/May/2026:13:02:36 -0400] "GET /shop.php HTTP/1.1" 200 178755 "-" "Mozilla/5.0 (Macintosh; Intel Mac OS X 10_15_7) AppleWebKit/537.36 (KHTML, like Gecko) Chrome/146.0.0.0 Safari/537.36"
104.28.161.29 - - [14/May/2026:13:02:36 -0400] "GET /wp-admin/plugin-install.php HTTP/1.1" 200 177195 "-" "Mozilla/5.0 (Windows NT 10.0; Win64; x64) AppleWebKit/537.36 (KHTML, like Gecko) Chrome/133.0.0.0 Safari/537.36"
23.82.96.179 - - [14/May/2026:13:02:38 -0400] "GET /xsox.php HTTP/1.1" 200 178755 "-" "Mozilla/5.0 (Macintosh; Intel Mac OS X 10_15_7) AppleWebKit/537.36 (KHTML, like Gecko) Chrome/146.0.0.0 Safari/537.36"
104.28.161.29 - - [14/May/2026:13:02:39 -0400] "GET /wp-admin/theme-install.php?tab=upload HTTP/1.1" 200 177195 "https://www.google.com/" "Mozilla/5.0 (Windows NT 10.0; Win64; x64) AppleWebKit/537.36 (KHTML, like Gecko) Chrome/91.0.4472.124 Safari/537.36"
23.82.96.179 - - [14/May/2026:13:02:40 -0400] "GET /doiconvs.php HTTP/1.1" 200 178755 "-" "Mozilla/5.0 (Macintosh; Intel Mac OS X 10_15_7) AppleWebKit/537.36 (KHTML, like Gecko) Chrome/146.0.0.0 Safari/537.36"
23.82.96.179 - - [14/May/2026:13:02:42 -0400] "GET /moddofuns.php HTTP/1.1" 200 178755 "-" "Mozilla/5.0 (Macintosh; Intel Mac OS X 10_15_7) AppleWebKit/537.36 (KHTML, like Gecko) Chrome/146.0.0.0 Safari/537.36"
104.28.161.29 - - [14/May/2026:13:02:43 -0400] "GET /wp-admin/ HTTP/1.1" 200 177195 "-" "Mozilla/5.0 (Windows NT 10.0; Win64; x64) AppleWebKit/537.36 (KHTML, like Gecko) Chrome/133.0.0.0 Safari/537.36"
23.82.96.179 - - [14/May/2026:13:02:44 -0400] "GET /fluentform.php HTTP/1.1" 200 178755 "-" "Mozilla/5.0 (Macintosh; Intel Mac OS X 10_15_7) AppleWebKit/537.36 (KHTML, like Gecko) Chrome/146.0.0.0 Safari/537.36"
23.82.96.179 - - [14/May/2026:13:02:46 -0400] "GET /module.php HTTP/1.1" 200 178755 "-" "Mozilla/5.0 (Macintosh; Intel Mac OS X 10_15_7) AppleWebKit/537.36 (KHTML, like Gecko) Chrome/146.0.0.0 Safari/537.36"
104.28.161.29 - - [14/May/2026:13:02:46 -0400] "GET /wp-admin/plugin-install.php HTTP/1.1" 200 177195 "-" "Mozilla/5.0 (Windows NT 10.0; Win64; x64) AppleWebKit/537.36 (KHTML, like Gecko) Chrome/133.0.0.0 Safari/537.36"
104.28.161.29 - - [14/May/2026:13:02:47 -0400] "HEAD / HTTP/1.1" 200 - "https://www.megawatt.com.do/" "Mozilla/5.0 (Windows NT 10.0; Win64; x64) AppleWebKit/537.36 (KHTML, like Gecko) Chrome/91.0.4472.124 Safari/537.36"
23.82.96.179 - - [14/May/2026:13:02:48 -0400] "GET /theme_support.php HTTP/1.1" 200 178755 "-" "Mozilla/5.0 (Macintosh; Intel Mac OS X 10_15_7) AppleWebKit/537.36 (KHTML, like Gecko) Chrome/146.0.0.0 Safari/537.36"
104.28.161.29 - - [14/May/2026:13:02:50 -0400] "POST /wp-admin/admin-ajax.php HTTP/1.1" 200 176561 "http://www.megawatt.com.do/wp-admin/plugin-editor.php" "Mozilla/5.0 (Windows NT 10.0; Win64; x64) AppleWebKit/537.36 (KHTML, like Gecko) Chrome/138.0.0.0 Safari/537.36"
23.82.96.179 - - [14/May/2026:13:02:50 -0400] "GET /db-update.php HTTP/1.1" 200 178754 "-" "Mozilla/5.0 (Macintosh; Intel Mac OS X 10_15_7) AppleWebKit/537.36 (KHTML, like Gecko) Chrome/146.0.0.0 Safari/537.36"
23.82.96.179 - - [14/May/2026:13:02:52 -0400] "GET /media.php HTTP/1.1" 200 178754 "-" "Mozilla/5.0 (Macintosh; Intel Mac OS X 10_15_7) AppleWebKit/537.36 (KHTML, like Gecko) Chrome/146.0.0.0 Safari/537.36"
104.28.161.29 - - [14/May/2026:13:02:53 -0400] "GET /wp-admin/plugin-editor.php HTTP/1.1" 200 177195 "http://www.megawatt.com.do/wp-admin/plugin-editor.php" "Mozilla/5.0 (Windows NT 10.0; Win64; x64) AppleWebKit/537.36 (KHTML, like Gecko) Chrome/138.0.0.0 Safari/537.36"
104.28.161.29 - - [14/May/2026:13:02:54 -0400] "HEAD / HTTP/1.1" 200 - "https://www.megawatt.com.do/" "Mozilla/5.0 (Windows NT 10.0; Win64; x64) AppleWebKit/537.36 (KHTML, like Gecko) Chrome/91.0.4472.124 Safari/537.36"
23.82.96.179 - - [14/May/2026:13:02:54 -0400] "GET /lock.php HTTP/1.1" 200 178755 "-" "Mozilla/5.0 (Macintosh; Intel Mac OS X 10_15_7) AppleWebKit/537.36 (KHTML, like Gecko) Chrome/146.0.0.0 Safari/537.36"
23.82.96.179 - - [14/May/2026:13:02:56 -0400] "GET /M3tri-control.php HTTP/1.1" 200 178755 "-" "Mozilla/5.0 (Macintosh; Intel Mac OS X 10_15_7) AppleWebKit/537.36 (KHTML, like Gecko) Chrome/146.0.0.0 Safari/537.36"
23.82.96.179 - - [14/May/2026:13:02:58 -0400] "GET /3.php HTTP/1.1" 200 178755 "-" "Mozilla/5.0 (Macintosh; Intel Mac OS X 10_15_7) AppleWebKit/537.36 (KHTML, like Gecko) Chrome/146.0.0.0 Safari/537.36"
23.82.96.179 - - [14/May/2026:13:03:00 -0400] "GET /functions.php HTTP/1.1" 200 178755 "-" "Mozilla/5.0 (Macintosh; Intel Mac OS X 10_15_7) AppleWebKit/537.36 (KHTML, like Gecko) Chrome/146.0.0.0 Safari/537.36"
23.82.96.179 - - [14/May/2026:13:03:02 -0400] "GET /f.php HTTP/1.1" 200 178755 "-" "Mozilla/5.0 (Macintosh; Intel Mac OS X 10_15_7) AppleWebKit/537.36 (KHTML, like Gecko) Chrome/146.0.0.0 Safari/537.36"
23.82.96.179 - - [14/May/2026:13:03:04 -0400] "GET /h.php HTTP/1.1" 200 178755 "-" "Mozilla/5.0 (Macintosh; Intel Mac OS X 10_15_7) AppleWebKit/537.36 (KHTML, like Gecko) Chrome/146.0.0.0 Safari/537.36"
23.82.96.179 - - [14/May/2026:13:03:06 -0400] "GET /leafmailer.php HTTP/1.1" 200 178755 "-" "Mozilla/5.0 (Macintosh; Intel Mac OS X 10_15_7) AppleWebKit/537.36 (KHTML, like Gecko) Chrome/146.0.0.0 Safari/537.36"
23.82.96.179 - - [14/May/2026:13:03:08 -0400] "GET /search.php HTTP/1.1" 200 178755 "-" "Mozilla/5.0 (Macintosh; Intel Mac OS X 10_15_7) AppleWebKit/537.36 (KHTML, like Gecko) Chrome/146.0.0.0 Safari/537.36"
23.82.96.179 - - [14/May/2026:13:03:10 -0400] "GET /xleet.php HTTP/1.1" 200 178755 "-" "Mozilla/5.0 (Macintosh; Intel Mac OS X 10_15_7) AppleWebKit/537.36 (KHTML, like Gecko) Chrome/146.0.0.0 Safari/537.36"
23.82.96.179 - - [14/May/2026:13:03:12 -0400] "GET /thumbs.php HTTP/1.1" 200 178755 "-" "Mozilla/5.0 (Macintosh; Intel Mac OS X 10_15_7) AppleWebKit/537.36 (KHTML, like Gecko) Chrome/146.0.0.0 Safari/537.36"
23.82.96.179 - - [14/May/2026:13:03:14 -0400] "GET /wp-blog.php HTTP/1.1" 200 178755 "-" "Mozilla/5.0 (Macintosh; Intel Mac OS X 10_15_7) AppleWebKit/537.36 (KHTML, like Gecko) Chrome/146.0.0.0 Safari/537.36"
23.82.96.179 - - [14/May/2026:13:03:16 -0400] "GET /w3llstore.php HTTP/1.1" 200 178755 "-" "Mozilla/5.0 (Macintosh; Intel Mac OS X 10_15_7) AppleWebKit/537.36 (KHTML, like Gecko) Chrome/146.0.0.0 Safari/537.36"
23.82.96.179 - - [14/May/2026:13:03:18 -0400] "GET /wp-atom.php HTTP/1.1" 200 178755 "-" "Mozilla/5.0 (Macintosh; Intel Mac OS X 10_15_7) AppleWebKit/537.36 (KHTML, like Gecko) Chrome/146.0.0.0 Safari/537.36"
104.28.161.29 - - [14/May/2026:13:03:18 -0400] "POST /wp-login.php HTTP/1.1" 200 178755 "https://www.google.com/" "Mozilla/5.0 (Windows NT 10.0; Win64; x64) AppleWebKit/537.36 (KHTML, like Gecko) Chrome/91.0.4472.124 Safari/537.36"
23.82.96.179 - - [14/May/2026:13:03:20 -0400] "GET /on.php HTTP/1.1" 200 178755 "-" "Mozilla/5.0 (Macintosh; Intel Mac OS X 10_15_7) AppleWebKit/537.36 (KHTML, like Gecko) Chrome/146.0.0.0 Safari/537.36"
104.28.161.29 - - [14/May/2026:13:03:20 -0400] "POST /wp-login.php HTTP/1.1" 200 178755 "http://www.megawatt.com.do/wp-admin/" "Mozilla/5.0 (Windows NT 10.0; Win64; x64) AppleWebKit/537.36 (KHTML, like Gecko) Chrome/90.0.4430.85 Safari/537.36"
23.82.96.179 - - [14/May/2026:13:03:22 -0400] "GET /mass.php HTTP/1.1" 200 178755 "-" "Mozilla/5.0 (Macintosh; Intel Mac OS X 10_15_7) AppleWebKit/537.36 (KHTML, like Gecko) Chrome/146.0.0.0 Safari/537.36"
104.28.161.29 - - [14/May/2026:13:03:22 -0400] "HEAD / HTTP/1.1" 200 - "https://www.megawatt.com.do/" "Mozilla/5.0 (Windows NT 10.0; Win64; x64) AppleWebKit/537.36 (KHTML, like Gecko) Chrome/91.0.4472.124 Safari/537.36"
23.82.96.179 - - [14/May/2026:13:03:24 -0400] "GET /like.php HTTP/1.1" 200 178755 "-" "Mozilla/5.0 (Macintosh; Intel Mac OS X 10_15_7) AppleWebKit/537.36 (KHTML, like Gecko) Chrome/146.0.0.0 Safari/537.36"
23.82.96.179 - - [14/May/2026:13:03:26 -0400] "GET /wp-register.php HTTP/1.1" 200 178755 "-" "Mozilla/5.0 (Macintosh; Intel Mac OS X 10_15_7) AppleWebKit/537.36 (KHTML, like Gecko) Chrome/146.0.0.0 Safari/537.36"
23.82.96.179 - - [14/May/2026:13:03:28 -0400] "GET /wp-rss2.php HTTP/1.1" 200 178755 "-" "Mozilla/5.0 (Macintosh; Intel Mac OS X 10_15_7) AppleWebKit/537.36 (KHTML, like Gecko) Chrome/146.0.0.0 Safari/537.36"
23.82.96.179 - - [14/May/2026:13:03:30 -0400] "GET /rp.php HTTP/1.1" 200 178755 "-" "Mozilla/5.0 (Macintosh; Intel Mac OS X 10_15_7) AppleWebKit/537.36 (KHTML, like Gecko) Chrome/146.0.0.0 Safari/537.36"
23.82.96.179 - - [14/May/2026:13:03:32 -0400] "GET /ts.php HTTP/1.1" 200 178754 "-" "Mozilla/5.0 (Macintosh; Intel Mac OS X 10_15_7) AppleWebKit/537.36 (KHTML, like Gecko) Chrome/146.0.0.0 Safari/537.36"
23.82.96.179 - - [14/May/2026:13:03:34 -0400] "GET /moon.php HTTP/1.1" 200 178754 "-" "Mozilla/5.0 (Macintosh; Intel Mac OS X 10_15_7) AppleWebKit/537.36 (KHTML, like Gecko) Chrome/146.0.0.0 Safari/537.36"
104.28.161.29 - - [14/May/2026:13:03:34 -0400] "GET /wp-admin/ HTTP/1.1" 200 177195 "https://www.google.com/" "Mozilla/5.0 (Windows NT 10.0; Win64; x64) AppleWebKit/537.36 (KHTML, like Gecko) Chrome/91.0.4472.124 Safari/537.36"
23.82.96.179 - - [14/May/2026:13:03:36 -0400] "GET /task.php HTTP/1.1" 200 178755 "-" "Mozilla/5.0 (Macintosh; Intel Mac OS X 10_15_7) AppleWebKit/537.36 (KHTML, like Gecko) Chrome/146.0.0.0 Safari/537.36"
104.28.161.29 - - [14/May/2026:13:03:37 -0400] "GET /wp-admin/plugin-install.php?tab=upload HTTP/1.1" 200 177195 "https://www.google.com/" "Mozilla/5.0 (Windows NT 10.0; Win64; x64) AppleWebKit/537.36 (KHTML, like Gecko) Chrome/91.0.4472.124 Safari/537.36"
23.82.96.179 - - [14/May/2026:13:03:38 -0400] "GET /cloud.php HTTP/1.1" 200 178755 "-" "Mozilla/5.0 (Macintosh; Intel Mac OS X 10_15_7) AppleWebKit/537.36 (KHTML, like Gecko) Chrome/146.0.0.0 Safari/537.36"
23.82.96.179 - - [14/May/2026:13:03:40 -0400] "GET /iR7SzrsOUEP.php HTTP/1.1" 200 178755 "-" "Mozilla/5.0 (Macintosh; Intel Mac OS X 10_15_7) AppleWebKit/537.36 (KHTML, like Gecko) Chrome/146.0.0.0 Safari/537.36"
104.28.161.29 - - [14/May/2026:13:03:40 -0400] "GET /wp-admin/ HTTP/1.1" 200 177195 "-" "Mozilla/5.0 (Windows NT 10.0; Win64; x64) AppleWebKit/537.36 (KHTML, like Gecko) Chrome/133.0.0.0 Safari/537.36"
23.82.96.179 - - [14/May/2026:13:03:42 -0400] "GET /testc.php HTTP/1.1" 200 178755 "-" "Mozilla/5.0 (Macintosh; Intel Mac OS X 10_15_7) AppleWebKit/537.36 (KHTML, like Gecko) Chrome/146.0.0.0 Safari/537.36"
104.28.161.29 - - [14/May/2026:13:03:44 -0400] "GET /wp-admin/plugin-install.php HTTP/1.1" 200 177195 "-" "Mozilla/5.0 (Windows NT 10.0; Win64; x64) AppleWebKit/537.36 (KHTML, like Gecko) Chrome/133.0.0.0 Safari/537.36"
23.82.96.179 - - [14/May/2026:13:03:44 -0400] "GET /plugin-core.php HTTP/1.1" 200 178755 "-" "Mozilla/5.0 (Macintosh; Intel Mac OS X 10_15_7) AppleWebKit/537.36 (KHTML, like Gecko) Chrome/146.0.0.0 Safari/537.36"
23.82.96.179 - - [14/May/2026:13:03:46 -0400] "GET /simple.php HTTP/1.1" 200 178755 "-" "Mozilla/5.0 (Macintosh; Intel Mac OS X 10_15_7) AppleWebKit/537.36 (KHTML, like Gecko) Chrome/146.0.0.0 Safari/537.36"
104.28.161.29 - - [14/May/2026:13:03:47 -0400] "GET /wp-admin/theme-install.php?tab=upload HTTP/1.1" 200 177195 "https://www.google.com/" "Mozilla/5.0 (Windows NT 10.0; Win64; x64) AppleWebKit/537.36 (KHTML, like Gecko) Chrome/91.0.4472.124 Safari/537.36"
104.28.161.29 - - [14/May/2026:13:03:48 -0400] "HEAD / HTTP/1.1" 200 - "https://www.megawatt.com.do/" "Mozilla/5.0 (Windows NT 10.0; Win64; x64) AppleWebKit/537.36 (KHTML, like Gecko) Chrome/91.0.4472.124 Safari/537.36"
23.82.96.179 - - [14/May/2026:13:03:48 -0400] "GET /ini_db-update.php HTTP/1.1" 200 178755 "-" "Mozilla/5.0 (Macintosh; Intel Mac OS X 10_15_7) AppleWebKit/537.36 (KHTML, like Gecko) Chrome/146.0.0.0 Safari/537.36"
104.28.161.29 - - [14/May/2026:13:03:50 -0400] "GET /wp-admin/ HTTP/1.1" 200 177195 "-" "Mozilla/5.0 (Windows NT 10.0; Win64; x64) AppleWebKit/537.36 (KHTML, like Gecko) Chrome/133.0.0.0 Safari/537.36"
23.82.96.179 - - [14/May/2026:13:03:50 -0400] "GET /classfuns.php HTTP/1.1" 200 178755 "-" "Mozilla/5.0 (Macintosh; Intel Mac OS X 10_15_7) AppleWebKit/537.36 (KHTML, like Gecko) Chrome/146.0.0.0 Safari/537.36"
23.82.96.179 - - [14/May/2026:13:03:52 -0400] "GET /gdftps.php HTTP/1.1" 200 178755 "-" "Mozilla/5.0 (Macintosh; Intel Mac OS X 10_15_7) AppleWebKit/537.36 (KHTML, like Gecko) Chrome/146.0.0.0 Safari/537.36"
104.28.161.29 - - [14/May/2026:13:03:53 -0400] "HEAD / HTTP/1.1" 200 - "https://www.megawatt.com.do/" "Mozilla/5.0 (Windows NT 10.0; Win64; x64) AppleWebKit/537.36 (KHTML, like Gecko) Chrome/91.0.4472.124 Safari/537.36"
104.28.161.29 - - [14/May/2026:13:03:53 -0400] "GET /wp-admin/plugin-install.php HTTP/1.1" 200 177195 "-" "Mozilla/5.0 (Windows NT 10.0; Win64; x64) AppleWebKit/537.36 (KHTML, like Gecko) Chrome/133.0.0.0 Safari/537.36"
23.82.96.179 - - [14/May/2026:13:03:54 -0400] "GET /996abdcb6a4ec3.php HTTP/1.1" 200 178755 "-" "Mozilla/5.0 (Macintosh; Intel Mac OS X 10_15_7) AppleWebKit/537.36 (KHTML, like Gecko) Chrome/146.0.0.0 Safari/537.36"
23.82.96.179 - - [14/May/2026:13:03:56 -0400] "GET /Mailer_996abdcb6a4ec3.php HTTP/1.1" 200 178755 "-" "Mozilla/5.0 (Macintosh; Intel Mac OS X 10_15_7) AppleWebKit/537.36 (KHTML, like Gecko) Chrome/146.0.0.0 Safari/537.36"
104.28.161.29 - - [14/May/2026:13:03:56 -0400] "POST /wp-admin/admin-ajax.php HTTP/1.1" 200 176561 "http://www.megawatt.com.do/wp-admin/plugin-editor.php" "Mozilla/5.0 (Windows NT 10.0; Win64; x64) AppleWebKit/537.36 (KHTML, like Gecko) Chrome/138.0.0.0 Safari/537.36"
23.82.96.179 - - [14/May/2026:13:03:58 -0400] "GET /wvzmubrv.php HTTP/1.1" 200 178755 "-" "Mozilla/5.0 (Macintosh; Intel Mac OS X 10_15_7) AppleWebKit/537.36 (KHTML, like Gecko) Chrome/146.0.0.0 Safari/537.36"
104.28.161.29 - - [14/May/2026:13:04:00 -0400] "HEAD / HTTP/1.1" 200 - "https://www.megawatt.com.do/" "Mozilla/5.0 (Windows NT 10.0; Win64; x64) AppleWebKit/537.36 (KHTML, like Gecko) Chrome/91.0.4472.124 Safari/537.36"
23.82.96.179 - - [14/May/2026:13:04:00 -0400] "GET /wp-hjhc.php HTTP/1.1" 200 178755 "-" "Mozilla/5.0 (Macintosh; Intel Mac OS X 10_15_7) AppleWebKit/537.36 (KHTML, like Gecko) Chrome/146.0.0.0 Safari/537.36"
23.82.96.179 - - [14/May/2026:13:04:02 -0400] "GET /r.php HTTP/1.1" 200 178755 "-" "Mozilla/5.0 (Macintosh; Intel Mac OS X 10_15_7) AppleWebKit/537.36 (KHTML, like Gecko) Chrome/146.0.0.0 Safari/537.36"
23.82.96.179 - - [14/May/2026:13:04:04 -0400] "GET /db.php HTTP/1.1" 200 178755 "-" "Mozilla/5.0 (Macintosh; Intel Mac OS X 10_15_7) AppleWebKit/537.36 (KHTML, like Gecko) Chrome/146.0.0.0 Safari/537.36"
104.28.161.29 - - [14/May/2026:13:04:05 -0400] "HEAD / HTTP/1.1" 200 - "https://www.megawatt.com.do/" "Mozilla/5.0 (Windows NT 10.0; Win64; x64) AppleWebKit/537.36 (KHTML, like Gecko) Chrome/91.0.4472.124 Safari/537.36"
104.28.161.29 - - [14/May/2026:13:04:05 -0400] "HEAD / HTTP/1.1" 200 - "https://www.megawatt.com.do/" "Mozilla/5.0 (Windows NT 10.0; Win64; x64) AppleWebKit/537.36 (KHTML, like Gecko) Chrome/91.0.4472.124 Safari/537.36"
104.28.161.29 - - [14/May/2026:13:04:05 -0400] "GET /wp-admin/plugin-editor.php HTTP/1.1" 200 177195 "http://www.megawatt.com.do/wp-admin/plugin-editor.php" "Mozilla/5.0 (Windows NT 10.0; Win64; x64) AppleWebKit/537.36 (KHTML, like Gecko) Chrome/138.0.0.0 Safari/537.36"
23.82.96.179 - - [14/May/2026:13:04:06 -0400] "GET /beence.php HTTP/1.1" 200 178755 "-" "Mozilla/5.0 (Macintosh; Intel Mac OS X 10_15_7) AppleWebKit/537.36 (KHTML, like Gecko) Chrome/146.0.0.0 Safari/537.36"
23.82.96.179 - - [14/May/2026:13:04:08 -0400] "GET /smtp.php HTTP/1.1" 200 178755 "-" "Mozilla/5.0 (Macintosh; Intel Mac OS X 10_15_7) AppleWebKit/537.36 (KHTML, like Gecko) Chrome/146.0.0.0 Safari/537.36"
23.82.96.179 - - [14/May/2026:13:04:10 -0400] "GET /lock360.php HTTP/1.1" 200 178754 "-" "Mozilla/5.0 (Macintosh; Intel Mac OS X 10_15_7) AppleWebKit/537.36 (KHTML, like Gecko) Chrome/146.0.0.0 Safari/537.36"
23.82.96.179 - - [14/May/2026:13:04:12 -0400] "GET /wp-l0gin.php HTTP/1.1" 200 178754 "-" "Mozilla/5.0 (Macintosh; Intel Mac OS X 10_15_7) AppleWebKit/537.36 (KHTML, like Gecko) Chrome/146.0.0.0 Safari/537.36"
23.82.96.179 - - [14/May/2026:13:04:14 -0400] "GET /class-IXR-date.php HTTP/1.1" 200 178754 "-" "Mozilla/5.0 (Macintosh; Intel Mac OS X 10_15_7) AppleWebKit/537.36 (KHTML, like Gecko) Chrome/146.0.0.0 Safari/537.36"
23.82.96.179 - - [14/May/2026:13:04:16 -0400] "GET /class-IXR-base64.php HTTP/1.1" 200 178755 "-" "Mozilla/5.0 (Macintosh; Intel Mac OS X 10_15_7) AppleWebKit/537.36 (KHTML, like Gecko) Chrome/146.0.0.0 Safari/537.36"
23.82.96.179 - - [14/May/2026:13:04:18 -0400] "GET /xXsend4.php HTTP/1.1" 200 178755 "-" "Mozilla/5.0 (Macintosh; Intel Mac OS X 10_15_7) AppleWebKit/537.36 (KHTML, like Gecko) Chrome/146.0.0.0 Safari/537.36"
23.82.96.179 - - [14/May/2026:13:04:20 -0400] "GET /Jennie007Greene.php HTTP/1.1" 200 178755 "-" "Mozilla/5.0 (Macintosh; Intel Mac OS X 10_15_7) AppleWebKit/537.36 (KHTML, like Gecko) Chrome/146.0.0.0 Safari/537.36"
23.82.96.179 - - [14/May/2026:13:04:22 -0400] "GET /v2.php HTTP/1.1" 200 178755 "-" "Mozilla/5.0 (Macintosh; Intel Mac OS X 10_15_7) AppleWebKit/537.36 (KHTML, like Gecko) Chrome/146.0.0.0 Safari/537.36"
23.82.96.179 - - [14/May/2026:13:04:24 -0400] "GET /la.php HTTP/1.1" 200 178755 "-" "Mozilla/5.0 (Macintosh; Intel Mac OS X 10_15_7) AppleWebKit/537.36 (KHTML, like Gecko) Chrome/146.0.0.0 Safari/537.36"
23.82.96.179 - - [14/May/2026:13:04:26 -0400] "GET /mail.php HTTP/1.1" 200 178755 "-" "Mozilla/5.0 (Macintosh; Intel Mac OS X 10_15_7) AppleWebKit/537.36 (KHTML, like Gecko) Chrome/146.0.0.0 Safari/537.36"
23.82.96.179 - - [14/May/2026:13:04:28 -0400] "GET /xleet-shell.php HTTP/1.1" 200 178755 "-" "Mozilla/5.0 (Macintosh; Intel Mac OS X 10_15_7) AppleWebKit/537.36 (KHTML, like Gecko) Chrome/146.0.0.0 Safari/537.36"
23.82.96.179 - - [14/May/2026:13:04:30 -0400] "GET /dashboard.php HTTP/1.1" 200 178755 "-" "Mozilla/5.0 (Macintosh; Intel Mac OS X 10_15_7) AppleWebKit/537.36 (KHTML, like Gecko) Chrome/146.0.0.0 Safari/537.36"
23.82.96.179 - - [14/May/2026:13:04:32 -0400] "GET /lux.php HTTP/1.1" 200 178755 "-" "Mozilla/5.0 (Macintosh; Intel Mac OS X 10_15_7) AppleWebKit/537.36 (KHTML, like Gecko) Chrome/146.0.0.0 Safari/537.36"
104.28.161.29 - - [14/May/2026:13:04:32 -0400] "HEAD / HTTP/1.1" 200 - "https://www.megawatt.com.do/" "Mozilla/5.0 (Windows NT 10.0; Win64; x64) AppleWebKit/537.36 (KHTML, like Gecko) Chrome/91.0.4472.124 Safari/537.36"
23.82.96.179 - - [14/May/2026:13:04:34 -0400] "GET /options-style.php HTTP/1.1" 200 178755 "-" "Mozilla/5.0 (Macintosh; Intel Mac OS X 10_15_7) AppleWebKit/537.36 (KHTML, like Gecko) Chrome/146.0.0.0 Safari/537.36"
104.28.161.29 - - [14/May/2026:13:04:34 -0400] "HEAD / HTTP/1.1" 200 - "https://www.megawatt.com.do/" "Mozilla/5.0 (Windows NT 10.0; Win64; x64) AppleWebKit/537.36 (KHTML, like Gecko) Chrome/91.0.4472.124 Safari/537.36"
23.82.96.179 - - [14/May/2026:13:04:36 -0400] "GET /wp-users.php HTTP/1.1" 200 178755 "-" "Mozilla/5.0 (Macintosh; Intel Mac OS X 10_15_7) AppleWebKit/537.36 (KHTML, like Gecko) Chrome/146.0.0.0 Safari/537.36"
23.82.96.179 - - [14/May/2026:13:04:38 -0400] "GET /RansomWeb.php HTTP/1.1" 200 178755 "-" "Mozilla/5.0 (Macintosh; Intel Mac OS X 10_15_7) AppleWebKit/537.36 (KHTML, like Gecko) Chrome/146.0.0.0 Safari/537.36"
23.82.96.179 - - [14/May/2026:13:04:40 -0400] "GET /dx.php HTTP/1.1" 200 178755 "-" "Mozilla/5.0 (Macintosh; Intel Mac OS X 10_15_7) AppleWebKit/537.36 (KHTML, like Gecko) Chrome/146.0.0.0 Safari/537.36"
23.82.96.179 - - [14/May/2026:13:04:42 -0400] "GET /mmm.php HTTP/1.1" 200 178755 "-" "Mozilla/5.0 (Macintosh; Intel Mac OS X 10_15_7) AppleWebKit/537.36 (KHTML, like Gecko) Chrome/146.0.0.0 Safari/537.36"
23.82.96.179 - - [14/May/2026:13:04:44 -0400] "GET /newdebugz.php HTTP/1.1" 200 178755 "-" "Mozilla/5.0 (Macintosh; Intel Mac OS X 10_15_7) AppleWebKit/537.36 (KHTML, like Gecko) Chrome/146.0.0.0 Safari/537.36"
104.28.161.29 - - [14/May/2026:13:04:44 -0400] "HEAD / HTTP/1.1" 200 - "https://www.megawatt.com.do/" "Mozilla/5.0 (Windows NT 10.0; Win64; x64) AppleWebKit/537.36 (KHTML, like Gecko) Chrome/91.0.4472.124 Safari/537.36"
23.82.96.179 - - [14/May/2026:13:04:46 -0400] "GET /admin-ajax.php HTTP/1.1" 200 178755 "-" "Mozilla/5.0 (Macintosh; Intel Mac OS X 10_15_7) AppleWebKit/537.36 (KHTML, like Gecko) Chrome/146.0.0.0 Safari/537.36"
23.82.96.179 - - [14/May/2026:13:04:48 -0400] "GET /shellv3.php HTTP/1.1" 200 178755 "-" "Mozilla/5.0 (Macintosh; Intel Mac OS X 10_15_7) AppleWebKit/537.36 (KHTML, like Gecko) Chrome/146.0.0.0 Safari/537.36"
104.28.161.29 - - [14/May/2026:13:04:49 -0400] "HEAD / HTTP/1.1" 200 - "https://www.megawatt.com.do/" "Mozilla/5.0 (Windows NT 10.0; Win64; x64) AppleWebKit/537.36 (KHTML, like Gecko) Chrome/91.0.4472.124 Safari/537.36"
23.82.96.179 - - [14/May/2026:13:04:50 -0400] "GET /zeroaxes.php HTTP/1.1" 200 178752 "-" "Mozilla/5.0 (Macintosh; Intel Mac OS X 10_15_7) AppleWebKit/537.36 (KHTML, like Gecko) Chrome/146.0.0.0 Safari/537.36"
23.82.96.179 - - [14/May/2026:13:04:52 -0400] "GET /wpstaantte.php HTTP/1.1" 200 178752 "-" "Mozilla/5.0 (Macintosh; Intel Mac OS X 10_15_7) AppleWebKit/537.36 (KHTML, like Gecko) Chrome/146.0.0.0 Safari/537.36"
23.82.96.179 - - [14/May/2026:13:04:54 -0400] "GET /a.php HTTP/1.1" 200 178755 "-" "Mozilla/5.0 (Macintosh; Intel Mac OS X 10_15_7) AppleWebKit/537.36 (KHTML, like Gecko) Chrome/146.0.0.0 Safari/537.36"
23.82.96.179 - - [14/May/2026:13:04:55 -0400] "GET /pol.php HTTP/1.1" 200 178755 "-" "Mozilla/5.0 (Macintosh; Intel Mac OS X 10_15_7) AppleWebKit/537.36 (KHTML, like Gecko) Chrome/146.0.0.0 Safari/537.36"
23.82.96.179 - - [14/May/2026:13:04:57 -0400] "GET /tempfuns.php HTTP/1.1" 200 178755 "-" "Mozilla/5.0 (Macintosh; Intel Mac OS X 10_15_7) AppleWebKit/537.36 (KHTML, like Gecko) Chrome/146.0.0.0 Safari/537.36"
104.28.161.29 - - [14/May/2026:13:04:58 -0400] "HEAD / HTTP/1.1" 200 - "https://www.megawatt.com.do/" "Mozilla/5.0 (Windows NT 10.0; Win64; x64) AppleWebKit/537.36 (KHTML, like Gecko) Chrome/91.0.4472.124 Safari/537.36"
104.28.161.29 - - [14/May/2026:13:04:59 -0400] "HEAD / HTTP/1.1" 200 - "https://www.megawatt.com.do/" "Mozilla/5.0 (Windows NT 10.0; Win64; x64) AppleWebKit/537.36 (KHTML, like Gecko) Chrome/91.0.4472.124 Safari/537.36"
23.82.96.179 - - [14/May/2026:13:04:59 -0400] "GET /phpzipincs.php HTTP/1.1" 200 178755 "-" "Mozilla/5.0 (Macintosh; Intel Mac OS X 10_15_7) AppleWebKit/537.36 (KHTML, like Gecko) Chrome/146.0.0.0 Safari/537.36"
104.28.161.29 - - [14/May/2026:13:05:02 -0400] "HEAD / HTTP/1.1" 200 - "https://www.megawatt.com.do/" "Mozilla/5.0 (Windows NT 10.0; Win64; x64) AppleWebKit/537.36 (KHTML, like Gecko) Chrome/91.0.4472.124 Safari/537.36"
23.82.96.179 - - [14/May/2026:13:05:02 -0400] "GET /admins.php HTTP/1.1" 200 178755 "-" "Mozilla/5.0 (Macintosh; Intel Mac OS X 10_15_7) AppleWebKit/537.36 (KHTML, like Gecko) Chrome/146.0.0.0 Safari/537.36"
23.82.96.179 - - [14/May/2026:13:05:04 -0400] "GET /wp-blast.php HTTP/1.1" 200 178755 "-" "Mozilla/5.0 (Macintosh; Intel Mac OS X 10_15_7) AppleWebKit/537.36 (KHTML, like Gecko) Chrome/146.0.0.0 Safari/537.36"
23.82.96.179 - - [14/May/2026:13:05:06 -0400] "GET /wp-kwala.php HTTP/1.1" 200 178755 "-" "Mozilla/5.0 (Macintosh; Intel Mac OS X 10_15_7) AppleWebKit/537.36 (KHTML, like Gecko) Chrome/146.0.0.0 Safari/537.36"
104.28.161.29 - - [14/May/2026:13:05:07 -0400] "HEAD / HTTP/1.1" 200 - "https://www.megawatt.com.do/" "Mozilla/5.0 (Windows NT 10.0; Win64; x64) AppleWebKit/537.36 (KHTML, like Gecko) Chrome/91.0.4472.124 Safari/537.36"
23.82.96.179 - - [14/May/2026:13:05:08 -0400] "GET /y2thzlwwonmnfvazoklaeCakc.php HTTP/1.1" 200 178755 "-" "Mozilla/5.0 (Macintosh; Intel Mac OS X 10_15_7) AppleWebKit/537.36 (KHTML, like Gecko) Chrome/146.0.0.0 Safari/537.36"
23.82.96.179 - - [14/May/2026:13:05:10 -0400] "GET /t.php HTTP/1.1" 200 178755 "-" "Mozilla/5.0 (Macintosh; Intel Mac OS X 10_15_7) AppleWebKit/537.36 (KHTML, like Gecko) Chrome/146.0.0.0 Safari/537.36"
23.82.96.179 - - [14/May/2026:13:05:12 -0400] "GET /o.php HTTP/1.1" 200 178755 "-" "Mozilla/5.0 (Macintosh; Intel Mac OS X 10_15_7) AppleWebKit/537.36 (KHTML, like Gecko) Chrome/146.0.0.0 Safari/537.36"
23.82.96.179 - - [14/May/2026:13:05:14 -0400] "GET /thoms.php HTTP/1.1" 200 178755 "-" "Mozilla/5.0 (Macintosh; Intel Mac OS X 10_15_7) AppleWebKit/537.36 (KHTML, like Gecko) Chrome/146.0.0.0 Safari/537.36"
23.82.96.179 - - [14/May/2026:13:05:16 -0400] "GET /6xBAm3vODE05BSzkJZRAws.php HTTP/1.1" 200 178755 "-" "Mozilla/5.0 (Macintosh; Intel Mac OS X 10_15_7) AppleWebKit/537.36 (KHTML, like Gecko) Chrome/146.0.0.0 Safari/537.36"
23.82.96.179 - - [14/May/2026:13:05:18 -0400] "GET /header.php HTTP/1.1" 200 178755 "-" "Mozilla/5.0 (Macintosh; Intel Mac OS X 10_15_7) AppleWebKit/537.36 (KHTML, like Gecko) Chrome/146.0.0.0 Safari/537.36"
23.82.96.179 - - [14/May/2026:13:05:20 -0400] "GET /common.php HTTP/1.1" 200 178755 "-" "Mozilla/5.0 (Macintosh; Intel Mac OS X 10_15_7) AppleWebKit/537.36 (KHTML, like Gecko) Chrome/146.0.0.0 Safari/537.36"
23.82.96.179 - - [14/May/2026:13:05:22 -0400] "GET /lib.php HTTP/1.1" 200 178755 "-" "Mozilla/5.0 (Macintosh; Intel Mac OS X 10_15_7) AppleWebKit/537.36 (KHTML, like Gecko) Chrome/146.0.0.0 Safari/537.36"
104.28.161.29 - - [14/May/2026:13:05:23 -0400] "HEAD / HTTP/1.1" 200 - "https://www.megawatt.com.do/" "Mozilla/5.0 (Windows NT 10.0; Win64; x64) AppleWebKit/537.36 (KHTML, like Gecko) Chrome/91.0.4472.124 Safari/537.36"
23.82.96.179 - - [14/May/2026:13:05:24 -0400] "GET /wp-logln.php HTTP/1.1" 200 178755 "-" "Mozilla/5.0 (Macintosh; Intel Mac OS X 10_15_7) AppleWebKit/537.36 (KHTML, like Gecko) Chrome/146.0.0.0 Safari/537.36"
104.28.161.29 - - [14/May/2026:13:05:26 -0400] "HEAD / HTTP/1.1" 200 - "https://www.megawatt.com.do/" "Mozilla/5.0 (Windows NT 10.0; Win64; x64) AppleWebKit/537.36 (KHTML, like Gecko) Chrome/91.0.4472.124 Safari/537.36"
23.82.96.179 - - [14/May/2026:13:05:26 -0400] "GET /newletter.php HTTP/1.1" 200 178755 "-" "Mozilla/5.0 (Macintosh; Intel Mac OS X 10_15_7) AppleWebKit/537.36 (KHTML, like Gecko) Chrome/146.0.0.0 Safari/537.36"
104.28.161.29 - - [14/May/2026:13:05:26 -0400] "HEAD / HTTP/1.1" 200 - "https://www.megawatt.com.do/" "Mozilla/5.0 (Windows NT 10.0; Win64; x64) AppleWebKit/537.36 (KHTML, like Gecko) Chrome/91.0.4472.124 Safari/537.36"
23.82.96.179 - - [14/May/2026:13:05:28 -0400] "GET /epinyins.php HTTP/1.1" 200 178755 "-" "Mozilla/5.0 (Macintosh; Intel Mac OS X 10_15_7) AppleWebKit/537.36 (KHTML, like Gecko) Chrome/146.0.0.0 Safari/537.36"
23.82.96.179 - - [14/May/2026:13:05:30 -0400] "GET /wp-site.php HTTP/1.1" 200 178754 "-" "Mozilla/5.0 (Macintosh; Intel Mac OS X 10_15_7) AppleWebKit/537.36 (KHTML, like Gecko) Chrome/146.0.0.0 Safari/537.36"
104.28.161.29 - - [14/May/2026:13:05:30 -0400] "HEAD / HTTP/1.1" 200 - "https://www.megawatt.com.do/" "Mozilla/5.0 (Windows NT 10.0; Win64; x64) AppleWebKit/537.36 (KHTML, like Gecko) Chrome/91.0.4472.124 Safari/537.36"
23.82.96.179 - - [14/May/2026:13:05:31 -0400] "GET /password.php HTTP/1.1" 200 178754 "-" "Mozilla/5.0 (Macintosh; Intel Mac OS X 10_15_7) AppleWebKit/537.36 (KHTML, like Gecko) Chrome/146.0.0.0 Safari/537.36"
104.28.161.29 - - [14/May/2026:13:05:33 -0400] "HEAD / HTTP/1.1" 200 - "https://www.megawatt.com.do/" "Mozilla/5.0 (Windows NT 10.0; Win64; x64) AppleWebKit/537.36 (KHTML, like Gecko) Chrome/91.0.4472.124 Safari/537.36"
23.82.96.179 - - [14/May/2026:13:05:33 -0400] "GET /got.php HTTP/1.1" 200 178755 "-" "Mozilla/5.0 (Macintosh; Intel Mac OS X 10_15_7) AppleWebKit/537.36 (KHTML, like Gecko) Chrome/146.0.0.0 Safari/537.36"
23.82.96.179 - - [14/May/2026:13:05:35 -0400] "GET /data.php HTTP/1.1" 200 178755 "-" "Mozilla/5.0 (Macintosh; Intel Mac OS X 10_15_7) AppleWebKit/537.36 (KHTML, like Gecko) Chrome/146.0.0.0 Safari/537.36"
23.82.96.179 - - [14/May/2026:13:05:37 -0400] "GET /log.php HTTP/1.1" 200 178755 "-" "Mozilla/5.0 (Macintosh; Intel Mac OS X 10_15_7) AppleWebKit/537.36 (KHTML, like Gecko) Chrome/146.0.0.0 Safari/537.36"
23.82.96.179 - - [14/May/2026:13:05:39 -0400] "GET /7.php HTTP/1.1" 200 178755 "-" "Mozilla/5.0 (Macintosh; Intel Mac OS X 10_15_7) AppleWebKit/537.36 (KHTML, like Gecko) Chrome/146.0.0.0 Safari/537.36"
104.28.161.29 - - [14/May/2026:13:05:41 -0400] "HEAD / HTTP/1.1" 200 - "https://www.megawatt.com.do/" "Mozilla/5.0 (Windows NT 10.0; Win64; x64) AppleWebKit/537.36 (KHTML, like Gecko) Chrome/91.0.4472.124 Safari/537.36"
23.82.96.179 - - [14/May/2026:13:05:42 -0400] "GET /to.php HTTP/1.1" 200 178755 "-" "Mozilla/5.0 (Macintosh; Intel Mac OS X 10_15_7) AppleWebKit/537.36 (KHTML, like Gecko) Chrome/146.0.0.0 Safari/537.36"
23.82.96.179 - - [14/May/2026:13:05:44 -0400] "GET /402.php HTTP/1.1" 200 178755 "-" "Mozilla/5.0 (Macintosh; Intel Mac OS X 10_15_7) AppleWebKit/537.36 (KHTML, like Gecko) Chrome/146.0.0.0 Safari/537.36"
23.82.96.179 - - [14/May/2026:13:05:46 -0400] "GET /511.php HTTP/1.1" 200 178755 "-" "Mozilla/5.0 (Macintosh; Intel Mac OS X 10_15_7) AppleWebKit/537.36 (KHTML, like Gecko) Chrome/146.0.0.0 Safari/537.36"
23.82.96.179 - - [14/May/2026:13:05:48 -0400] "GET /sym.php HTTP/1.1" 200 178755 "-" "Mozilla/5.0 (Macintosh; Intel Mac OS X 10_15_7) AppleWebKit/537.36 (KHTML, like Gecko) Chrome/146.0.0.0 Safari/537.36"
104.28.161.29 - - [14/May/2026:13:05:48 -0400] "HEAD / HTTP/1.1" 200 - "https://www.megawatt.com.do/" "Mozilla/5.0 (Windows NT 10.0; Win64; x64) AppleWebKit/537.36 (KHTML, like Gecko) Chrome/91.0.4472.124 Safari/537.36"
104.28.161.29 - - [14/May/2026:13:05:49 -0400] "HEAD / HTTP/1.1" 200 - "https://www.megawatt.com.do/" "Mozilla/5.0 (Windows NT 10.0; Win64; x64) AppleWebKit/537.36 (KHTML, like Gecko) Chrome/91.0.4472.124 Safari/537.36"
23.82.96.179 - - [14/May/2026:13:05:50 -0400] "GET /Login.php HTTP/1.1" 200 178755 "-" "Mozilla/5.0 (Macintosh; Intel Mac OS X 10_15_7) AppleWebKit/537.36 (KHTML, like Gecko) Chrome/146.0.0.0 Safari/537.36"
23.82.96.179 - - [14/May/2026:13:05:52 -0400] "GET /444.php HTTP/1.1" 200 178755 "-" "Mozilla/5.0 (Macintosh; Intel Mac OS X 10_15_7) AppleWebKit/537.36 (KHTML, like Gecko) Chrome/146.0.0.0 Safari/537.36"
23.82.96.179 - - [14/May/2026:13:05:54 -0400] "GET /urun.php HTTP/1.1" 200 178755 "-" "Mozilla/5.0 (Macintosh; Intel Mac OS X 10_15_7) AppleWebKit/537.36 (KHTML, like Gecko) Chrome/146.0.0.0 Safari/537.36"
104.28.161.29 - - [14/May/2026:13:05:55 -0400] "HEAD / HTTP/1.1" 200 - "https://www.megawatt.com.do/" "Mozilla/5.0 (Windows NT 10.0; Win64; x64) AppleWebKit/537.36 (KHTML, like Gecko) Chrome/91.0.4472.124 Safari/537.36"
23.82.96.179 - - [14/May/2026:13:05:56 -0400] "GET /orders.php HTTP/1.1" 200 178755 "-" "Mozilla/5.0 (Macintosh; Intel Mac OS X 10_15_7) AppleWebKit/537.36 (KHTML, like Gecko) Chrome/146.0.0.0 Safari/537.36"
104.28.161.29 - - [14/May/2026:13:05:56 -0400] "HEAD / HTTP/1.1" 200 - "https://www.megawatt.com.do/" "Mozilla/5.0 (Windows NT 10.0; Win64; x64) AppleWebKit/537.36 (KHTML, like Gecko) Chrome/91.0.4472.124 Safari/537.36"
23.82.96.179 - - [14/May/2026:13:05:58 -0400] "GET /new.php HTTP/1.1" 200 178755 "-" "Mozilla/5.0 (Macintosh; Intel Mac OS X 10_15_7) AppleWebKit/537.36 (KHTML, like Gecko) Chrome/146.0.0.0 Safari/537.36"
23.82.96.179 - - [14/May/2026:13:06:00 -0400] "GET /test2.php HTTP/1.1" 200 178755 "-" "Mozilla/5.0 (Macintosh; Intel Mac OS X 10_15_7) AppleWebKit/537.36 (KHTML, like Gecko) Chrome/146.0.0.0 Safari/537.36"
104.28.161.29 - - [14/May/2026:13:06:01 -0400] "HEAD / HTTP/1.1" 200 - "https://www.megawatt.com.do/" "Mozilla/5.0 (Windows NT 10.0; Win64; x64) AppleWebKit/537.36 (KHTML, like Gecko) Chrome/91.0.4472.124 Safari/537.36"
23.82.96.179 - - [14/May/2026:13:06:02 -0400] "GET /bank.php HTTP/1.1" 200 178755 "-" "Mozilla/5.0 (Macintosh; Intel Mac OS X 10_15_7) AppleWebKit/537.36 (KHTML, like Gecko) Chrome/146.0.0.0 Safari/537.36"
23.82.96.179 - - [14/May/2026:13:06:04 -0400] "GET /kk.php HTTP/1.1" 200 178755 "-" "Mozilla/5.0 (Macintosh; Intel Mac OS X 10_15_7) AppleWebKit/537.36 (KHTML, like Gecko) Chrome/146.0.0.0 Safari/537.36"
23.82.96.179 - - [14/May/2026:13:06:06 -0400] "GET /link.php HTTP/1.1" 200 178755 "-" "Mozilla/5.0 (Macintosh; Intel Mac OS X 10_15_7) AppleWebKit/537.36 (KHTML, like Gecko) Chrome/146.0.0.0 Safari/537.36"
23.82.96.179 - - [14/May/2026:13:06:08 -0400] "GET /test1.php HTTP/1.1" 200 178754 "-" "Mozilla/5.0 (Macintosh; Intel Mac OS X 10_15_7) AppleWebKit/537.36 (KHTML, like Gecko) Chrome/146.0.0.0 Safari/537.36"
104.28.161.29 - - [14/May/2026:13:06:08 -0400] "HEAD / HTTP/1.1" 200 - "https://www.megawatt.com.do/" "Mozilla/5.0 (Windows NT 10.0; Win64; x64) AppleWebKit/537.36 (KHTML, like Gecko) Chrome/91.0.4472.124 Safari/537.36"
23.82.96.179 - - [14/May/2026:13:06:10 -0400] "GET /xl2023.php HTTP/1.1" 200 178754 "-" "Mozilla/5.0 (Macintosh; Intel Mac OS X 10_15_7) AppleWebKit/537.36 (KHTML, like Gecko) Chrome/146.0.0.0 Safari/537.36"
23.82.96.179 - - [14/May/2026:13:06:12 -0400] "GET /ini_db_model.php HTTP/1.1" 200 178755 "-" "Mozilla/5.0 (Macintosh; Intel Mac OS X 10_15_7) AppleWebKit/537.36 (KHTML, like Gecko) Chrome/146.0.0.0 Safari/537.36"
104.28.161.29 - - [14/May/2026:13:06:13 -0400] "HEAD / HTTP/1.1" 200 - "https://www.megawatt.com.do/" "Mozilla/5.0 (Windows NT 10.0; Win64; x64) AppleWebKit/537.36 (KHTML, like Gecko) Chrome/91.0.4472.124 Safari/537.36"
