104.28.161.29 - - [14/May/2026:13:16:08 -0400] "HEAD / HTTP/1.1" 200 - "https://www.megawatt.com.do/" "Mozilla/5.0 (Windows NT 10.0; Win64; x64) AppleWebKit/537.36 (KHTML, like Gecko) Chrome/91.0.4472.124 Safari/537.36"
104.28.161.29 - - [14/May/2026:13:16:11 -0400] "HEAD / HTTP/1.1" 200 - "https://www.megawatt.com.do/" "Mozilla/5.0 (Windows NT 10.0; Win64; x64) AppleWebKit/537.36 (KHTML, like Gecko) Chrome/91.0.4472.124 Safari/537.36"
104.28.161.29 - - [14/May/2026:13:16:12 -0400] "HEAD / HTTP/1.1" 200 - "https://www.megawatt.com.do/" "Mozilla/5.0 (Windows NT 10.0; Win64; x64) AppleWebKit/537.36 (KHTML, like Gecko) Chrome/91.0.4472.124 Safari/537.36"
104.28.161.29 - - [14/May/2026:13:16:14 -0400] "HEAD / HTTP/1.1" 200 - "https://www.megawatt.com.do/" "Mozilla/5.0 (Windows NT 10.0; Win64; x64) AppleWebKit/537.36 (KHTML, like Gecko) Chrome/91.0.4472.124 Safari/537.36"
104.28.161.29 - - [14/May/2026:13:16:19 -0400] "HEAD / HTTP/1.1" 200 - "https://www.megawatt.com.do/" "Mozilla/5.0 (Windows NT 10.0; Win64; x64) AppleWebKit/537.36 (KHTML, like Gecko) Chrome/91.0.4472.124 Safari/537.36"
104.28.161.29 - - [14/May/2026:13:16:29 -0400] "HEAD / HTTP/1.1" 200 - "https://www.megawatt.com.do/" "Mozilla/5.0 (Windows NT 10.0; Win64; x64) AppleWebKit/537.36 (KHTML, like Gecko) Chrome/91.0.4472.124 Safari/537.36"
201.254.250.243 - - [14/May/2026:13:11:31 -0400] "POST /wp-login.php HTTP/1.1" 200 159958 "http://www.megawatt.com.do/wp-login.php" "Mozilla/5.0 (Windows NT 10.0; Win64; x64) AppleWebKit/537.36 (KHTML, like Gecko) Chrome/120.0.0.0 Safari/537.36"
104.28.161.29 - - [14/May/2026:13:16:36 -0400] "HEAD / HTTP/1.1" 200 - "https://www.megawatt.com.do/" "Mozilla/5.0 (Windows NT 10.0; Win64; x64) AppleWebKit/537.36 (KHTML, like Gecko) Chrome/91.0.4472.124 Safari/537.36"
104.28.161.29 - - [14/May/2026:13:16:42 -0400] "HEAD / HTTP/1.1" 200 - "https://www.megawatt.com.do/" "Mozilla/5.0 (Windows NT 10.0; Win64; x64) AppleWebKit/537.36 (KHTML, like Gecko) Chrome/91.0.4472.124 Safari/537.36"
104.28.161.29 - - [14/May/2026:13:16:45 -0400] "HEAD / HTTP/1.1" 200 - "https://www.megawatt.com.do/" "Mozilla/5.0 (Windows NT 10.0; Win64; x64) AppleWebKit/537.36 (KHTML, like Gecko) Chrome/91.0.4472.124 Safari/537.36"
104.28.161.29 - - [14/May/2026:13:16:54 -0400] "HEAD / HTTP/1.1" 200 - "https://www.megawatt.com.do/" "Mozilla/5.0 (Windows NT 10.0; Win64; x64) AppleWebKit/537.36 (KHTML, like Gecko) Chrome/91.0.4472.124 Safari/537.36"
104.28.161.29 - - [14/May/2026:13:16:54 -0400] "HEAD / HTTP/1.1" 200 - "https://www.megawatt.com.do/" "Mozilla/5.0 (Windows NT 10.0; Win64; x64) AppleWebKit/537.36 (KHTML, like Gecko) Chrome/91.0.4472.124 Safari/537.36"
104.28.161.29 - - [14/May/2026:13:16:55 -0400] "HEAD / HTTP/1.1" 200 - "https://www.megawatt.com.do/" "Mozilla/5.0 (Windows NT 10.0; Win64; x64) AppleWebKit/537.36 (KHTML, like Gecko) Chrome/91.0.4472.124 Safari/537.36"
104.28.161.29 - - [14/May/2026:13:16:55 -0400] "HEAD / HTTP/1.1" 200 - "https://www.megawatt.com.do/" "Mozilla/5.0 (Windows NT 10.0; Win64; x64) AppleWebKit/537.36 (KHTML, like Gecko) Chrome/91.0.4472.124 Safari/537.36"
104.28.161.29 - - [14/May/2026:13:17:07 -0400] "HEAD / HTTP/1.1" 200 - "https://www.megawatt.com.do/" "Mozilla/5.0 (Windows NT 10.0; Win64; x64) AppleWebKit/537.36 (KHTML, like Gecko) Chrome/91.0.4472.124 Safari/537.36"
104.28.161.29 - - [14/May/2026:13:17:09 -0400] "HEAD / HTTP/1.1" 200 - "https://www.megawatt.com.do/" "Mozilla/5.0 (Windows NT 10.0; Win64; x64) AppleWebKit/537.36 (KHTML, like Gecko) Chrome/91.0.4472.124 Safari/537.36"
104.28.161.29 - - [14/May/2026:13:17:11 -0400] "HEAD / HTTP/1.1" 200 - "https://www.megawatt.com.do/" "Mozilla/5.0 (Windows NT 10.0; Win64; x64) AppleWebKit/537.36 (KHTML, like Gecko) Chrome/91.0.4472.124 Safari/537.36"
104.28.161.29 - - [14/May/2026:13:17:12 -0400] "HEAD / HTTP/1.1" 200 - "https://www.megawatt.com.do/" "Mozilla/5.0 (Windows NT 10.0; Win64; x64) AppleWebKit/537.36 (KHTML, like Gecko) Chrome/91.0.4472.124 Safari/537.36"
104.28.161.29 - - [14/May/2026:13:17:22 -0400] "HEAD / HTTP/1.1" 200 - "https://www.megawatt.com.do/" "Mozilla/5.0 (Windows NT 10.0; Win64; x64) AppleWebKit/537.36 (KHTML, like Gecko) Chrome/91.0.4472.124 Safari/537.36"
104.28.161.29 - - [14/May/2026:13:17:22 -0400] "HEAD / HTTP/1.1" 200 - "https://www.megawatt.com.do/" "Mozilla/5.0 (Windows NT 10.0; Win64; x64) AppleWebKit/537.36 (KHTML, like Gecko) Chrome/91.0.4472.124 Safari/537.36"
34.151.244.103 - - [14/May/2026:13:17:22 -0400] "GET /.git/config HTTP/1.1" 200 178755 "-" "Lynx/2.8.7dev.4 libwww-FM/2.14 SSL-MM/1.4.1 OpenSSL/0.9.8d"
104.28.161.29 - - [14/May/2026:13:17:23 -0400] "HEAD / HTTP/1.1" 200 - "https://www.megawatt.com.do/" "Mozilla/5.0 (Windows NT 10.0; Win64; x64) AppleWebKit/537.36 (KHTML, like Gecko) Chrome/91.0.4472.124 Safari/537.36"
104.28.161.29 - - [14/May/2026:13:17:32 -0400] "HEAD / HTTP/1.1" 200 - "https://www.megawatt.com.do/" "Mozilla/5.0 (Windows NT 10.0; Win64; x64) AppleWebKit/537.36 (KHTML, like Gecko) Chrome/91.0.4472.124 Safari/537.36"
104.28.161.29 - - [14/May/2026:13:17:43 -0400] "HEAD / HTTP/1.1" 200 - "https://www.megawatt.com.do/" "Mozilla/5.0 (Windows NT 10.0; Win64; x64) AppleWebKit/537.36 (KHTML, like Gecko) Chrome/91.0.4472.124 Safari/537.36"
104.28.161.29 - - [14/May/2026:13:17:46 -0400] "HEAD / HTTP/1.1" 200 - "https://www.megawatt.com.do/" "Mozilla/5.0 (Windows NT 10.0; Win64; x64) AppleWebKit/537.36 (KHTML, like Gecko) Chrome/91.0.4472.124 Safari/537.36"
104.28.161.29 - - [14/May/2026:13:17:48 -0400] "HEAD / HTTP/1.1" 200 - "https://www.megawatt.com.do/" "Mozilla/5.0 (Windows NT 10.0; Win64; x64) AppleWebKit/537.36 (KHTML, like Gecko) Chrome/91.0.4472.124 Safari/537.36"
104.28.161.29 - - [14/May/2026:13:17:49 -0400] "HEAD / HTTP/1.1" 200 - "https://www.megawatt.com.do/" "Mozilla/5.0 (Windows NT 10.0; Win64; x64) AppleWebKit/537.36 (KHTML, like Gecko) Chrome/91.0.4472.124 Safari/537.36"
104.28.161.29 - - [14/May/2026:13:17:53 -0400] "HEAD / HTTP/1.1" 200 - "https://www.megawatt.com.do/" "Mozilla/5.0 (Windows NT 10.0; Win64; x64) AppleWebKit/537.36 (KHTML, like Gecko) Chrome/91.0.4472.124 Safari/537.36"
104.28.161.29 - - [14/May/2026:13:18:00 -0400] "HEAD / HTTP/1.1" 200 - "https://www.megawatt.com.do/" "Mozilla/5.0 (Windows NT 10.0; Win64; x64) AppleWebKit/537.36 (KHTML, like Gecko) Chrome/91.0.4472.124 Safari/537.36"
104.28.161.29 - - [14/May/2026:13:18:02 -0400] "HEAD / HTTP/1.1" 200 - "https://www.megawatt.com.do/" "Mozilla/5.0 (Windows NT 10.0; Win64; x64) AppleWebKit/537.36 (KHTML, like Gecko) Chrome/91.0.4472.124 Safari/537.36"
104.28.161.29 - - [14/May/2026:13:18:10 -0400] "HEAD / HTTP/1.1" 200 - "https://www.megawatt.com.do/" "Mozilla/5.0 (Windows NT 10.0; Win64; x64) AppleWebKit/537.36 (KHTML, like Gecko) Chrome/91.0.4472.124 Safari/537.36"
104.28.161.29 - - [14/May/2026:13:18:18 -0400] "HEAD / HTTP/1.1" 200 - "https://www.megawatt.com.do/" "Mozilla/5.0 (Windows NT 10.0; Win64; x64) AppleWebKit/537.36 (KHTML, like Gecko) Chrome/91.0.4472.124 Safari/537.36"
104.28.161.29 - - [14/May/2026:13:18:27 -0400] "HEAD / HTTP/1.1" 200 - "https://www.megawatt.com.do/" "Mozilla/5.0 (Windows NT 10.0; Win64; x64) AppleWebKit/537.36 (KHTML, like Gecko) Chrome/91.0.4472.124 Safari/537.36"
135.136.3.7 - - [14/May/2026:13:18:44 -0400] "GET /.htaccess HTTP/1.1" 403 178755 "-" "Mozilla/5.0 (Windows NT 10.0; Win64; x64) AppleWebKit/537.36 (KHTML, like Gecko) Chrome/146.0.0.0 Safari/537.36"
135.136.3.7 - - [14/May/2026:13:18:46 -0400] "GET /IuF6s6aJjhlQyMi79 HTTP/1.1" 200 178755 "-" "Mozilla/5.0 (Windows NT 10.0; Win64; x64) AppleWebKit/537.36 (KHTML, like Gecko) Chrome/146.0.0.0 Safari/537.36"
135.136.3.7 - - [14/May/2026:13:18:48 -0400] "GET /zbMqbvwqMol67nRMZZ HTTP/1.1" 200 178755 "-" "Mozilla/5.0 (Windows NT 10.0; Win64; x64) AppleWebKit/537.36 (KHTML, like Gecko) Chrome/146.0.0.0 Safari/537.36"
135.136.3.7 - - [14/May/2026:13:18:49 -0400] "GET /mbb0jOvbIan9HtAeJTg HTTP/1.1" 200 178755 "-" "Mozilla/5.0 (Windows NT 10.0; Win64; x64) AppleWebKit/537.36 (KHTML, like Gecko) Chrome/146.0.0.0 Safari/537.36"
135.136.3.7 - - [14/May/2026:13:18:51 -0400] "GET /error_log HTTP/1.1" 403 178755 "-" "Mozilla/5.0 (Windows NT 10.0; Win64; x64) AppleWebKit/537.36 (KHTML, like Gecko) Chrome/146.0.0.0 Safari/537.36"
135.136.3.7 - - [14/May/2026:13:18:53 -0400] "GET /home HTTP/1.1" 200 178755 "-" "Mozilla/5.0 (Windows NT 10.0; Win64; x64) AppleWebKit/537.36 (KHTML, like Gecko) Chrome/146.0.0.0 Safari/537.36"
104.28.161.29 - - [14/May/2026:13:18:54 -0400] "HEAD / HTTP/1.1" 200 - "https://www.megawatt.com.do/" "Mozilla/5.0 (Windows NT 10.0; Win64; x64) AppleWebKit/537.36 (KHTML, like Gecko) Chrome/91.0.4472.124 Safari/537.36"
135.136.3.7 - - [14/May/2026:13:18:55 -0400] "GET /shsspnwyl HTTP/1.1" 200 178755 "-" "Mozilla/5.0 (Windows NT 10.0; Win64; x64) AppleWebKit/537.36 (KHTML, like Gecko) Chrome/146.0.0.0 Safari/537.36"
135.136.3.7 - - [14/May/2026:13:18:56 -0400] "GET /EpCeTLKeXCTsWcASp.0.php HTTP/1.1" 200 178755 "-" "Mozilla/5.0 (Windows NT 10.0; Win64; x64) AppleWebKit/537.36 (KHTML, like Gecko) Chrome/146.0.0.0 Safari/537.36"
135.136.3.7 - - [14/May/2026:13:18:58 -0400] "GET /gQxkh9gGeFaeIBIcps.0.php HTTP/1.1" 200 178754 "-" "Mozilla/5.0 (Windows NT 10.0; Win64; x64) AppleWebKit/537.36 (KHTML, like Gecko) Chrome/146.0.0.0 Safari/537.36"
104.28.161.29 - - [14/May/2026:13:18:58 -0400] "HEAD / HTTP/1.1" 200 - "https://www.megawatt.com.do/" "Mozilla/5.0 (Windows NT 10.0; Win64; x64) AppleWebKit/537.36 (KHTML, like Gecko) Chrome/91.0.4472.124 Safari/537.36"
135.136.3.7 - - [14/May/2026:13:18:59 -0400] "GET /ZImbHcDDnmMsHqljWiy.0.php HTTP/1.1" 200 178754 "-" "Mozilla/5.0 (Windows NT 10.0; Win64; x64) AppleWebKit/537.36 (KHTML, like Gecko) Chrome/146.0.0.0 Safari/537.36"
104.28.161.29 - - [14/May/2026:13:19:00 -0400] "HEAD / HTTP/1.1" 200 - "https://www.megawatt.com.do/" "Mozilla/5.0 (Windows NT 10.0; Win64; x64) AppleWebKit/537.36 (KHTML, like Gecko) Chrome/91.0.4472.124 Safari/537.36"
135.136.3.7 - - [14/May/2026:13:19:01 -0400] "GET /alexusMailer_v2.0.php HTTP/1.1" 200 178755 "-" "Mozilla/5.0 (Windows NT 10.0; Win64; x64) AppleWebKit/537.36 (KHTML, like Gecko) Chrome/146.0.0.0 Safari/537.36"
135.136.3.7 - - [14/May/2026:13:19:03 -0400] "GET /K7r3SHcIndchRovIC.8.php HTTP/1.1" 200 178755 "-" "Mozilla/5.0 (Windows NT 10.0; Win64; x64) AppleWebKit/537.36 (KHTML, like Gecko) Chrome/146.0.0.0 Safari/537.36"
135.136.3.7 - - [14/May/2026:13:19:04 -0400] "GET /6tmhIQloK5dqxYwvjW.8.php HTTP/1.1" 200 178755 "-" "Mozilla/5.0 (Windows NT 10.0; Win64; x64) AppleWebKit/537.36 (KHTML, like Gecko) Chrome/146.0.0.0 Safari/537.36"
104.28.161.29 - - [14/May/2026:13:19:05 -0400] "HEAD / HTTP/1.1" 200 - "https://www.megawatt.com.do/" "Mozilla/5.0 (Windows NT 10.0; Win64; x64) AppleWebKit/537.36 (KHTML, like Gecko) Chrome/91.0.4472.124 Safari/537.36"
135.136.3.7 - - [14/May/2026:13:19:06 -0400] "GET /ryBdWBZL1SsOM7Tx7Hj.8.php HTTP/1.1" 200 178755 "-" "Mozilla/5.0 (Windows NT 10.0; Win64; x64) AppleWebKit/537.36 (KHTML, like Gecko) Chrome/146.0.0.0 Safari/537.36"
135.136.3.7 - - [14/May/2026:13:19:08 -0400] "GET /leafmailer2.8.php HTTP/1.1" 200 178755 "-" "Mozilla/5.0 (Windows NT 10.0; Win64; x64) AppleWebKit/537.36 (KHTML, like Gecko) Chrome/146.0.0.0 Safari/537.36"
135.136.3.7 - - [14/May/2026:13:19:09 -0400] "GET /h9IfDORlCdWvCFZxG.PHP HTTP/1.1" 200 178755 "-" "Mozilla/5.0 (Windows NT 10.0; Win64; x64) AppleWebKit/537.36 (KHTML, like Gecko) Chrome/146.0.0.0 Safari/537.36"
135.136.3.7 - - [14/May/2026:13:19:11 -0400] "GET /Luv1fi0VNe1j7zJwcy.PHP HTTP/1.1" 200 178755 "-" "Mozilla/5.0 (Windows NT 10.0; Win64; x64) AppleWebKit/537.36 (KHTML, like Gecko) Chrome/146.0.0.0 Safari/537.36"
135.136.3.7 - - [14/May/2026:13:19:13 -0400] "GET /hdqGGtV2hCM1ApOhjzb.PHP HTTP/1.1" 200 178755 "-" "Mozilla/5.0 (Windows NT 10.0; Win64; x64) AppleWebKit/537.36 (KHTML, like Gecko) Chrome/146.0.0.0 Safari/537.36"
104.28.161.29 - - [14/May/2026:13:19:13 -0400] "HEAD / HTTP/1.1" 200 - "https://www.megawatt.com.do/" "Mozilla/5.0 (Windows NT 10.0; Win64; x64) AppleWebKit/537.36 (KHTML, like Gecko) Chrome/91.0.4472.124 Safari/537.36"
135.136.3.7 - - [14/May/2026:13:19:14 -0400] "GET /alfa-rex.PHP HTTP/1.1" 200 178755 "-" "Mozilla/5.0 (Windows NT 10.0; Win64; x64) AppleWebKit/537.36 (KHTML, like Gecko) Chrome/146.0.0.0 Safari/537.36"
135.136.3.7 - - [14/May/2026:13:19:16 -0400] "GET /GhvQVtMcC06HeNGFt.PhP7 HTTP/1.1" 200 178755 "-" "Mozilla/5.0 (Windows NT 10.0; Win64; x64) AppleWebKit/537.36 (KHTML, like Gecko) Chrome/146.0.0.0 Safari/537.36"
135.136.3.7 - - [14/May/2026:13:19:18 -0400] "GET /xZxzNf3l8JN3iJBsQW.PhP7 HTTP/1.1" 200 178755 "-" "Mozilla/5.0 (Windows NT 10.0; Win64; x64) AppleWebKit/537.36 (KHTML, like Gecko) Chrome/146.0.0.0 Safari/537.36"
135.136.3.7 - - [14/May/2026:13:19:19 -0400] "GET /JbrvNXY6as0yX3ksa8T.PhP7 HTTP/1.1" 200 178755 "-" "Mozilla/5.0 (Windows NT 10.0; Win64; x64) AppleWebKit/537.36 (KHTML, like Gecko) Chrome/146.0.0.0 Safari/537.36"
135.136.3.7 - - [14/May/2026:13:19:21 -0400] "GET /randkeyword.PhP7 HTTP/1.1" 200 178755 "-" "Mozilla/5.0 (Windows NT 10.0; Win64; x64) AppleWebKit/537.36 (KHTML, like Gecko) Chrome/146.0.0.0 Safari/537.36"
104.28.161.29 - - [14/May/2026:13:19:22 -0400] "HEAD / HTTP/1.1" 200 - "https://www.megawatt.com.do/" "Mozilla/5.0 (Windows NT 10.0; Win64; x64) AppleWebKit/537.36 (KHTML, like Gecko) Chrome/91.0.4472.124 Safari/537.36"
135.136.3.7 - - [14/May/2026:13:19:23 -0400] "GET /alfa-rex.PhP7 HTTP/1.1" 200 178755 "-" "Mozilla/5.0 (Windows NT 10.0; Win64; x64) AppleWebKit/537.36 (KHTML, like Gecko) Chrome/146.0.0.0 Safari/537.36"
135.136.3.7 - - [14/May/2026:13:19:24 -0400] "GET /m.PhP7 HTTP/1.1" 200 178755 "-" "Mozilla/5.0 (Windows NT 10.0; Win64; x64) AppleWebKit/537.36 (KHTML, like Gecko) Chrome/146.0.0.0 Safari/537.36"
104.28.161.29 - - [14/May/2026:13:19:25 -0400] "HEAD / HTTP/1.1" 200 - "https://www.megawatt.com.do/" "Mozilla/5.0 (Windows NT 10.0; Win64; x64) AppleWebKit/537.36 (KHTML, like Gecko) Chrome/91.0.4472.124 Safari/537.36"
135.136.3.7 - - [14/May/2026:13:19:26 -0400] "GET /rcs.PhP7 HTTP/1.1" 200 178755 "-" "Mozilla/5.0 (Windows NT 10.0; Win64; x64) AppleWebKit/537.36 (KHTML, like Gecko) Chrome/146.0.0.0 Safari/537.36"
135.136.3.7 - - [14/May/2026:13:19:28 -0400] "GET /IYYd7vi2Hz_zt4ZE8.api.php HTTP/1.1" 200 178755 "-" "Mozilla/5.0 (Windows NT 10.0; Win64; x64) AppleWebKit/537.36 (KHTML, like Gecko) Chrome/146.0.0.0 Safari/537.36"
135.136.3.7 - - [14/May/2026:13:19:29 -0400] "GET /Pz4PxEUh5okyEbeGJr.api.php HTTP/1.1" 200 178755 "-" "Mozilla/5.0 (Windows NT 10.0; Win64; x64) AppleWebKit/537.36 (KHTML, like Gecko) Chrome/146.0.0.0 Safari/537.36"
135.136.3.7 - - [14/May/2026:13:19:31 -0400] "GET /jIPkvGLRgLZiI7qnoDB.api.php HTTP/1.1" 200 178755 "-" "Mozilla/5.0 (Windows NT 10.0; Win64; x64) AppleWebKit/537.36 (KHTML, like Gecko) Chrome/146.0.0.0 Safari/537.36"
135.136.3.7 - - [14/May/2026:13:19:33 -0400] "GET /class.api.php HTTP/1.1" 200 178755 "-" "Mozilla/5.0 (Windows NT 10.0; Win64; x64) AppleWebKit/537.36 (KHTML, like Gecko) Chrome/146.0.0.0 Safari/537.36"
135.136.3.7 - - [14/May/2026:13:19:34 -0400] "GET /MWiQ04hwjhqgfgrSN.ashx HTTP/1.1" 200 178754 "-" "Mozilla/5.0 (Windows NT 10.0; Win64; x64) AppleWebKit/537.36 (KHTML, like Gecko) Chrome/146.0.0.0 Safari/537.36"
135.136.3.7 - - [14/May/2026:13:19:36 -0400] "GET /n6qemqO2WvHWE7ppJo.ashx HTTP/1.1" 200 178754 "-" "Mozilla/5.0 (Windows NT 10.0; Win64; x64) AppleWebKit/537.36 (KHTML, like Gecko) Chrome/146.0.0.0 Safari/537.36"
135.136.3.7 - - [14/May/2026:13:19:37 -0400] "GET /zoXbPMICH8k10tkNB5P.ashx HTTP/1.1" 200 178754 "-" "Mozilla/5.0 (Windows NT 10.0; Win64; x64) AppleWebKit/537.36 (KHTML, like Gecko) Chrome/146.0.0.0 Safari/537.36"
135.136.3.7 - - [14/May/2026:13:19:39 -0400] "GET /tunnel.ashx HTTP/1.1" 200 178755 "-" "Mozilla/5.0 (Windows NT 10.0; Win64; x64) AppleWebKit/537.36 (KHTML, like Gecko) Chrome/146.0.0.0 Safari/537.36"
135.136.3.7 - - [14/May/2026:13:19:41 -0400] "GET /UNakOvyJY26LBmERq.aspx HTTP/1.1" 200 178755 "-" "Mozilla/5.0 (Windows NT 10.0; Win64; x64) AppleWebKit/537.36 (KHTML, like Gecko) Chrome/146.0.0.0 Safari/537.36"
135.136.3.7 - - [14/May/2026:13:19:42 -0400] "GET /Urt49RLgPWtUMpexcL.aspx HTTP/1.1" 200 178755 "-" "Mozilla/5.0 (Windows NT 10.0; Win64; x64) AppleWebKit/537.36 (KHTML, like Gecko) Chrome/146.0.0.0 Safari/537.36"
135.136.3.7 - - [14/May/2026:13:19:44 -0400] "GET /resF54_PjenABOojvK9.aspx HTTP/1.1" 200 178755 "-" "Mozilla/5.0 (Windows NT 10.0; Win64; x64) AppleWebKit/537.36 (KHTML, like Gecko) Chrome/146.0.0.0 Safari/537.36"
135.136.3.7 - - [14/May/2026:13:19:46 -0400] "GET /msok.aspx HTTP/1.1" 200 178755 "-" "Mozilla/5.0 (Windows NT 10.0; Win64; x64) AppleWebKit/537.36 (KHTML, like Gecko) Chrome/146.0.0.0 Safari/537.36"
135.136.3.7 - - [14/May/2026:13:19:47 -0400] "GET /Caterpillar.aspx HTTP/1.1" 200 178755 "-" "Mozilla/5.0 (Windows NT 10.0; Win64; x64) AppleWebKit/537.36 (KHTML, like Gecko) Chrome/146.0.0.0 Safari/537.36"
135.136.3.7 - - [14/May/2026:13:19:49 -0400] "GET /tunnel.aspx HTTP/1.1" 200 178755 "-" "Mozilla/5.0 (Windows NT 10.0; Win64; x64) AppleWebKit/537.36 (KHTML, like Gecko) Chrome/146.0.0.0 Safari/537.36"
135.136.3.7 - - [14/May/2026:13:19:51 -0400] "GET /iisstart.aspx HTTP/1.1" 200 178755 "-" "Mozilla/5.0 (Windows NT 10.0; Win64; x64) AppleWebKit/537.36 (KHTML, like Gecko) Chrome/146.0.0.0 Safari/537.36"
135.136.3.7 - - [14/May/2026:13:19:52 -0400] "GET /zR2RA1iHh9mk8h9lC.class.php HTTP/1.1" 200 178755 "-" "Mozilla/5.0 (Windows NT 10.0; Win64; x64) AppleWebKit/537.36 (KHTML, like Gecko) Chrome/146.0.0.0 Safari/537.36"
135.136.3.7 - - [14/May/2026:13:19:54 -0400] "GET /zfhghLaeEbB_AIxNxH.class.php HTTP/1.1" 200 178755 "-" "Mozilla/5.0 (Windows NT 10.0; Win64; x64) AppleWebKit/537.36 (KHTML, like Gecko) Chrome/146.0.0.0 Safari/537.36"
135.136.3.7 - - [14/May/2026:13:19:56 -0400] "GET /aVO1DKEUsLn0hdeP7wQ.class.php HTTP/1.1" 200 178755 "-" "Mozilla/5.0 (Windows NT 10.0; Win64; x64) AppleWebKit/537.36 (KHTML, like Gecko) Chrome/146.0.0.0 Safari/537.36"
135.136.3.7 - - [14/May/2026:13:19:57 -0400] "GET /news_parser.class.php HTTP/1.1" 200 178755 "-" "Mozilla/5.0 (Windows NT 10.0; Win64; x64) AppleWebKit/537.36 (KHTML, like Gecko) Chrome/146.0.0.0 Safari/537.36"
135.136.3.7 - - [14/May/2026:13:19:59 -0400] "GET /Td0rQQwZqK4Kx3zHU.do HTTP/1.1" 200 178755 "-" "Mozilla/5.0 (Windows NT 10.0; Win64; x64) AppleWebKit/537.36 (KHTML, like Gecko) Chrome/146.0.0.0 Safari/537.36"
135.136.3.7 - - [14/May/2026:13:20:01 -0400] "GET /ku0tUdlXOlp8dhIt1f.do HTTP/1.1" 200 178755 "-" "Mozilla/5.0 (Windows NT 10.0; Win64; x64) AppleWebKit/537.36 (KHTML, like Gecko) Chrome/146.0.0.0 Safari/537.36"
135.136.3.7 - - [14/May/2026:13:20:02 -0400] "GET /xcKFwHpXNzaWbPh5CIa.do HTTP/1.1" 200 178755 "-" "Mozilla/5.0 (Windows NT 10.0; Win64; x64) AppleWebKit/537.36 (KHTML, like Gecko) Chrome/146.0.0.0 Safari/537.36"
135.136.3.7 - - [14/May/2026:13:20:04 -0400] "GET /DownloadDocStepsAction.do HTTP/1.1" 200 178755 "-" "Mozilla/5.0 (Windows NT 10.0; Win64; x64) AppleWebKit/537.36 (KHTML, like Gecko) Chrome/146.0.0.0 Safari/537.36"
135.136.3.7 - - [14/May/2026:13:20:06 -0400] "GET /userLoginAction.do HTTP/1.1" 200 178755 "-" "Mozilla/5.0 (Windows NT 10.0; Win64; x64) AppleWebKit/537.36 (KHTML, like Gecko) Chrome/146.0.0.0 Safari/537.36"
135.136.3.7 - - [14/May/2026:13:20:07 -0400] "GET /UxXNskVgLlX2vpAxH.htaccess HTTP/1.1" 200 178755 "-" "Mozilla/5.0 (Windows NT 10.0; Win64; x64) AppleWebKit/537.36 (KHTML, like Gecko) Chrome/146.0.0.0 Safari/537.36"
135.136.3.7 - - [14/May/2026:13:20:09 -0400] "GET /R1ISMNi67nLg1kEr58.htaccess HTTP/1.1" 200 178755 "-" "Mozilla/5.0 (Windows NT 10.0; Win64; x64) AppleWebKit/537.36 (KHTML, like Gecko) Chrome/146.0.0.0 Safari/537.36"
104.28.161.29 - - [14/May/2026:13:20:10 -0400] "HEAD / HTTP/1.1" 200 - "https://www.megawatt.com.do/" "Mozilla/5.0 (Windows NT 10.0; Win64; x64) AppleWebKit/537.36 (KHTML, like Gecko) Chrome/91.0.4472.124 Safari/537.36"
135.136.3.7 - - [14/May/2026:13:20:11 -0400] "GET /jtgyow9vTcL80wOFcIz.htaccess HTTP/1.1" 200 178755 "-" "Mozilla/5.0 (Windows NT 10.0; Win64; x64) AppleWebKit/537.36 (KHTML, like Gecko) Chrome/146.0.0.0 Safari/537.36"
135.136.3.7 - - [14/May/2026:13:20:12 -0400] "GET /.htaccess HTTP/1.1" 403 178755 "-" "Mozilla/5.0 (Windows NT 10.0; Win64; x64) AppleWebKit/537.36 (KHTML, like Gecko) Chrome/146.0.0.0 Safari/537.36"
104.28.161.29 - - [14/May/2026:13:20:13 -0400] "HEAD / HTTP/1.1" 200 - "https://www.megawatt.com.do/" "Mozilla/5.0 (Windows NT 10.0; Win64; x64) AppleWebKit/537.36 (KHTML, like Gecko) Chrome/91.0.4472.124 Safari/537.36"
135.136.3.7 - - [14/May/2026:13:20:14 -0400] "GET /TsQjNHzYkxuGpkvij.html HTTP/1.1" 200 178755 "-" "Mozilla/5.0 (Windows NT 10.0; Win64; x64) AppleWebKit/537.36 (KHTML, like Gecko) Chrome/146.0.0.0 Safari/537.36"
104.28.161.29 - - [14/May/2026:13:20:16 -0400] "HEAD / HTTP/1.1" 200 - "https://www.megawatt.com.do/" "Mozilla/5.0 (Windows NT 10.0; Win64; x64) AppleWebKit/537.36 (KHTML, like Gecko) Chrome/91.0.4472.124 Safari/537.36"
135.136.3.7 - - [14/May/2026:13:20:16 -0400] "GET /UkUOdDlQpPpa1601S4.html HTTP/1.1" 200 178754 "-" "Mozilla/5.0 (Windows NT 10.0; Win64; x64) AppleWebKit/537.36 (KHTML, like Gecko) Chrome/146.0.0.0 Safari/537.36"
135.136.3.7 - - [14/May/2026:13:20:17 -0400] "GET /AoYo7LPbUESlKKZ__QP.html HTTP/1.1" 200 178754 "-" "Mozilla/5.0 (Windows NT 10.0; Win64; x64) AppleWebKit/537.36 (KHTML, like Gecko) Chrome/146.0.0.0 Safari/537.36"
135.136.3.7 - - [14/May/2026:13:20:19 -0400] "GET /index.html HTTP/1.1" 200 178755 "-" "Mozilla/5.0 (Windows NT 10.0; Win64; x64) AppleWebKit/537.36 (KHTML, like Gecko) Chrome/146.0.0.0 Safari/537.36"
135.136.3.7 - - [14/May/2026:13:20:21 -0400] "GET /readme.html HTTP/1.1" 403 178755 "-" "Mozilla/5.0 (Windows NT 10.0; Win64; x64) AppleWebKit/537.36 (KHTML, like Gecko) Chrome/146.0.0.0 Safari/537.36"
135.136.3.7 - - [14/May/2026:13:20:22 -0400] "GET /cloud.html HTTP/1.1" 200 178755 "-" "Mozilla/5.0 (Windows NT 10.0; Win64; x64) AppleWebKit/537.36 (KHTML, like Gecko) Chrome/146.0.0.0 Safari/537.36"
104.28.161.29 - - [14/May/2026:13:20:23 -0400] "HEAD / HTTP/1.1" 200 - "https://www.megawatt.com.do/" "Mozilla/5.0 (Windows NT 10.0; Win64; x64) AppleWebKit/537.36 (KHTML, like Gecko) Chrome/91.0.4472.124 Safari/537.36"
135.136.3.7 - - [14/May/2026:13:20:24 -0400] "GET /403.html HTTP/1.1" 200 178755 "-" "Mozilla/5.0 (Windows NT 10.0; Win64; x64) AppleWebKit/537.36 (KHTML, like Gecko) Chrome/146.0.0.0 Safari/537.36"
135.136.3.7 - - [14/May/2026:13:20:25 -0400] "GET /footer.html HTTP/1.1" 200 178755 "-" "Mozilla/5.0 (Windows NT 10.0; Win64; x64) AppleWebKit/537.36 (KHTML, like Gecko) Chrome/146.0.0.0 Safari/537.36"
135.136.3.7 - - [14/May/2026:13:20:27 -0400] "GET /bn4Vein3vMJ8cah3I.js HTTP/1.1" 200 178755 "-" "Mozilla/5.0 (Windows NT 10.0; Win64; x64) AppleWebKit/537.36 (KHTML, like Gecko) Chrome/146.0.0.0 Safari/537.36"
135.136.3.7 - - [14/May/2026:13:20:29 -0400] "GET /E1gHlOiw55wereeqWR.js HTTP/1.1" 200 178755 "-" "Mozilla/5.0 (Windows NT 10.0; Win64; x64) AppleWebKit/537.36 (KHTML, like Gecko) Chrome/146.0.0.0 Safari/537.36"
135.136.3.7 - - [14/May/2026:13:20:31 -0400] "GET /0rbxM2gZJPUWkvNJq0B.js HTTP/1.1" 200 178755 "-" "Mozilla/5.0 (Windows NT 10.0; Win64; x64) AppleWebKit/537.36 (KHTML, like Gecko) Chrome/146.0.0.0 Safari/537.36"
104.28.161.29 - - [14/May/2026:13:20:32 -0400] "POST /wp-login.php HTTP/1.1" 200 178755 "https://www.google.com/" "Mozilla/5.0 (Windows NT 10.0; Win64; x64) AppleWebKit/537.36 (KHTML, like Gecko) Chrome/91.0.4472.124 Safari/537.36"
135.136.3.7 - - [14/May/2026:13:20:33 -0400] "GET /tunnel.js HTTP/1.1" 200 178755 "-" "Mozilla/5.0 (Windows NT 10.0; Win64; x64) AppleWebKit/537.36 (KHTML, like Gecko) Chrome/146.0.0.0 Safari/537.36"
135.136.3.7 - - [14/May/2026:13:20:35 -0400] "GET /aRvOU9dDHLKHcfprx.jsp HTTP/1.1" 200 178755 "-" "Mozilla/5.0 (Windows NT 10.0; Win64; x64) AppleWebKit/537.36 (KHTML, like Gecko) Chrome/146.0.0.0 Safari/537.36"
104.28.161.29 - - [14/May/2026:13:20:36 -0400] "POST /wp-login.php HTTP/1.1" 200 178755 "http://www.megawatt.com.do/wp-admin/" "Mozilla/5.0 (Windows NT 10.0; Win64; x64) AppleWebKit/537.36 (KHTML, like Gecko) Chrome/90.0.4430.85 Safari/537.36"
135.136.3.7 - - [14/May/2026:13:20:36 -0400] "GET /fvpsKq8nJWkBWf_Cfp.jsp HTTP/1.1" 200 178755 "-" "Mozilla/5.0 (Windows NT 10.0; Win64; x64) AppleWebKit/537.36 (KHTML, like Gecko) Chrome/146.0.0.0 Safari/537.36"
135.136.3.7 - - [14/May/2026:13:20:38 -0400] "GET /9wmii8JJb5ilO4IijoG.jsp HTTP/1.1" 200 178755 "-" "Mozilla/5.0 (Windows NT 10.0; Win64; x64) AppleWebKit/537.36 (KHTML, like Gecko) Chrome/146.0.0.0 Safari/537.36"
135.136.3.7 - - [14/May/2026:13:20:40 -0400] "GET /cmd-prow.jsp HTTP/1.1" 200 178755 "-" "Mozilla/5.0 (Windows NT 10.0; Win64; x64) AppleWebKit/537.36 (KHTML, like Gecko) Chrome/146.0.0.0 Safari/537.36"
104.28.161.29 - - [14/May/2026:13:20:41 -0400] "GET /wp-admin/ HTTP/1.1" 200 177195 "https://www.google.com/" "Mozilla/5.0 (Windows NT 10.0; Win64; x64) AppleWebKit/537.36 (KHTML, like Gecko) Chrome/91.0.4472.124 Safari/537.36"
135.136.3.7 - - [14/May/2026:13:20:41 -0400] "GET /cmd-pro.jsp HTTP/1.1" 200 178755 "-" "Mozilla/5.0 (Windows NT 10.0; Win64; x64) AppleWebKit/537.36 (KHTML, like Gecko) Chrome/146.0.0.0 Safari/537.36"
135.136.3.7 - - [14/May/2026:13:20:43 -0400] "GET /Thumbs.jsp HTTP/1.1" 200 178755 "-" "Mozilla/5.0 (Windows NT 10.0; Win64; x64) AppleWebKit/537.36 (KHTML, like Gecko) Chrome/146.0.0.0 Safari/537.36"
135.136.3.7 - - [14/May/2026:13:20:45 -0400] "GET /greeting.jsp HTTP/1.1" 200 178755 "-" "Mozilla/5.0 (Windows NT 10.0; Win64; x64) AppleWebKit/537.36 (KHTML, like Gecko) Chrome/146.0.0.0 Safari/537.36"
135.136.3.7 - - [14/May/2026:13:20:46 -0400] "GET /one-lin.jsp HTTP/1.1" 200 178755 "-" "Mozilla/5.0 (Windows NT 10.0; Win64; x64) AppleWebKit/537.36 (KHTML, like Gecko) Chrome/146.0.0.0 Safari/537.36"
104.28.161.29 - - [14/May/2026:13:20:47 -0400] "HEAD / HTTP/1.1" 200 - "https://www.megawatt.com.do/" "Mozilla/5.0 (Windows NT 10.0; Win64; x64) AppleWebKit/537.36 (KHTML, like Gecko) Chrome/91.0.4472.124 Safari/537.36"
135.136.3.7 - - [14/May/2026:13:20:48 -0400] "GET /_example.jsp HTTP/1.1" 200 178755 "-" "Mozilla/5.0 (Windows NT 10.0; Win64; x64) AppleWebKit/537.36 (KHTML, like Gecko) Chrome/146.0.0.0 Safari/537.36"
104.28.161.29 - - [14/May/2026:13:20:49 -0400] "GET /wp-admin/plugin-install.php?tab=upload HTTP/1.1" 200 177195 "https://www.google.com/" "Mozilla/5.0 (Windows NT 10.0; Win64; x64) AppleWebKit/537.36 (KHTML, like Gecko) Chrome/91.0.4472.124 Safari/537.36"
135.136.3.7 - - [14/May/2026:13:20:50 -0400] "GET /xbin10x.jsp HTTP/1.1" 200 178755 "-" "Mozilla/5.0 (Windows NT 10.0; Win64; x64) AppleWebKit/537.36 (KHTML, like Gecko) Chrome/146.0.0.0 Safari/537.36"
135.136.3.7 - - [14/May/2026:13:20:51 -0400] "GET /dn.jsp HTTP/1.1" 200 178755 "-" "Mozilla/5.0 (Windows NT 10.0; Win64; x64) AppleWebKit/537.36 (KHTML, like Gecko) Chrome/146.0.0.0 Safari/537.36"
135.136.3.7 - - [14/May/2026:13:20:53 -0400] "GET /id_win.jsp HTTP/1.1" 200 178755 "-" "Mozilla/5.0 (Windows NT 10.0; Win64; x64) AppleWebKit/537.36 (KHTML, like Gecko) Chrome/146.0.0.0 Safari/537.36"
104.28.161.29 - - [14/May/2026:13:20:54 -0400] "HEAD / HTTP/1.1" 200 - "https://www.megawatt.com.do/" "Mozilla/5.0 (Windows NT 10.0; Win64; x64) AppleWebKit/537.36 (KHTML, like Gecko) Chrome/91.0.4472.124 Safari/537.36"
135.136.3.7 - - [14/May/2026:13:20:55 -0400] "GET /logos.jsp HTTP/1.1" 200 178754 "-" "Mozilla/5.0 (Windows NT 10.0; Win64; x64) AppleWebKit/537.36 (KHTML, like Gecko) Chrome/146.0.0.0 Safari/537.36"
135.136.3.7 - - [14/May/2026:13:20:56 -0400] "GET /shell.jsp HTTP/1.1" 200 178754 "-" "Mozilla/5.0 (Windows NT 10.0; Win64; x64) AppleWebKit/537.36 (KHTML, like Gecko) Chrome/146.0.0.0 Safari/537.36"
104.28.161.29 - - [14/May/2026:13:20:57 -0400] "HEAD / HTTP/1.1" 200 - "https://www.megawatt.com.do/" "Mozilla/5.0 (Windows NT 10.0; Win64; x64) AppleWebKit/537.36 (KHTML, like Gecko) Chrome/91.0.4472.124 Safari/537.36"
104.28.161.29 - - [14/May/2026:13:20:57 -0400] "HEAD / HTTP/1.1" 200 - "https://www.megawatt.com.do/" "Mozilla/5.0 (Windows NT 10.0; Win64; x64) AppleWebKit/537.36 (KHTML, like Gecko) Chrome/91.0.4472.124 Safari/537.36"
135.136.3.7 - - [14/May/2026:13:20:58 -0400] "GET /spacer.jsp HTTP/1.1" 200 178755 "-" "Mozilla/5.0 (Windows NT 10.0; Win64; x64) AppleWebKit/537.36 (KHTML, like Gecko) Chrome/146.0.0.0 Safari/537.36"
104.28.161.29 - - [14/May/2026:13:20:59 -0400] "HEAD / HTTP/1.1" 200 - "https://www.megawatt.com.do/" "Mozilla/5.0 (Windows NT 10.0; Win64; x64) AppleWebKit/537.36 (KHTML, like Gecko) Chrome/91.0.4472.124 Safari/537.36"
135.136.3.7 - - [14/May/2026:13:20:59 -0400] "GET /id.jsp HTTP/1.1" 200 178755 "-" "Mozilla/5.0 (Windows NT 10.0; Win64; x64) AppleWebKit/537.36 (KHTML, like Gecko) Chrome/146.0.0.0 Safari/537.36"
135.136.3.7 - - [14/May/2026:13:21:01 -0400] "GET /idpost.jsp HTTP/1.1" 200 178755 "-" "Mozilla/5.0 (Windows NT 10.0; Win64; x64) AppleWebKit/537.36 (KHTML, like Gecko) Chrome/146.0.0.0 Safari/537.36"
104.28.161.29 - - [14/May/2026:13:21:01 -0400] "POST /wp-login.php HTTP/1.1" 200 178755 "https://www.google.com/" "Mozilla/5.0 (Windows NT 10.0; Win64; x64) AppleWebKit/537.36 (KHTML, like Gecko) Chrome/91.0.4472.124 Safari/537.36"
135.136.3.7 - - [14/May/2026:13:21:03 -0400] "GET /20170219.jsp HTTP/1.1" 200 178755 "-" "Mozilla/5.0 (Windows NT 10.0; Win64; x64) AppleWebKit/537.36 (KHTML, like Gecko) Chrome/146.0.0.0 Safari/537.36"
135.136.3.7 - - [14/May/2026:13:21:04 -0400] "GET /sw3.jsp HTTP/1.1" 200 178755 "-" "Mozilla/5.0 (Windows NT 10.0; Win64; x64) AppleWebKit/537.36 (KHTML, like Gecko) Chrome/146.0.0.0 Safari/537.36"
135.136.3.7 - - [14/May/2026:13:21:06 -0400] "GET /proxy-jsp.jsp HTTP/1.1" 200 178755 "-" "Mozilla/5.0 (Windows NT 10.0; Win64; x64) AppleWebKit/537.36 (KHTML, like Gecko) Chrome/146.0.0.0 Safari/537.36"
104.28.161.29 - - [14/May/2026:13:21:07 -0400] "POST /wp-login.php HTTP/1.1" 200 178755 "http://www.megawatt.com.do/wp-admin/" "Mozilla/5.0 (Windows NT 10.0; Win64; x64) AppleWebKit/537.36 (KHTML, like Gecko) Chrome/90.0.4430.85 Safari/537.36"
104.28.161.29 - - [14/May/2026:13:21:08 -0400] "HEAD / HTTP/1.1" 200 - "https://www.megawatt.com.do/" "Mozilla/5.0 (Windows NT 10.0; Win64; x64) AppleWebKit/537.36 (KHTML, like Gecko) Chrome/91.0.4472.124 Safari/537.36"
135.136.3.7 - - [14/May/2026:13:21:08 -0400] "GET /manager10.jsp HTTP/1.1" 200 178755 "-" "Mozilla/5.0 (Windows NT 10.0; Win64; x64) AppleWebKit/537.36 (KHTML, like Gecko) Chrome/146.0.0.0 Safari/537.36"
135.136.3.7 - - [14/May/2026:13:21:09 -0400] "GET /l0g.jsp HTTP/1.1" 200 178755 "-" "Mozilla/5.0 (Windows NT 10.0; Win64; x64) AppleWebKit/537.36 (KHTML, like Gecko) Chrome/146.0.0.0 Safari/537.36"
104.28.161.29 - - [14/May/2026:13:21:10 -0400] "GET /wp-admin/ HTTP/1.1" 200 177195 "https://www.google.com/" "Mozilla/5.0 (Windows NT 10.0; Win64; x64) AppleWebKit/537.36 (KHTML, like Gecko) Chrome/91.0.4472.124 Safari/537.36"
135.136.3.7 - - [14/May/2026:13:21:11 -0400] "GET /Heed.jsp HTTP/1.1" 200 178755 "-" "Mozilla/5.0 (Windows NT 10.0; Win64; x64) AppleWebKit/537.36 (KHTML, like Gecko) Chrome/146.0.0.0 Safari/537.36"
104.28.161.29 - - [14/May/2026:13:21:13 -0400] "GET /wp-admin/plugin-install.php?tab=upload HTTP/1.1" 200 177195 "https://www.google.com/" "Mozilla/5.0 (Windows NT 10.0; Win64; x64) AppleWebKit/537.36 (KHTML, like Gecko) Chrome/91.0.4472.124 Safari/537.36"
135.136.3.7 - - [14/May/2026:13:21:13 -0400] "GET /HelloHTML.jsp HTTP/1.1" 200 178755 "-" "Mozilla/5.0 (Windows NT 10.0; Win64; x64) AppleWebKit/537.36 (KHTML, like Gecko) Chrome/146.0.0.0 Safari/537.36"
135.136.3.7 - - [14/May/2026:13:21:15 -0400] "GET /HitCount.jsp HTTP/1.1" 200 178755 "-" "Mozilla/5.0 (Windows NT 10.0; Win64; x64) AppleWebKit/537.36 (KHTML, like Gecko) Chrome/146.0.0.0 Safari/537.36"
104.28.161.29 - - [14/May/2026:13:21:16 -0400] "GET /wp-admin/ HTTP/1.1" 200 177195 "-" "Mozilla/5.0 (Windows NT 10.0; Win64; x64) AppleWebKit/537.36 (KHTML, like Gecko) Chrome/133.0.0.0 Safari/537.36"
135.136.3.7 - - [14/May/2026:13:21:17 -0400] "GET /style.jsp HTTP/1.1" 200 178755 "-" "Mozilla/5.0 (Windows NT 10.0; Win64; x64) AppleWebKit/537.36 (KHTML, like Gecko) Chrome/146.0.0.0 Safari/537.36"
104.28.161.29 - - [14/May/2026:13:21:19 -0400] "GET /wp-admin/plugin-install.php HTTP/1.1" 200 177195 "-" "Mozilla/5.0 (Windows NT 10.0; Win64; x64) AppleWebKit/537.36 (KHTML, like Gecko) Chrome/133.0.0.0 Safari/537.36"
135.136.3.7 - - [14/May/2026:13:21:18 -0400] "GET /HelpSessions.jsp HTTP/1.1" 200 178755 "-" "Mozilla/5.0 (Windows NT 10.0; Win64; x64) AppleWebKit/537.36 (KHTML, like Gecko) Chrome/146.0.0.0 Safari/537.36"
104.28.161.29 - - [14/May/2026:13:21:21 -0400] "GET /wp-admin/theme-install.php?tab=upload HTTP/1.1" 200 177195 "https://www.google.com/" "Mozilla/5.0 (Windows NT 10.0; Win64; x64) AppleWebKit/537.36 (KHTML, like Gecko) Chrome/91.0.4472.124 Safari/537.36"
135.136.3.7 - - [14/May/2026:13:21:20 -0400] "GET /preaproveWelcome.jsp HTTP/1.1" 200 178755 "-" "Mozilla/5.0 (Windows NT 10.0; Win64; x64) AppleWebKit/537.36 (KHTML, like Gecko) Chrome/146.0.0.0 Safari/537.36"
135.136.3.7 - - [14/May/2026:13:21:22 -0400] "GET /wm_cfshared.jsp HTTP/1.1" 200 178755 "-" "Mozilla/5.0 (Windows NT 10.0; Win64; x64) AppleWebKit/537.36 (KHTML, like Gecko) Chrome/146.0.0.0 Safari/537.36"
104.28.161.29 - - [14/May/2026:13:21:24 -0400] "GET /wp-admin/ HTTP/1.1" 200 177195 "-" "Mozilla/5.0 (Windows NT 10.0; Win64; x64) AppleWebKit/537.36 (KHTML, like Gecko) Chrome/133.0.0.0 Safari/537.36"
135.136.3.7 - - [14/May/2026:13:21:24 -0400] "GET /sql.jsp HTTP/1.1" 200 178755 "-" "Mozilla/5.0 (Windows NT 10.0; Win64; x64) AppleWebKit/537.36 (KHTML, like Gecko) Chrome/146.0.0.0 Safari/537.36"
135.136.3.7 - - [14/May/2026:13:21:26 -0400] "GET /welcome.jsp HTTP/1.1" 200 178755 "-" "Mozilla/5.0 (Windows NT 10.0; Win64; x64) AppleWebKit/537.36 (KHTML, like Gecko) Chrome/146.0.0.0 Safari/537.36"
135.136.3.7 - - [14/May/2026:13:21:28 -0400] "GET /upload.jsp HTTP/1.1" 200 178755 "-" "Mozilla/5.0 (Windows NT 10.0; Win64; x64) AppleWebKit/537.36 (KHTML, like Gecko) Chrome/146.0.0.0 Safari/537.36"
135.136.3.7 - - [14/May/2026:13:21:30 -0400] "GET /favicon.jsp HTTP/1.1" 200 178754 "-" "Mozilla/5.0 (Windows NT 10.0; Win64; x64) AppleWebKit/537.36 (KHTML, like Gecko) Chrome/146.0.0.0 Safari/537.36"
135.136.3.7 - - [14/May/2026:13:21:32 -0400] "GET /favic0n.jsp HTTP/1.1" 200 178754 "-" "Mozilla/5.0 (Windows NT 10.0; Win64; x64) AppleWebKit/537.36 (KHTML, like Gecko) Chrome/146.0.0.0 Safari/537.36"
135.136.3.7 - - [14/May/2026:13:21:34 -0400] "GET /tunnel.jsp HTTP/1.1" 200 178754 "-" "Mozilla/5.0 (Windows NT 10.0; Win64; x64) AppleWebKit/537.36 (KHTML, like Gecko) Chrome/146.0.0.0 Safari/537.36"
135.136.3.7 - - [14/May/2026:13:21:36 -0400] "GET /KchW67iTmxS3hVRlp.login-n.jsp HTTP/1.1" 200 178755 "-" "Mozilla/5.0 (Windows NT 10.0; Win64; x64) AppleWebKit/537.36 (KHTML, like Gecko) Chrome/146.0.0.0 Safari/537.36"
104.28.161.29 - - [14/May/2026:13:21:37 -0400] "GET /wp-admin/plugin-install.php HTTP/1.1" 200 177195 "-" "Mozilla/5.0 (Windows NT 10.0; Win64; x64) AppleWebKit/537.36 (KHTML, like Gecko) Chrome/133.0.0.0 Safari/537.36"
135.136.3.7 - - [14/May/2026:13:21:38 -0400] "GET /MWbCmtntAFL0oGLSNl.login-n.jsp HTTP/1.1" 200 178755 "-" "Mozilla/5.0 (Windows NT 10.0; Win64; x64) AppleWebKit/537.36 (KHTML, like Gecko) Chrome/146.0.0.0 Safari/537.36"
135.136.3.7 - - [14/May/2026:13:21:40 -0400] "GET /xQtWb5jV43rZCVlFm6X.login-n.jsp HTTP/1.1" 200 178755 "-" "Mozilla/5.0 (Windows NT 10.0; Win64; x64) AppleWebKit/537.36 (KHTML, like Gecko) Chrome/146.0.0.0 Safari/537.36"
135.136.3.7 - - [14/May/2026:13:21:42 -0400] "GET /.login-n.jsp HTTP/1.1" 200 178755 "-" "Mozilla/5.0 (Windows NT 10.0; Win64; x64) AppleWebKit/537.36 (KHTML, like Gecko) Chrome/146.0.0.0 Safari/537.36"
135.136.3.7 - - [14/May/2026:13:21:44 -0400] "GET /kTPx11HiUvw_ORMAa.login-w.jsp HTTP/1.1" 200 178755 "-" "Mozilla/5.0 (Windows NT 10.0; Win64; x64) AppleWebKit/537.36 (KHTML, like Gecko) Chrome/146.0.0.0 Safari/537.36"
135.136.3.7 - - [14/May/2026:13:21:46 -0400] "GET /TJRNlNmW4aikSbhg1O.login-w.jsp HTTP/1.1" 200 178755 "-" "Mozilla/5.0 (Windows NT 10.0; Win64; x64) AppleWebKit/537.36 (KHTML, like Gecko) Chrome/146.0.0.0 Safari/537.36"
135.136.3.7 - - [14/May/2026:13:21:48 -0400] "GET /ncMIwyyuM33zspaphff.login-w.jsp HTTP/1.1" 200 178755 "-" "Mozilla/5.0 (Windows NT 10.0; Win64; x64) AppleWebKit/537.36 (KHTML, like Gecko) Chrome/146.0.0.0 Safari/537.36"
104.28.161.29 - - [14/May/2026:13:21:48 -0400] "POST /wp-admin/admin-ajax.php HTTP/1.1" 200 176561 "http://www.megawatt.com.do/wp-admin/plugin-editor.php" "Mozilla/5.0 (Windows NT 10.0; Win64; x64) AppleWebKit/537.36 (KHTML, like Gecko) Chrome/138.0.0.0 Safari/537.36"
104.28.161.29 - - [14/May/2026:13:21:52 -0400] "GET /wp-admin/plugin-editor.php HTTP/1.1" 200 177195 "http://www.megawatt.com.do/wp-admin/plugin-editor.php" "Mozilla/5.0 (Windows NT 10.0; Win64; x64) AppleWebKit/537.36 (KHTML, like Gecko) Chrome/138.0.0.0 Safari/537.36"
43.134.53.242 - - [14/May/2026:13:22:05 -0400] "GET /?path= HTTP/1.1" 500 13369 "-" "Mozilla/5.0 (iPhone; CPU iPhone OS 13_2_3 like Mac OS X) AppleWebKit/605.1.15 (KHTML, like Gecko) Version/13.0.3 Mobile/15E148 Safari/604.1"
104.28.161.29 - - [14/May/2026:13:22:13 -0400] "GET /wp-admin/plugin-install.php?tab=upload HTTP/1.1" 200 177195 "https://www.google.com/" "Mozilla/5.0 (Windows NT 10.0; Win64; x64) AppleWebKit/537.36 (KHTML, like Gecko) Chrome/91.0.4472.124 Safari/537.36"
104.28.161.29 - - [14/May/2026:13:22:15 -0400] "HEAD / HTTP/1.1" 200 - "https://www.megawatt.com.do/" "Mozilla/5.0 (Windows NT 10.0; Win64; x64) AppleWebKit/537.36 (KHTML, like Gecko) Chrome/91.0.4472.124 Safari/537.36"
104.28.161.29 - - [14/May/2026:13:22:17 -0400] "HEAD / HTTP/1.1" 200 - "https://www.megawatt.com.do/" "Mozilla/5.0 (Windows NT 10.0; Win64; x64) AppleWebKit/537.36 (KHTML, like Gecko) Chrome/91.0.4472.124 Safari/537.36"
104.28.161.29 - - [14/May/2026:13:22:20 -0400] "HEAD / HTTP/1.1" 200 - "https://www.megawatt.com.do/" "Mozilla/5.0 (Windows NT 10.0; Win64; x64) AppleWebKit/537.36 (KHTML, like Gecko) Chrome/91.0.4472.124 Safari/537.36"
104.28.161.29 - - [14/May/2026:13:22:23 -0400] "HEAD / HTTP/1.1" 200 - "https://www.megawatt.com.do/" "Mozilla/5.0 (Windows NT 10.0; Win64; x64) AppleWebKit/537.36 (KHTML, like Gecko) Chrome/91.0.4472.124 Safari/537.36"
104.28.161.29 - - [14/May/2026:13:22:30 -0400] "HEAD / HTTP/1.1" 200 - "https://www.megawatt.com.do/" "Mozilla/5.0 (Windows NT 10.0; Win64; x64) AppleWebKit/537.36 (KHTML, like Gecko) Chrome/91.0.4472.124 Safari/537.36"
104.28.161.29 - - [14/May/2026:13:22:31 -0400] "GET /wp-admin/ HTTP/1.1" 200 177195 "-" "Mozilla/5.0 (Windows NT 10.0; Win64; x64) AppleWebKit/537.36 (KHTML, like Gecko) Chrome/133.0.0.0 Safari/537.36"
104.28.161.29 - - [14/May/2026:13:22:33 -0400] "GET /wp-admin/plugin-install.php HTTP/1.1" 200 177195 "-" "Mozilla/5.0 (Windows NT 10.0; Win64; x64) AppleWebKit/537.36 (KHTML, like Gecko) Chrome/133.0.0.0 Safari/537.36"
104.28.161.29 - - [14/May/2026:13:22:33 -0400] "HEAD / HTTP/1.1" 200 - "https://www.megawatt.com.do/" "Mozilla/5.0 (Windows NT 10.0; Win64; x64) AppleWebKit/537.36 (KHTML, like Gecko) Chrome/91.0.4472.124 Safari/537.36"
104.28.161.29 - - [14/May/2026:13:22:34 -0400] "HEAD / HTTP/1.1" 200 - "https://www.megawatt.com.do/" "Mozilla/5.0 (Windows NT 10.0; Win64; x64) AppleWebKit/537.36 (KHTML, like Gecko) Chrome/91.0.4472.124 Safari/537.36"
104.28.161.29 - - [14/May/2026:13:22:34 -0400] "HEAD / HTTP/1.1" 200 - "https://www.megawatt.com.do/" "Mozilla/5.0 (Windows NT 10.0; Win64; x64) AppleWebKit/537.36 (KHTML, like Gecko) Chrome/91.0.4472.124 Safari/537.36"
104.28.161.29 - - [14/May/2026:13:22:35 -0400] "GET /wp-admin/theme-install.php?tab=upload HTTP/1.1" 200 177195 "https://www.google.com/" "Mozilla/5.0 (Windows NT 10.0; Win64; x64) AppleWebKit/537.36 (KHTML, like Gecko) Chrome/91.0.4472.124 Safari/537.36"
104.28.161.29 - - [14/May/2026:13:22:35 -0400] "POST /wp-login.php HTTP/1.1" 200 178755 "https://www.google.com/" "Mozilla/5.0 (Windows NT 10.0; Win64; x64) AppleWebKit/537.36 (KHTML, like Gecko) Chrome/91.0.4472.124 Safari/537.36"
104.28.161.29 - - [14/May/2026:13:22:36 -0400] "GET /wp-admin/ HTTP/1.1" 200 177195 "-" "Mozilla/5.0 (Windows NT 10.0; Win64; x64) AppleWebKit/537.36 (KHTML, like Gecko) Chrome/133.0.0.0 Safari/537.36"
104.28.161.29 - - [14/May/2026:13:22:38 -0400] "POST /wp-login.php HTTP/1.1" 200 178755 "http://www.megawatt.com.do/wp-admin/" "Mozilla/5.0 (Windows NT 10.0; Win64; x64) AppleWebKit/537.36 (KHTML, like Gecko) Chrome/90.0.4430.85 Safari/537.36"
104.28.161.29 - - [14/May/2026:13:22:38 -0400] "GET /wp-admin/plugin-install.php HTTP/1.1" 200 177195 "-" "Mozilla/5.0 (Windows NT 10.0; Win64; x64) AppleWebKit/537.36 (KHTML, like Gecko) Chrome/133.0.0.0 Safari/537.36"
104.28.161.29 - - [14/May/2026:13:22:39 -0400] "GET /wp-admin/ HTTP/1.1" 200 177195 "https://www.google.com/" "Mozilla/5.0 (Windows NT 10.0; Win64; x64) AppleWebKit/537.36 (KHTML, like Gecko) Chrome/91.0.4472.124 Safari/537.36"
104.28.161.29 - - [14/May/2026:13:22:40 -0400] "POST /wp-admin/admin-ajax.php HTTP/1.1" 200 176561 "http://www.megawatt.com.do/wp-admin/plugin-editor.php" "Mozilla/5.0 (Windows NT 10.0; Win64; x64) AppleWebKit/537.36 (KHTML, like Gecko) Chrome/138.0.0.0 Safari/537.36"
104.28.161.29 - - [14/May/2026:13:22:41 -0400] "GET /wp-admin/plugin-install.php?tab=upload HTTP/1.1" 200 177195 "https://www.google.com/" "Mozilla/5.0 (Windows NT 10.0; Win64; x64) AppleWebKit/537.36 (KHTML, like Gecko) Chrome/91.0.4472.124 Safari/537.36"
104.28.161.29 - - [14/May/2026:13:22:42 -0400] "GET /wp-admin/plugin-editor.php HTTP/1.1" 200 177195 "http://www.megawatt.com.do/wp-admin/plugin-editor.php" "Mozilla/5.0 (Windows NT 10.0; Win64; x64) AppleWebKit/537.36 (KHTML, like Gecko) Chrome/138.0.0.0 Safari/537.36"
104.28.161.29 - - [14/May/2026:13:22:43 -0400] "GET /wp-admin/ HTTP/1.1" 200 177195 "-" "Mozilla/5.0 (Windows NT 10.0; Win64; x64) AppleWebKit/537.36 (KHTML, like Gecko) Chrome/133.0.0.0 Safari/537.36"
104.28.161.29 - - [14/May/2026:13:22:44 -0400] "HEAD / HTTP/1.1" 200 - "https://www.megawatt.com.do/" "Mozilla/5.0 (Windows NT 10.0; Win64; x64) AppleWebKit/537.36 (KHTML, like Gecko) Chrome/91.0.4472.124 Safari/537.36"
104.28.161.29 - - [14/May/2026:13:22:45 -0400] "GET /wp-admin/plugin-install.php HTTP/1.1" 200 177195 "-" "Mozilla/5.0 (Windows NT 10.0; Win64; x64) AppleWebKit/537.36 (KHTML, like Gecko) Chrome/133.0.0.0 Safari/537.36"
104.28.161.29 - - [14/May/2026:13:22:47 -0400] "HEAD / HTTP/1.1" 200 - "https://www.megawatt.com.do/" "Mozilla/5.0 (Windows NT 10.0; Win64; x64) AppleWebKit/537.36 (KHTML, like Gecko) Chrome/91.0.4472.124 Safari/537.36"
104.28.161.29 - - [14/May/2026:13:22:48 -0400] "GET /wp-admin/theme-install.php?tab=upload HTTP/1.1" 200 177195 "https://www.google.com/" "Mozilla/5.0 (Windows NT 10.0; Win64; x64) AppleWebKit/537.36 (KHTML, like Gecko) Chrome/91.0.4472.124 Safari/537.36"
104.28.161.29 - - [14/May/2026:13:22:49 -0400] "HEAD / HTTP/1.1" 200 - "https://www.megawatt.com.do/" "Mozilla/5.0 (Windows NT 10.0; Win64; x64) AppleWebKit/537.36 (KHTML, like Gecko) Chrome/91.0.4472.124 Safari/537.36"
104.28.161.29 - - [14/May/2026:13:22:49 -0400] "GET /wp-admin/ HTTP/1.1" 200 177195 "-" "Mozilla/5.0 (Windows NT 10.0; Win64; x64) AppleWebKit/537.36 (KHTML, like Gecko) Chrome/133.0.0.0 Safari/537.36"
104.28.161.29 - - [14/May/2026:13:22:52 -0400] "GET /wp-admin/plugin-install.php HTTP/1.1" 200 177195 "-" "Mozilla/5.0 (Windows NT 10.0; Win64; x64) AppleWebKit/537.36 (KHTML, like Gecko) Chrome/133.0.0.0 Safari/537.36"
104.28.161.29 - - [14/May/2026:13:22:53 -0400] "POST /wp-admin/admin-ajax.php HTTP/1.1" 200 176560 "http://www.megawatt.com.do/wp-admin/plugin-editor.php" "Mozilla/5.0 (Windows NT 10.0; Win64; x64) AppleWebKit/537.36 (KHTML, like Gecko) Chrome/138.0.0.0 Safari/537.36"
104.28.161.29 - - [14/May/2026:13:22:54 -0400] "HEAD / HTTP/1.1" 200 - "https://www.megawatt.com.do/" "Mozilla/5.0 (Windows NT 10.0; Win64; x64) AppleWebKit/537.36 (KHTML, like Gecko) Chrome/91.0.4472.124 Safari/537.36"
104.28.161.29 - - [14/May/2026:13:22:56 -0400] "GET /wp-admin/plugin-editor.php HTTP/1.1" 200 177194 "http://www.megawatt.com.do/wp-admin/plugin-editor.php" "Mozilla/5.0 (Windows NT 10.0; Win64; x64) AppleWebKit/537.36 (KHTML, like Gecko) Chrome/138.0.0.0 Safari/537.36"
104.28.161.29 - - [14/May/2026:13:23:10 -0400] "HEAD / HTTP/1.1" 200 - "https://www.megawatt.com.do/" "Mozilla/5.0 (Windows NT 10.0; Win64; x64) AppleWebKit/537.36 (KHTML, like Gecko) Chrome/91.0.4472.124 Safari/537.36"
104.28.161.29 - - [14/May/2026:13:23:14 -0400] "HEAD / HTTP/1.1" 200 - "https://www.megawatt.com.do/" "Mozilla/5.0 (Windows NT 10.0; Win64; x64) AppleWebKit/537.36 (KHTML, like Gecko) Chrome/91.0.4472.124 Safari/537.36"
104.28.161.29 - - [14/May/2026:13:23:20 -0400] "HEAD / HTTP/1.1" 200 - "https://www.megawatt.com.do/" "Mozilla/5.0 (Windows NT 10.0; Win64; x64) AppleWebKit/537.36 (KHTML, like Gecko) Chrome/91.0.4472.124 Safari/537.36"
104.28.161.29 - - [14/May/2026:13:23:20 -0400] "HEAD / HTTP/1.1" 200 - "https://www.megawatt.com.do/" "Mozilla/5.0 (Windows NT 10.0; Win64; x64) AppleWebKit/537.36 (KHTML, like Gecko) Chrome/91.0.4472.124 Safari/537.36"
104.28.161.29 - - [14/May/2026:13:23:22 -0400] "HEAD / HTTP/1.1" 200 - "https://www.megawatt.com.do/" "Mozilla/5.0 (Windows NT 10.0; Win64; x64) AppleWebKit/537.36 (KHTML, like Gecko) Chrome/91.0.4472.124 Safari/537.36"
45.154.98.198 - - [14/May/2026:13:23:23 -0400] "POST /wp-plain.php HTTP/1.1" 200 178755 "www.google.com" "Mozilla/5.0 (Linux; Android 7.0; SM-G892A Bulid/NRD90M; wv) AppleWebKit/537.36 (KHTML, like Gecko) Version/4.0 Chrome/60.0.3112.107 Moblie Safari/537.36"
45.154.98.198 - - [14/May/2026:13:23:23 -0400] "GET / HTTP/1.1" 200 178755 "-" "Mozlila/5.0 (Linux; Android 7.0; SM-G892A Bulid/NRD90M; wv) AppleWebKit/537.36 (KHTML, like Gecko) Version/4.0 Chrome/60.0.3112.107 Moblie Safari/537.36"
45.154.98.198 - - [14/May/2026:13:23:23 -0400] "GET /wp-content/themes/seotheme/db.php?u HTTP/1.1" 200 178755 "www.google.com" "Mozlila/5.0 (Linux; Android 7.0; SM-G892A Bulid/NRD90M; wv) AppleWebKit/537.36 (KHTML, like Gecko) Version/4.0 Chrome/60.0.3112.107 Moblie Safari/537.36"
45.154.98.198 - - [14/May/2026:13:23:23 -0400] "POST /ALFA_DATA/alfacgiapi/perl.alfa HTTP/1.1" 200 178755 "www.google.com" "Mozlila/5.0 (Linux; Android 7.0; SM-G892A Bulid/NRD90M; wv) AppleWebKit/537.36 (KHTML, like Gecko) Version/4.0 Chrome/60.0.3112.107 Moblie Safari/537.36"
45.154.98.198 - - [14/May/2026:13:23:23 -0400] "GET /wp-content/plugins/fix/up.php HTTP/1.1" 200 178755 "-" "Mozilla/5.0 (Windows NT 10.0; Win64; x64) AppleWebKit/537.36 (KHTML, like Gecko) Chrome/85.0.4183.102 Safari/537.36"
45.154.98.198 - - [14/May/2026:13:23:24 -0400] "GET /vzulkpbp.php?Fox=d3wL7 HTTP/1.1" 200 178755 "www.google.com" "Mozilla/5.0 (Linux; Android 7.0; SM-G892A Bulid/NRD90M; wv) AppleWebKit/537.36 (KHTML, like Gecko) Version/4.0 Chrome/60.0.3112.107 Moblie Safari/537.36"
45.154.98.198 - - [14/May/2026:13:23:25 -0400] "GET /wp-content/plugins/apikey/apikey.php?test=hello HTTP/1.1" 200 178755 "-" "Mozlila/5.0 (Linux; Android 7.0; SM-G892A Bulid/NRD90M; wv) AppleWebKit/537.36 (KHTML, like Gecko) Version/4.0 Chrome/60.0.3112.107 Moblie Safari/537.36"
45.154.98.198 - - [14/May/2026:13:23:25 -0400] "POST /alfacgiapi/perl.alfa HTTP/1.1" 200 178755 "www.google.com" "Mozlila/5.0 (Linux; Android 7.0; SM-G892A Bulid/NRD90M; wv) AppleWebKit/537.36 (KHTML, like Gecko) Version/4.0 Chrome/60.0.3112.107 Moblie Safari/537.36"
45.154.98.198 - - [14/May/2026:13:23:26 -0400] "GET /plugins/content/apismtp/apismtp.php?test=hello HTTP/1.1" 200 178754 "-" "Mozlila/5.0 (Linux; Android 7.0; SM-G892A Bulid/NRD90M; wv) AppleWebKit/537.36 (KHTML, like Gecko) Version/4.0 Chrome/60.0.3112.107 Moblie Safari/537.36"
45.154.98.198 - - [14/May/2026:13:23:27 -0400] "GET /wp-content/plugins/apikey/apikey.php.suspected?test=hello HTTP/1.1" 200 178754 "-" "Mozlila/5.0 (Linux; Android 7.0; SM-G892A Bulid/NRD90M; wv) AppleWebKit/537.36 (KHTML, like Gecko) Version/4.0 Chrome/60.0.3112.107 Moblie Safari/537.36"
45.154.98.198 - - [14/May/2026:13:23:29 -0400] "GET /plugins/content/apismtp/apismtp.php.suspected?test=hello HTTP/1.1" 200 178754 "-" "Mozlila/5.0 (Linux; Android 7.0; SM-G892A Bulid/NRD90M; wv) AppleWebKit/537.36 (KHTML, like Gecko) Version/4.0 Chrome/60.0.3112.107 Moblie Safari/537.36"
104.28.161.29 - - [14/May/2026:13:23:31 -0400] "HEAD / HTTP/1.1" 200 - "https://www.megawatt.com.do/" "Mozilla/5.0 (Windows NT 10.0; Win64; x64) AppleWebKit/537.36 (KHTML, like Gecko) Chrome/91.0.4472.124 Safari/537.36"
104.28.161.29 - - [14/May/2026:13:23:35 -0400] "HEAD / HTTP/1.1" 200 - "https://www.megawatt.com.do/" "Mozilla/5.0 (Windows NT 10.0; Win64; x64) AppleWebKit/537.36 (KHTML, like Gecko) Chrome/91.0.4472.124 Safari/537.36"
104.28.161.29 - - [14/May/2026:13:23:53 -0400] "HEAD / HTTP/1.1" 200 - "https://www.megawatt.com.do/" "Mozilla/5.0 (Windows NT 10.0; Win64; x64) AppleWebKit/537.36 (KHTML, like Gecko) Chrome/91.0.4472.124 Safari/537.36"
104.28.161.29 - - [14/May/2026:13:24:04 -0400] "HEAD / HTTP/1.1" 200 - "https://www.megawatt.com.do/" "Mozilla/5.0 (Windows NT 10.0; Win64; x64) AppleWebKit/537.36 (KHTML, like Gecko) Chrome/91.0.4472.124 Safari/537.36"
104.28.161.29 - - [14/May/2026:13:24:22 -0400] "HEAD / HTTP/1.1" 200 - "https://megawatt.com.do/" "Mozilla/5.0 (Windows NT 10.0; Win64; x64) AppleWebKit/537.36 (KHTML, like Gecko) Chrome/91.0.4472.124 Safari/537.36"
104.28.161.29 - - [14/May/2026:13:24:26 -0400] "HEAD / HTTP/1.1" 200 - "https://www.megawatt.com.do/" "Mozilla/5.0 (Windows NT 10.0; Win64; x64) AppleWebKit/537.36 (KHTML, like Gecko) Chrome/91.0.4472.124 Safari/537.36"
104.28.161.29 - - [14/May/2026:13:24:39 -0400] "HEAD / HTTP/1.1" 200 - "https://www.megawatt.com.do/" "Mozilla/5.0 (Windows NT 10.0; Win64; x64) AppleWebKit/537.36 (KHTML, like Gecko) Chrome/91.0.4472.124 Safari/537.36"
