38.213.6.95 - - [14/May/2026:13:55:32 -0400] "GET /404.php HTTP/1.1" 200 178755 "-" "Mozilla/5.0 (Windows NT 10.0; Win64; x64) AppleWebKit/537.36 (KHTML, like Gecko) Chrome/147.0.0.0 Safari/537.36 Edg/147.0.0.0"
23.82.96.181 - - [14/May/2026:13:55:33 -0400] "GET /uadm.php HTTP/1.1" 200 178755 "-" "Mozilla/5.0 (Linux; Android 10; K) AppleWebKit/537.36 (KHTML, like Gecko) Chrome/146.0.0.0 Mobile Safari/537.36"
104.28.161.29 - - [14/May/2026:13:55:37 -0400] "HEAD / HTTP/1.1" 200 - "https://www.megawatt.com.do/" "Mozilla/5.0 (Windows NT 10.0; Win64; x64) AppleWebKit/537.36 (KHTML, like Gecko) Chrome/91.0.4472.124 Safari/537.36"
38.213.6.95 - - [14/May/2026:13:55:37 -0400] "GET /mailer.php HTTP/1.1" 200 178755 "-" "Mozilla/5.0 (Windows NT 10.0; Win64; x64) AppleWebKit/537.36 (KHTML, like Gecko) Chrome/147.0.0.0 Safari/537.36 Edg/147.0.0.0"
104.28.161.29 - - [14/May/2026:13:55:37 -0400] "HEAD / HTTP/1.1" 200 - "https://www.megawatt.com.do/" "Mozilla/5.0 (Windows NT 10.0; Win64; x64) AppleWebKit/537.36 (KHTML, like Gecko) Chrome/91.0.4472.124 Safari/537.36"
23.82.96.181 - - [14/May/2026:13:55:37 -0400] "GET /saudi.php HTTP/1.1" 200 178755 "-" "Mozilla/5.0 (Linux; Android 10; K) AppleWebKit/537.36 (KHTML, like Gecko) Chrome/146.0.0.0 Mobile Safari/537.36"
23.82.96.181 - - [14/May/2026:13:55:39 -0400] "GET /prevaricate.php HTTP/1.1" 200 178755 "-" "Mozilla/5.0 (Linux; Android 10; K) AppleWebKit/537.36 (KHTML, like Gecko) Chrome/146.0.0.0 Mobile Safari/537.36"
38.213.6.95 - - [14/May/2026:13:55:40 -0400] "GET /tester.php HTTP/1.1" 200 178755 "-" "Mozilla/5.0 (Windows NT 10.0; Win64; x64) AppleWebKit/537.36 (KHTML, like Gecko) Chrome/147.0.0.0 Safari/537.36 Edg/147.0.0.0"
23.82.96.181 - - [14/May/2026:13:55:42 -0400] "GET /simple-backdoor.php HTTP/1.1" 200 178755 "-" "Mozilla/5.0 (Linux; Android 10; K) AppleWebKit/537.36 (KHTML, like Gecko) Chrome/146.0.0.0 Mobile Safari/537.36"
38.213.6.95 - - [14/May/2026:13:55:42 -0400] "GET /tools.php HTTP/1.1" 200 178755 "-" "Mozilla/5.0 (Windows NT 10.0; Win64; x64) AppleWebKit/537.36 (KHTML, like Gecko) Chrome/147.0.0.0 Safari/537.36 Edg/147.0.0.0"
23.82.96.181 - - [14/May/2026:13:55:44 -0400] "GET /302.php HTTP/1.1" 200 178755 "-" "Mozilla/5.0 (Linux; Android 10; K) AppleWebKit/537.36 (KHTML, like Gecko) Chrome/146.0.0.0 Mobile Safari/537.36"
38.213.6.95 - - [14/May/2026:13:55:44 -0400] "GET /import.php HTTP/1.1" 200 178755 "-" "Mozilla/5.0 (Windows NT 10.0; Win64; x64) AppleWebKit/537.36 (KHTML, like Gecko) Chrome/147.0.0.0 Safari/537.36 Edg/147.0.0.0"
23.82.96.181 - - [14/May/2026:13:55:46 -0400] "GET /antineutrino.php HTTP/1.1" 200 178755 "-" "Mozilla/5.0 (Linux; Android 10; K) AppleWebKit/537.36 (KHTML, like Gecko) Chrome/146.0.0.0 Mobile Safari/537.36"
104.28.161.29 - - [14/May/2026:13:55:46 -0400] "HEAD / HTTP/1.1" 200 - "https://www.megawatt.com.do/" "Mozilla/5.0 (Windows NT 10.0; Win64; x64) AppleWebKit/537.36 (KHTML, like Gecko) Chrome/91.0.4472.124 Safari/537.36"
38.213.6.95 - - [14/May/2026:13:55:47 -0400] "GET /lf.php HTTP/1.1" 200 178755 "-" "Mozilla/5.0 (Windows NT 10.0; Win64; x64) AppleWebKit/537.36 (KHTML, like Gecko) Chrome/147.0.0.0 Safari/537.36 Edg/147.0.0.0"
23.82.96.181 - - [14/May/2026:13:55:48 -0400] "GET /dos2unix.php HTTP/1.1" 200 178755 "-" "Mozilla/5.0 (Linux; Android 10; K) AppleWebKit/537.36 (KHTML, like Gecko) Chrome/146.0.0.0 Mobile Safari/537.36"
38.213.6.95 - - [14/May/2026:13:55:49 -0400] "GET /system.php HTTP/1.1" 200 178755 "-" "Mozilla/5.0 (Windows NT 10.0; Win64; x64) AppleWebKit/537.36 (KHTML, like Gecko) Chrome/147.0.0.0 Safari/537.36 Edg/147.0.0.0"
23.82.96.181 - - [14/May/2026:13:55:50 -0400] "GET /wpyii2.php HTTP/1.1" 200 178755 "-" "Mozilla/5.0 (Linux; Android 10; K) AppleWebKit/537.36 (KHTML, like Gecko) Chrome/146.0.0.0 Mobile Safari/537.36"
38.213.6.95 - - [14/May/2026:13:55:52 -0400] "GET /app.php HTTP/1.1" 200 178755 "-" "Mozilla/5.0 (Windows NT 10.0; Win64; x64) AppleWebKit/537.36 (KHTML, like Gecko) Chrome/147.0.0.0 Safari/537.36 Edg/147.0.0.0"
23.82.96.181 - - [14/May/2026:13:55:52 -0400] "GET /redirect.php HTTP/1.1" 200 178755 "-" "Mozilla/5.0 (Linux; Android 10; K) AppleWebKit/537.36 (KHTML, like Gecko) Chrome/146.0.0.0 Mobile Safari/537.36"
23.82.96.181 - - [14/May/2026:13:55:54 -0400] "GET /tunnel.php HTTP/1.1" 200 178755 "-" "Mozilla/5.0 (Linux; Android 10; K) AppleWebKit/537.36 (KHTML, like Gecko) Chrome/146.0.0.0 Mobile Safari/537.36"
38.213.6.95 - - [14/May/2026:13:55:54 -0400] "GET /fox.php HTTP/1.1" 200 178755 "-" "Mozilla/5.0 (Windows NT 10.0; Win64; x64) AppleWebKit/537.36 (KHTML, like Gecko) Chrome/147.0.0.0 Safari/537.36 Edg/147.0.0.0"
23.82.96.181 - - [14/May/2026:13:55:56 -0400] "GET /foxx.php HTTP/1.1" 200 178754 "-" "Mozilla/5.0 (Linux; Android 10; K) AppleWebKit/537.36 (KHTML, like Gecko) Chrome/146.0.0.0 Mobile Safari/537.36"
38.213.6.95 - - [14/May/2026:13:55:56 -0400] "GET /library.php HTTP/1.1" 200 178754 "-" "Mozilla/5.0 (Windows NT 10.0; Win64; x64) AppleWebKit/537.36 (KHTML, like Gecko) Chrome/147.0.0.0 Safari/537.36 Edg/147.0.0.0"
104.28.161.29 - - [14/May/2026:13:55:56 -0400] "HEAD / HTTP/1.1" 200 - "https://www.megawatt.com.do/" "Mozilla/5.0 (Windows NT 10.0; Win64; x64) AppleWebKit/537.36 (KHTML, like Gecko) Chrome/91.0.4472.124 Safari/537.36"
23.82.96.181 - - [14/May/2026:13:55:58 -0400] "GET /class-wp-text-diff-renderer-table.php HTTP/1.1" 200 178754 "-" "Mozilla/5.0 (Linux; Android 10; K) AppleWebKit/537.36 (KHTML, like Gecko) Chrome/146.0.0.0 Mobile Safari/537.36"
38.213.6.95 - - [14/May/2026:13:55:59 -0400] "GET /option.php HTTP/1.1" 200 178754 "-" "Mozilla/5.0 (Windows NT 10.0; Win64; x64) AppleWebKit/537.36 (KHTML, like Gecko) Chrome/147.0.0.0 Safari/537.36 Edg/147.0.0.0"
23.82.96.181 - - [14/May/2026:13:56:00 -0400] "GET /nuan.php HTTP/1.1" 200 178755 "-" "Mozilla/5.0 (Linux; Android 10; K) AppleWebKit/537.36 (KHTML, like Gecko) Chrome/146.0.0.0 Mobile Safari/537.36"
104.28.161.29 - - [14/May/2026:13:56:01 -0400] "HEAD / HTTP/1.1" 200 - "https://www.megawatt.com.do/" "Mozilla/5.0 (Windows NT 10.0; Win64; x64) AppleWebKit/537.36 (KHTML, like Gecko) Chrome/91.0.4472.124 Safari/537.36"
38.213.6.95 - - [14/May/2026:13:56:01 -0400] "GET /qindex.php HTTP/1.1" 200 178755 "-" "Mozilla/5.0 (Windows NT 10.0; Win64; x64) AppleWebKit/537.36 (KHTML, like Gecko) Chrome/147.0.0.0 Safari/537.36 Edg/147.0.0.0"
23.82.96.181 - - [14/May/2026:13:56:02 -0400] "GET /clsleakdyzm1.php HTTP/1.1" 200 178755 "-" "Mozilla/5.0 (Linux; Android 10; K) AppleWebKit/537.36 (KHTML, like Gecko) Chrome/146.0.0.0 Mobile Safari/537.36"
104.28.161.29 - - [14/May/2026:13:56:03 -0400] "HEAD / HTTP/1.1" 200 - "https://www.megawatt.com.do/" "Mozilla/5.0 (Windows NT 10.0; Win64; x64) AppleWebKit/537.36 (KHTML, like Gecko) Chrome/91.0.4472.124 Safari/537.36"
38.213.6.95 - - [14/May/2026:13:56:04 -0400] "GET /access.php HTTP/1.1" 200 178755 "-" "Mozilla/5.0 (Windows NT 10.0; Win64; x64) AppleWebKit/537.36 (KHTML, like Gecko) Chrome/147.0.0.0 Safari/537.36 Edg/147.0.0.0"
23.82.96.181 - - [14/May/2026:13:56:04 -0400] "GET /1975.php HTTP/1.1" 200 178755 "-" "Mozilla/5.0 (Linux; Android 10; K) AppleWebKit/537.36 (KHTML, like Gecko) Chrome/146.0.0.0 Mobile Safari/537.36"
23.82.96.181 - - [14/May/2026:13:56:06 -0400] "GET /HyFaj3kUh97KZf2B9.php.malware HTTP/1.1" 200 178755 "-" "Mozilla/5.0 (Linux; Android 10; K) AppleWebKit/537.36 (KHTML, like Gecko) Chrome/146.0.0.0 Mobile Safari/537.36"
38.213.6.95 - - [14/May/2026:13:56:06 -0400] "GET /sendmail.php HTTP/1.1" 200 178755 "-" "Mozilla/5.0 (Windows NT 10.0; Win64; x64) AppleWebKit/537.36 (KHTML, like Gecko) Chrome/147.0.0.0 Safari/537.36 Edg/147.0.0.0"
23.82.96.181 - - [14/May/2026:13:56:08 -0400] "GET /0eYhcKvBX8WhZ8bwq2.php.malware HTTP/1.1" 200 178755 "-" "Mozilla/5.0 (Linux; Android 10; K) AppleWebKit/537.36 (KHTML, like Gecko) Chrome/146.0.0.0 Mobile Safari/537.36"
38.213.6.95 - - [14/May/2026:13:56:08 -0400] "GET /sym403bp.php HTTP/1.1" 200 178755 "-" "Mozilla/5.0 (Windows NT 10.0; Win64; x64) AppleWebKit/537.36 (KHTML, like Gecko) Chrome/147.0.0.0 Safari/537.36 Edg/147.0.0.0"
23.82.96.181 - - [14/May/2026:13:56:10 -0400] "GET /uZ7Buy9WHXfUvAnqiLR.php.malware HTTP/1.1" 200 178755 "-" "Mozilla/5.0 (Linux; Android 10; K) AppleWebKit/537.36 (KHTML, like Gecko) Chrome/146.0.0.0 Mobile Safari/537.36"
38.213.6.95 - - [14/May/2026:13:56:11 -0400] "GET /alfanewditz.php HTTP/1.1" 200 178755 "-" "Mozilla/5.0 (Windows NT 10.0; Win64; x64) AppleWebKit/537.36 (KHTML, like Gecko) Chrome/147.0.0.0 Safari/537.36 Edg/147.0.0.0"
23.82.96.181 - - [14/May/2026:13:56:12 -0400] "GET /wp-login.php.malware HTTP/1.1" 200 178755 "-" "Mozilla/5.0 (Linux; Android 10; K) AppleWebKit/537.36 (KHTML, like Gecko) Chrome/146.0.0.0 Mobile Safari/537.36"
38.213.6.95 - - [14/May/2026:13:56:13 -0400] "GET /input.php HTTP/1.1" 200 178755 "-" "Mozilla/5.0 (Windows NT 10.0; Win64; x64) AppleWebKit/537.36 (KHTML, like Gecko) Chrome/147.0.0.0 Safari/537.36 Edg/147.0.0.0"
23.82.96.181 - - [14/May/2026:13:56:14 -0400] "GET /index.php.malware HTTP/1.1" 200 178755 "-" "Mozilla/5.0 (Linux; Android 10; K) AppleWebKit/537.36 (KHTML, like Gecko) Chrome/146.0.0.0 Mobile Safari/537.36"
38.213.6.95 - - [14/May/2026:13:56:16 -0400] "GET /options-discussion.php HTTP/1.1" 200 178755 "-" "Mozilla/5.0 (Windows NT 10.0; Win64; x64) AppleWebKit/537.36 (KHTML, like Gecko) Chrome/147.0.0.0 Safari/537.36 Edg/147.0.0.0"
23.82.96.181 - - [14/May/2026:13:56:16 -0400] "GET /xmlrpc.php.malware HTTP/1.1" 200 178755 "-" "Mozilla/5.0 (Linux; Android 10; K) AppleWebKit/537.36 (KHTML, like Gecko) Chrome/146.0.0.0 Mobile Safari/537.36"
38.213.6.95 - - [14/May/2026:13:56:18 -0400] "GET /setup-config.php HTTP/1.1" 403 178755 "-" "Mozilla/5.0 (Windows NT 10.0; Win64; x64) AppleWebKit/537.36 (KHTML, like Gecko) Chrome/147.0.0.0 Safari/537.36 Edg/147.0.0.0"
23.82.96.181 - - [14/May/2026:13:56:18 -0400] "GET /about.php.malware HTTP/1.1" 200 178755 "-" "Mozilla/5.0 (Linux; Android 10; K) AppleWebKit/537.36 (KHTML, like Gecko) Chrome/146.0.0.0 Mobile Safari/537.36"
38.213.6.95 - - [14/May/2026:13:56:20 -0400] "GET /connects.php HTTP/1.1" 200 178755 "-" "Mozilla/5.0 (Windows NT 10.0; Win64; x64) AppleWebKit/537.36 (KHTML, like Gecko) Chrome/147.0.0.0 Safari/537.36 Edg/147.0.0.0"
23.82.96.181 - - [14/May/2026:13:56:20 -0400] "GET /options.php.malware HTTP/1.1" 200 178755 "-" "Mozilla/5.0 (Linux; Android 10; K) AppleWebKit/537.36 (KHTML, like Gecko) Chrome/146.0.0.0 Mobile Safari/537.36"
23.82.96.181 - - [14/May/2026:13:56:22 -0400] "GET /product.php.malware HTTP/1.1" 200 178755 "-" "Mozilla/5.0 (Linux; Android 10; K) AppleWebKit/537.36 (KHTML, like Gecko) Chrome/146.0.0.0 Mobile Safari/537.36"
104.28.161.29 - - [14/May/2026:13:56:22 -0400] "HEAD / HTTP/1.1" 200 - "https://www.megawatt.com.do/" "Mozilla/5.0 (Windows NT 10.0; Win64; x64) AppleWebKit/537.36 (KHTML, like Gecko) Chrome/91.0.4472.124 Safari/537.36"
38.213.6.95 - - [14/May/2026:13:56:23 -0400] "GET /options-reading.php HTTP/1.1" 200 178755 "-" "Mozilla/5.0 (Windows NT 10.0; Win64; x64) AppleWebKit/537.36 (KHTML, like Gecko) Chrome/147.0.0.0 Safari/537.36 Edg/147.0.0.0"
23.82.96.181 - - [14/May/2026:13:56:24 -0400] "GET /plugins.php.malware HTTP/1.1" 200 178755 "-" "Mozilla/5.0 (Linux; Android 10; K) AppleWebKit/537.36 (KHTML, like Gecko) Chrome/146.0.0.0 Mobile Safari/537.36"
38.213.6.95 - - [14/May/2026:13:56:25 -0400] "GET /mc.php HTTP/1.1" 200 178755 "-" "Mozilla/5.0 (Windows NT 10.0; Win64; x64) AppleWebKit/537.36 (KHTML, like Gecko) Chrome/147.0.0.0 Safari/537.36 Edg/147.0.0.0"
23.82.96.181 - - [14/May/2026:13:56:26 -0400] "GET /admin.php.malware HTTP/1.1" 200 178755 "-" "Mozilla/5.0 (Linux; Android 10; K) AppleWebKit/537.36 (KHTML, like Gecko) Chrome/146.0.0.0 Mobile Safari/537.36"
104.28.161.29 - - [14/May/2026:13:56:27 -0400] "HEAD / HTTP/1.1" 200 - "https://www.megawatt.com.do/" "Mozilla/5.0 (Windows NT 10.0; Win64; x64) AppleWebKit/537.36 (KHTML, like Gecko) Chrome/91.0.4472.124 Safari/537.36"
38.213.6.95 - - [14/May/2026:13:56:27 -0400] "GET /orvxv4.php HTTP/1.1" 200 178755 "-" "Mozilla/5.0 (Windows NT 10.0; Win64; x64) AppleWebKit/537.36 (KHTML, like Gecko) Chrome/147.0.0.0 Safari/537.36 Edg/147.0.0.0"
23.82.96.181 - - [14/May/2026:13:56:28 -0400] "GET /defaults.php.malware HTTP/1.1" 200 178755 "-" "Mozilla/5.0 (Linux; Android 10; K) AppleWebKit/537.36 (KHTML, like Gecko) Chrome/146.0.0.0 Mobile Safari/537.36"
38.213.6.95 - - [14/May/2026:13:56:30 -0400] "GET /tool1.php HTTP/1.1" 200 178755 "-" "Mozilla/5.0 (Windows NT 10.0; Win64; x64) AppleWebKit/537.36 (KHTML, like Gecko) Chrome/147.0.0.0 Safari/537.36 Edg/147.0.0.0"
23.82.96.181 - - [14/May/2026:13:56:30 -0400] "GET /mah.php.malware HTTP/1.1" 200 178755 "-" "Mozilla/5.0 (Linux; Android 10; K) AppleWebKit/537.36 (KHTML, like Gecko) Chrome/146.0.0.0 Mobile Safari/537.36"
38.213.6.95 - - [14/May/2026:13:56:32 -0400] "GET /adm.php HTTP/1.1" 200 178754 "-" "Mozilla/5.0 (Windows NT 10.0; Win64; x64) AppleWebKit/537.36 (KHTML, like Gecko) Chrome/147.0.0.0 Safari/537.36 Edg/147.0.0.0"
23.82.96.181 - - [14/May/2026:13:56:32 -0400] "GET /wso.php.malware HTTP/1.1" 200 178754 "-" "Mozilla/5.0 (Linux; Android 10; K) AppleWebKit/537.36 (KHTML, like Gecko) Chrome/146.0.0.0 Mobile Safari/537.36"
23.82.96.181 - - [14/May/2026:13:56:34 -0400] "GET /install.php.malware HTTP/1.1" 200 178754 "-" "Mozilla/5.0 (Linux; Android 10; K) AppleWebKit/537.36 (KHTML, like Gecko) Chrome/146.0.0.0 Mobile Safari/537.36"
38.213.6.95 - - [14/May/2026:13:56:35 -0400] "GET /Wp-demand.php HTTP/1.1" 200 178754 "-" "Mozilla/5.0 (Windows NT 10.0; Win64; x64) AppleWebKit/537.36 (KHTML, like Gecko) Chrome/147.0.0.0 Safari/537.36 Edg/147.0.0.0"
23.82.96.181 - - [14/May/2026:13:56:36 -0400] "GET /cache.php.malware HTTP/1.1" 200 178755 "-" "Mozilla/5.0 (Linux; Android 10; K) AppleWebKit/537.36 (KHTML, like Gecko) Chrome/146.0.0.0 Mobile Safari/537.36"
38.213.6.95 - - [14/May/2026:13:56:37 -0400] "GET /wsoditz.php HTTP/1.1" 200 178755 "-" "Mozilla/5.0 (Windows NT 10.0; Win64; x64) AppleWebKit/537.36 (KHTML, like Gecko) Chrome/147.0.0.0 Safari/537.36 Edg/147.0.0.0"
23.82.96.181 - - [14/May/2026:13:56:38 -0400] "GET /wp-trackback.php.malware HTTP/1.1" 200 178755 "-" "Mozilla/5.0 (Linux; Android 10; K) AppleWebKit/537.36 (KHTML, like Gecko) Chrome/146.0.0.0 Mobile Safari/537.36"
38.213.6.95 - - [14/May/2026:13:56:40 -0400] "GET /index1.php HTTP/1.1" 200 178755 "-" "Mozilla/5.0 (Windows NT 10.0; Win64; x64) AppleWebKit/537.36 (KHTML, like Gecko) Chrome/147.0.0.0 Safari/537.36 Edg/147.0.0.0"
23.82.96.181 - - [14/May/2026:13:56:40 -0400] "GET /special.php.malware HTTP/1.1" 200 178755 "-" "Mozilla/5.0 (Linux; Android 10; K) AppleWebKit/537.36 (KHTML, like Gecko) Chrome/146.0.0.0 Mobile Safari/537.36"
104.28.161.29 - - [14/May/2026:13:56:41 -0400] "HEAD / HTTP/1.1" 200 - "https://megawatt.com.do/" "Mozilla/5.0 (Windows NT 10.0; Win64; x64) AppleWebKit/537.36 (KHTML, like Gecko) Chrome/91.0.4472.124 Safari/537.36"
38.213.6.95 - - [14/May/2026:13:56:42 -0400] "GET /wpautoedit.php HTTP/1.1" 200 178755 "-" "Mozilla/5.0 (Windows NT 10.0; Win64; x64) AppleWebKit/537.36 (KHTML, like Gecko) Chrome/147.0.0.0 Safari/537.36 Edg/147.0.0.0"
23.82.96.181 - - [14/May/2026:13:56:42 -0400] "GET /networks.php.malware HTTP/1.1" 200 178755 "-" "Mozilla/5.0 (Linux; Android 10; K) AppleWebKit/537.36 (KHTML, like Gecko) Chrome/146.0.0.0 Mobile Safari/537.36"
38.213.6.95 - - [14/May/2026:13:56:44 -0400] "GET /db_model.php HTTP/1.1" 200 178755 "-" "Mozilla/5.0 (Windows NT 10.0; Win64; x64) AppleWebKit/537.36 (KHTML, like Gecko) Chrome/147.0.0.0 Safari/537.36 Edg/147.0.0.0"
23.82.96.181 - - [14/May/2026:13:56:44 -0400] "GET /ISwBMGoIQg3izuJgi.php.suspected HTTP/1.1" 200 178755 "-" "Mozilla/5.0 (Linux; Android 10; K) AppleWebKit/537.36 (KHTML, like Gecko) Chrome/146.0.0.0 Mobile Safari/537.36"
23.82.96.181 - - [14/May/2026:13:56:46 -0400] "GET /Nm3QWRkJ7MsuNJEO1K.php.suspected HTTP/1.1" 200 178755 "-" "Mozilla/5.0 (Linux; Android 10; K) AppleWebKit/537.36 (KHTML, like Gecko) Chrome/146.0.0.0 Mobile Safari/537.36"
38.213.6.95 - - [14/May/2026:13:56:47 -0400] "GET /user-info.php HTTP/1.1" 200 178755 "-" "Mozilla/5.0 (Windows NT 10.0; Win64; x64) AppleWebKit/537.36 (KHTML, like Gecko) Chrome/147.0.0.0 Safari/537.36 Edg/147.0.0.0"
23.82.96.181 - - [14/May/2026:13:56:48 -0400] "GET /0S2vY7DX5UcY7nqSFby.php.suspected HTTP/1.1" 200 178755 "-" "Mozilla/5.0 (Linux; Android 10; K) AppleWebKit/537.36 (KHTML, like Gecko) Chrome/146.0.0.0 Mobile Safari/537.36"
38.213.6.95 - - [14/May/2026:13:56:49 -0400] "GET /3cw96nhzkq2wmkznqoCdefault.php HTTP/1.1" 200 178755 "-" "Mozilla/5.0 (Windows NT 10.0; Win64; x64) AppleWebKit/537.36 (KHTML, like Gecko) Chrome/147.0.0.0 Safari/537.36 Edg/147.0.0.0"
23.82.96.181 - - [14/May/2026:13:56:50 -0400] "GET /wp-login.php.suspected HTTP/1.1" 200 178755 "-" "Mozilla/5.0 (Linux; Android 10; K) AppleWebKit/537.36 (KHTML, like Gecko) Chrome/146.0.0.0 Mobile Safari/537.36"
38.213.6.95 - - [14/May/2026:13:56:51 -0400] "GET /themes.php HTTP/1.1" 200 178755 "-" "Mozilla/5.0 (Windows NT 10.0; Win64; x64) AppleWebKit/537.36 (KHTML, like Gecko) Chrome/147.0.0.0 Safari/537.36 Edg/147.0.0.0"
23.82.96.181 - - [14/May/2026:13:56:52 -0400] "GET /about.php.suspected HTTP/1.1" 200 178755 "-" "Mozilla/5.0 (Linux; Android 10; K) AppleWebKit/537.36 (KHTML, like Gecko) Chrome/146.0.0.0 Mobile Safari/537.36"
38.213.6.95 - - [14/May/2026:13:56:54 -0400] "GET /x.php HTTP/1.1" 200 178755 "-" "Mozilla/5.0 (Windows NT 10.0; Win64; x64) AppleWebKit/537.36 (KHTML, like Gecko) Chrome/147.0.0.0 Safari/537.36 Edg/147.0.0.0"
23.82.96.181 - - [14/May/2026:13:56:54 -0400] "GET /index.php.suspected HTTP/1.1" 200 178755 "-" "Mozilla/5.0 (Linux; Android 10; K) AppleWebKit/537.36 (KHTML, like Gecko) Chrome/146.0.0.0 Mobile Safari/537.36"
38.213.6.95 - - [14/May/2026:13:56:56 -0400] "GET /include.php HTTP/1.1" 200 178755 "-" "Mozilla/5.0 (Windows NT 10.0; Win64; x64) AppleWebKit/537.36 (KHTML, like Gecko) Chrome/147.0.0.0 Safari/537.36 Edg/147.0.0.0"
23.82.96.181 - - [14/May/2026:13:56:56 -0400] "GET /wso.php.suspected HTTP/1.1" 200 178755 "-" "Mozilla/5.0 (Linux; Android 10; K) AppleWebKit/537.36 (KHTML, like Gecko) Chrome/146.0.0.0 Mobile Safari/537.36"
23.82.96.181 - - [14/May/2026:13:56:58 -0400] "GET /admin.php.suspected HTTP/1.1" 200 178755 "-" "Mozilla/5.0 (Linux; Android 10; K) AppleWebKit/537.36 (KHTML, like Gecko) Chrome/146.0.0.0 Mobile Safari/537.36"
38.213.6.95 - - [14/May/2026:13:56:59 -0400] "GET /u.php HTTP/1.1" 200 178755 "-" "Mozilla/5.0 (Windows NT 10.0; Win64; x64) AppleWebKit/537.36 (KHTML, like Gecko) Chrome/147.0.0.0 Safari/537.36 Edg/147.0.0.0"
23.82.96.181 - - [14/May/2026:13:57:00 -0400] "GET /wp-trackback.php.suspected HTTP/1.1" 200 178755 "-" "Mozilla/5.0 (Linux; Android 10; K) AppleWebKit/537.36 (KHTML, like Gecko) Chrome/146.0.0.0 Mobile Safari/537.36"
38.213.6.95 - - [14/May/2026:13:57:01 -0400] "GET /includes.php HTTP/1.1" 200 178755 "-" "Mozilla/5.0 (Windows NT 10.0; Win64; x64) AppleWebKit/537.36 (KHTML, like Gecko) Chrome/147.0.0.0 Safari/537.36 Edg/147.0.0.0"
23.82.96.181 - - [14/May/2026:13:57:02 -0400] "GET /cache.php.suspected HTTP/1.1" 200 178755 "-" "Mozilla/5.0 (Linux; Android 10; K) AppleWebKit/537.36 (KHTML, like Gecko) Chrome/146.0.0.0 Mobile Safari/537.36"
38.213.6.95 - - [14/May/2026:13:57:03 -0400] "GET /update.php HTTP/1.1" 200 178755 "-" "Mozilla/5.0 (Windows NT 10.0; Win64; x64) AppleWebKit/537.36 (KHTML, like Gecko) Chrome/147.0.0.0 Safari/537.36 Edg/147.0.0.0"
23.82.96.181 - - [14/May/2026:13:57:04 -0400] "GET /mah.php.suspected HTTP/1.1" 200 178755 "-" "Mozilla/5.0 (Linux; Android 10; K) AppleWebKit/537.36 (KHTML, like Gecko) Chrome/146.0.0.0 Mobile Safari/537.36"
38.213.6.95 - - [14/May/2026:13:57:06 -0400] "GET /edit-comments.php HTTP/1.1" 200 178755 "-" "Mozilla/5.0 (Windows NT 10.0; Win64; x64) AppleWebKit/537.36 (KHTML, like Gecko) Chrome/147.0.0.0 Safari/537.36 Edg/147.0.0.0"
23.82.96.181 - - [14/May/2026:13:57:06 -0400] "GET /wp-config.php.suspected HTTP/1.1" 403 178755 "-" "Mozilla/5.0 (Linux; Android 10; K) AppleWebKit/537.36 (KHTML, like Gecko) Chrome/146.0.0.0 Mobile Safari/537.36"
38.213.6.95 - - [14/May/2026:13:57:08 -0400] "GET /license.php HTTP/1.1" 403 178755 "-" "Mozilla/5.0 (Windows NT 10.0; Win64; x64) AppleWebKit/537.36 (KHTML, like Gecko) Chrome/147.0.0.0 Safari/537.36 Edg/147.0.0.0"
23.82.96.181 - - [14/May/2026:13:57:08 -0400] "GET /Mi266CjWW_jzAYEH3.php7 HTTP/1.1" 200 178755 "-" "Mozilla/5.0 (Linux; Android 10; K) AppleWebKit/537.36 (KHTML, like Gecko) Chrome/146.0.0.0 Mobile Safari/537.36"
23.82.96.181 - - [14/May/2026:13:57:10 -0400] "GET /TisMWB07LDiOcChsD4.php7 HTTP/1.1" 200 178755 "-" "Mozilla/5.0 (Linux; Android 10; K) AppleWebKit/537.36 (KHTML, like Gecko) Chrome/146.0.0.0 Mobile Safari/537.36"
38.213.6.95 - - [14/May/2026:13:57:11 -0400] "GET /alfa.php HTTP/1.1" 200 178755 "-" "Mozilla/5.0 (Windows NT 10.0; Win64; x64) AppleWebKit/537.36 (KHTML, like Gecko) Chrome/147.0.0.0 Safari/537.36 Edg/147.0.0.0"
54.209.100.30 - - [14/May/2026:13:57:11 -0400] "GET / HTTP/1.1" 200 178755 "-" "Mozilla/5.0 AppleWebKit/537.36 (KHTML, like Gecko; compatible; Amazonbot/0.1; +https://developer.amazon.com/support/amazonbot) Chrome/119.0.6045.214 Safari/537.36"
23.82.96.181 - - [14/May/2026:13:57:12 -0400] "GET /CMN7R4n2Z5aVBXm7CtT.php7 HTTP/1.1" 200 178755 "-" "Mozilla/5.0 (Linux; Android 10; K) AppleWebKit/537.36 (KHTML, like Gecko) Chrome/146.0.0.0 Mobile Safari/537.36"
38.213.6.95 - - [14/May/2026:13:57:13 -0400] "GET /cong.php HTTP/1.1" 200 178754 "-" "Mozilla/5.0 (Windows NT 10.0; Win64; x64) AppleWebKit/537.36 (KHTML, like Gecko) Chrome/147.0.0.0 Safari/537.36 Edg/147.0.0.0"
104.28.161.29 - - [14/May/2026:13:57:14 -0400] "HEAD / HTTP/1.1" 200 - "https://www.megawatt.com.do/" "Mozilla/5.0 (Windows NT 10.0; Win64; x64) AppleWebKit/537.36 (KHTML, like Gecko) Chrome/91.0.4472.124 Safari/537.36"
23.82.96.181 - - [14/May/2026:13:57:14 -0400] "GET /about.php7 HTTP/1.1" 200 178754 "-" "Mozilla/5.0 (Linux; Android 10; K) AppleWebKit/537.36 (KHTML, like Gecko) Chrome/146.0.0.0 Mobile Safari/537.36"
38.213.6.95 - - [14/May/2026:13:57:15 -0400] "GET /lufx.php HTTP/1.1" 200 178754 "-" "Mozilla/5.0 (Windows NT 10.0; Win64; x64) AppleWebKit/537.36 (KHTML, like Gecko) Chrome/147.0.0.0 Safari/537.36 Edg/147.0.0.0"
23.82.96.181 - - [14/May/2026:13:57:16 -0400] "GET /alfa-rex.php7 HTTP/1.1" 200 178755 "-" "Mozilla/5.0 (Linux; Android 10; K) AppleWebKit/537.36 (KHTML, like Gecko) Chrome/146.0.0.0 Mobile Safari/537.36"
38.213.6.95 - - [14/May/2026:13:57:18 -0400] "GET /wsoditz1.php HTTP/1.1" 200 178755 "-" "Mozilla/5.0 (Windows NT 10.0; Win64; x64) AppleWebKit/537.36 (KHTML, like Gecko) Chrome/147.0.0.0 Safari/537.36 Edg/147.0.0.0"
23.82.96.181 - - [14/May/2026:13:57:18 -0400] "GET /msleaf.php7 HTTP/1.1" 200 178755 "-" "Mozilla/5.0 (Linux; Android 10; K) AppleWebKit/537.36 (KHTML, like Gecko) Chrome/146.0.0.0 Mobile Safari/537.36"
38.213.6.95 - - [14/May/2026:13:57:20 -0400] "GET /alfditz.php HTTP/1.1" 200 178755 "-" "Mozilla/5.0 (Windows NT 10.0; Win64; x64) AppleWebKit/537.36 (KHTML, like Gecko) Chrome/147.0.0.0 Safari/537.36 Edg/147.0.0.0"
23.82.96.181 - - [14/May/2026:13:57:20 -0400] "GET /psm.php7 HTTP/1.1" 200 178755 "-" "Mozilla/5.0 (Linux; Android 10; K) AppleWebKit/537.36 (KHTML, like Gecko) Chrome/146.0.0.0 Mobile Safari/537.36"
104.28.161.29 - - [14/May/2026:13:57:21 -0400] "HEAD / HTTP/1.1" 200 - "https://www.megawatt.com.do/" "Mozilla/5.0 (Windows NT 10.0; Win64; x64) AppleWebKit/537.36 (KHTML, like Gecko) Chrome/91.0.4472.124 Safari/537.36"
38.213.6.95 - - [14/May/2026:13:57:22 -0400] "GET /adminfuns.php HTTP/1.1" 200 178755 "-" "Mozilla/5.0 (Windows NT 10.0; Win64; x64) AppleWebKit/537.36 (KHTML, like Gecko) Chrome/147.0.0.0 Safari/537.36 Edg/147.0.0.0"
23.82.96.181 - - [14/May/2026:13:57:22 -0400] "GET /man.php7 HTTP/1.1" 200 178755 "-" "Mozilla/5.0 (Linux; Android 10; K) AppleWebKit/537.36 (KHTML, like Gecko) Chrome/146.0.0.0 Mobile Safari/537.36"
23.82.96.181 - - [14/May/2026:13:57:24 -0400] "GET /shell.php7 HTTP/1.1" 200 178755 "-" "Mozilla/5.0 (Linux; Android 10; K) AppleWebKit/537.36 (KHTML, like Gecko) Chrome/146.0.0.0 Mobile Safari/537.36"
38.213.6.95 - - [14/May/2026:13:57:25 -0400] "GET /psh.php HTTP/1.1" 200 178755 "-" "Mozilla/5.0 (Windows NT 10.0; Win64; x64) AppleWebKit/537.36 (KHTML, like Gecko) Chrome/147.0.0.0 Safari/537.36 Edg/147.0.0.0"
104.28.161.29 - - [14/May/2026:13:57:25 -0400] "HEAD / HTTP/1.1" 200 - "https://www.megawatt.com.do/" "Mozilla/5.0 (Windows NT 10.0; Win64; x64) AppleWebKit/537.36 (KHTML, like Gecko) Chrome/91.0.4472.124 Safari/537.36"
23.82.96.181 - - [14/May/2026:13:57:26 -0400] "GET /mailer.php7 HTTP/1.1" 200 178755 "-" "Mozilla/5.0 (Linux; Android 10; K) AppleWebKit/537.36 (KHTML, like Gecko) Chrome/146.0.0.0 Mobile Safari/537.36"
38.213.6.95 - - [14/May/2026:13:57:27 -0400] "GET /memberfuns.php HTTP/1.1" 200 178755 "-" "Mozilla/5.0 (Windows NT 10.0; Win64; x64) AppleWebKit/537.36 (KHTML, like Gecko) Chrome/147.0.0.0 Safari/537.36 Edg/147.0.0.0"
23.82.96.181 - - [14/May/2026:13:57:28 -0400] "GET /fix.php7 HTTP/1.1" 200 178755 "-" "Mozilla/5.0 (Linux; Android 10; K) AppleWebKit/537.36 (KHTML, like Gecko) Chrome/146.0.0.0 Mobile Safari/537.36"
38.213.6.95 - - [14/May/2026:13:57:29 -0400] "GET /wpsirddt.php HTTP/1.1" 200 178755 "-" "Mozilla/5.0 (Windows NT 10.0; Win64; x64) AppleWebKit/537.36 (KHTML, like Gecko) Chrome/147.0.0.0 Safari/537.36 Edg/147.0.0.0"
23.82.96.181 - - [14/May/2026:13:57:30 -0400] "GET /alfanew.php7 HTTP/1.1" 200 178755 "-" "Mozilla/5.0 (Linux; Android 10; K) AppleWebKit/537.36 (KHTML, like Gecko) Chrome/146.0.0.0 Mobile Safari/537.36"
38.213.6.95 - - [14/May/2026:13:57:32 -0400] "GET /network.php HTTP/1.1" 200 178755 "-" "Mozilla/5.0 (Windows NT 10.0; Win64; x64) AppleWebKit/537.36 (KHTML, like Gecko) Chrome/147.0.0.0 Safari/537.36 Edg/147.0.0.0"
23.82.96.181 - - [14/May/2026:13:57:32 -0400] "GET /sell.php7 HTTP/1.1" 200 178755 "-" "Mozilla/5.0 (Linux; Android 10; K) AppleWebKit/537.36 (KHTML, like Gecko) Chrome/146.0.0.0 Mobile Safari/537.36"
38.213.6.95 - - [14/May/2026:13:57:34 -0400] "GET /min.php HTTP/1.1" 200 178755 "-" "Mozilla/5.0 (Windows NT 10.0; Win64; x64) AppleWebKit/537.36 (KHTML, like Gecko) Chrome/147.0.0.0 Safari/537.36 Edg/147.0.0.0"
23.82.96.181 - - [14/May/2026:13:57:34 -0400] "GET /t.php7 HTTP/1.1" 200 178755 "-" "Mozilla/5.0 (Linux; Android 10; K) AppleWebKit/537.36 (KHTML, like Gecko) Chrome/146.0.0.0 Mobile Safari/537.36"
38.213.6.95 - - [14/May/2026:13:57:37 -0400] "GET /authorize.php HTTP/1.1" 200 178755 "-" "Mozilla/5.0 (Windows NT 10.0; Win64; x64) AppleWebKit/537.36 (KHTML, like Gecko) Chrome/147.0.0.0 Safari/537.36 Edg/147.0.0.0"
23.82.96.181 - - [14/May/2026:13:57:37 -0400] "GET /fdmPJT1noW7qke2um.php8 HTTP/1.1" 200 178755 "-" "Mozilla/5.0 (Linux; Android 10; K) AppleWebKit/537.36 (KHTML, like Gecko) Chrome/146.0.0.0 Mobile Safari/537.36"
23.82.96.181 - - [14/May/2026:13:57:39 -0400] "GET /_y8gNfkdkmh1Dbg7Cy.php8 HTTP/1.1" 200 178755 "-" "Mozilla/5.0 (Linux; Android 10; K) AppleWebKit/537.36 (KHTML, like Gecko) Chrome/146.0.0.0 Mobile Safari/537.36"
38.213.6.95 - - [14/May/2026:13:57:39 -0400] "GET /post.php HTTP/1.1" 200 178755 "-" "Mozilla/5.0 (Windows NT 10.0; Win64; x64) AppleWebKit/537.36 (KHTML, like Gecko) Chrome/147.0.0.0 Safari/537.36 Edg/147.0.0.0"
23.82.96.181 - - [14/May/2026:13:57:41 -0400] "GET /DsSyvac0ehusZoXrtO0.php8 HTTP/1.1" 200 178755 "-" "Mozilla/5.0 (Linux; Android 10; K) AppleWebKit/537.36 (KHTML, like Gecko) Chrome/146.0.0.0 Mobile Safari/537.36"
38.213.6.95 - - [14/May/2026:13:57:41 -0400] "GET /123.php HTTP/1.1" 200 178755 "-" "Mozilla/5.0 (Windows NT 10.0; Win64; x64) AppleWebKit/537.36 (KHTML, like Gecko) Chrome/147.0.0.0 Safari/537.36 Edg/147.0.0.0"
23.82.96.181 - - [14/May/2026:13:57:43 -0400] "GET /alfa-rex.php8 HTTP/1.1" 200 178755 "-" "Mozilla/5.0 (Linux; Android 10; K) AppleWebKit/537.36 (KHTML, like Gecko) Chrome/146.0.0.0 Mobile Safari/537.36"
38.213.6.95 - - [14/May/2026:13:57:44 -0400] "GET /q.php HTTP/1.1" 200 178755 "-" "Mozilla/5.0 (Windows NT 10.0; Win64; x64) AppleWebKit/537.36 (KHTML, like Gecko) Chrome/147.0.0.0 Safari/537.36 Edg/147.0.0.0"
23.82.96.181 - - [14/May/2026:13:57:45 -0400] "GET /fix.php8 HTTP/1.1" 200 178755 "-" "Mozilla/5.0 (Linux; Android 10; K) AppleWebKit/537.36 (KHTML, like Gecko) Chrome/146.0.0.0 Mobile Safari/537.36"
104.28.161.29 - - [14/May/2026:13:57:46 -0400] "HEAD / HTTP/1.1" 200 - "https://www.megawatt.com.do/" "Mozilla/5.0 (Windows NT 10.0; Win64; x64) AppleWebKit/537.36 (KHTML, like Gecko) Chrome/91.0.4472.124 Safari/537.36"
38.213.6.95 - - [14/May/2026:13:57:46 -0400] "GET /aa.php HTTP/1.1" 200 178755 "-" "Mozilla/5.0 (Windows NT 10.0; Win64; x64) AppleWebKit/537.36 (KHTML, like Gecko) Chrome/147.0.0.0 Safari/537.36 Edg/147.0.0.0"
23.82.96.181 - - [14/May/2026:13:57:46 -0400] "GET /MQyt8KfNfT4PKkwTn.phtml HTTP/1.1" 200 178755 "-" "Mozilla/5.0 (Linux; Android 10; K) AppleWebKit/537.36 (KHTML, like Gecko) Chrome/146.0.0.0 Mobile Safari/537.36"
38.213.6.95 - - [14/May/2026:13:57:48 -0400] "GET /file.php HTTP/1.1" 200 178755 "-" "Mozilla/5.0 (Windows NT 10.0; Win64; x64) AppleWebKit/537.36 (KHTML, like Gecko) Chrome/147.0.0.0 Safari/537.36 Edg/147.0.0.0"
104.28.161.29 - - [14/May/2026:13:57:48 -0400] "HEAD / HTTP/1.1" 200 - "https://www.megawatt.com.do/" "Mozilla/5.0 (Windows NT 10.0; Win64; x64) AppleWebKit/537.36 (KHTML, like Gecko) Chrome/91.0.4472.124 Safari/537.36"
104.28.161.29 - - [14/May/2026:13:57:49 -0400] "HEAD / HTTP/1.1" 200 - "https://www.megawatt.com.do/" "Mozilla/5.0 (Windows NT 10.0; Win64; x64) AppleWebKit/537.36 (KHTML, like Gecko) Chrome/91.0.4472.124 Safari/537.36"
23.82.96.181 - - [14/May/2026:13:57:48 -0400] "GET /bMAM7GMMczncK9UCh0.phtml HTTP/1.1" 200 178755 "-" "Mozilla/5.0 (Linux; Android 10; K) AppleWebKit/537.36 (KHTML, like Gecko) Chrome/146.0.0.0 Mobile Safari/537.36"
38.213.6.95 - - [14/May/2026:13:57:51 -0400] "GET /phpmailer.php HTTP/1.1" 200 178752 "-" "Mozilla/5.0 (Windows NT 10.0; Win64; x64) AppleWebKit/537.36 (KHTML, like Gecko) Chrome/147.0.0.0 Safari/537.36 Edg/147.0.0.0"
23.82.96.181 - - [14/May/2026:13:57:51 -0400] "GET /IVkuiajEbaytRZm6NHW.phtml HTTP/1.1" 200 178752 "-" "Mozilla/5.0 (Linux; Android 10; K) AppleWebKit/537.36 (KHTML, like Gecko) Chrome/146.0.0.0 Mobile Safari/537.36"
23.82.96.181 - - [14/May/2026:13:57:53 -0400] "GET /sql.phtml HTTP/1.1" 200 178752 "-" "Mozilla/5.0 (Linux; Android 10; K) AppleWebKit/537.36 (KHTML, like Gecko) Chrome/146.0.0.0 Mobile Safari/537.36"
38.213.6.95 - - [14/May/2026:13:57:53 -0400] "GET /raw.php HTTP/1.1" 200 178755 "-" "Mozilla/5.0 (Windows NT 10.0; Win64; x64) AppleWebKit/537.36 (KHTML, like Gecko) Chrome/147.0.0.0 Safari/537.36 Edg/147.0.0.0"
23.82.96.181 - - [14/May/2026:13:57:55 -0400] "GET /database.phtml HTTP/1.1" 200 178755 "-" "Mozilla/5.0 (Linux; Android 10; K) AppleWebKit/537.36 (KHTML, like Gecko) Chrome/146.0.0.0 Mobile Safari/537.36"
38.213.6.95 - - [14/May/2026:13:57:55 -0400] "GET /menu.php HTTP/1.1" 200 178755 "-" "Mozilla/5.0 (Windows NT 10.0; Win64; x64) AppleWebKit/537.36 (KHTML, like Gecko) Chrome/147.0.0.0 Safari/537.36 Edg/147.0.0.0"
23.82.96.181 - - [14/May/2026:13:57:57 -0400] "GET /mailer.phtml HTTP/1.1" 200 178755 "-" "Mozilla/5.0 (Linux; Android 10; K) AppleWebKit/537.36 (KHTML, like Gecko) Chrome/146.0.0.0 Mobile Safari/537.36"
38.213.6.95 - - [14/May/2026:13:57:58 -0400] "GET /wso1.php HTTP/1.1" 200 178755 "-" "Mozilla/5.0 (Windows NT 10.0; Win64; x64) AppleWebKit/537.36 (KHTML, like Gecko) Chrome/147.0.0.0 Safari/537.36 Edg/147.0.0.0"
104.28.161.29 - - [14/May/2026:13:57:59 -0400] "HEAD / HTTP/1.1" 200 - "https://www.megawatt.com.do/" "Mozilla/5.0 (Windows NT 10.0; Win64; x64) AppleWebKit/537.36 (KHTML, like Gecko) Chrome/91.0.4472.124 Safari/537.36"
23.82.96.181 - - [14/May/2026:13:57:59 -0400] "GET /biSyxqlcK5tlZ580d.test.php HTTP/1.1" 200 178755 "-" "Mozilla/5.0 (Linux; Android 10; K) AppleWebKit/537.36 (KHTML, like Gecko) Chrome/146.0.0.0 Mobile Safari/537.36"
38.213.6.95 - - [14/May/2026:13:58:00 -0400] "GET /mini.php HTTP/1.1" 200 178755 "-" "Mozilla/5.0 (Windows NT 10.0; Win64; x64) AppleWebKit/537.36 (KHTML, like Gecko) Chrome/147.0.0.0 Safari/537.36 Edg/147.0.0.0"
23.82.96.181 - - [14/May/2026:13:58:01 -0400] "GET /m0LFYE02MsOYFRw_iB.test.php HTTP/1.1" 200 178755 "-" "Mozilla/5.0 (Linux; Android 10; K) AppleWebKit/537.36 (KHTML, like Gecko) Chrome/146.0.0.0 Mobile Safari/537.36"
38.213.6.95 - - [14/May/2026:13:58:02 -0400] "GET /pages.php HTTP/1.1" 200 178755 "-" "Mozilla/5.0 (Windows NT 10.0; Win64; x64) AppleWebKit/537.36 (KHTML, like Gecko) Chrome/147.0.0.0 Safari/537.36 Edg/147.0.0.0"
23.82.96.181 - - [14/May/2026:13:58:03 -0400] "GET /i4meSg0xUGK7RddNNiF.test.php HTTP/1.1" 200 178755 "-" "Mozilla/5.0 (Linux; Android 10; K) AppleWebKit/537.36 (KHTML, like Gecko) Chrome/146.0.0.0 Mobile Safari/537.36"
104.28.161.29 - - [14/May/2026:13:58:04 -0400] "HEAD / HTTP/1.1" 200 - "https://www.megawatt.com.do/" "Mozilla/5.0 (Windows NT 10.0; Win64; x64) AppleWebKit/537.36 (KHTML, like Gecko) Chrome/91.0.4472.124 Safari/537.36"
38.213.6.95 - - [14/May/2026:13:58:05 -0400] "GET /am.php HTTP/1.1" 200 178755 "-" "Mozilla/5.0 (Windows NT 10.0; Win64; x64) AppleWebKit/537.36 (KHTML, like Gecko) Chrome/147.0.0.0 Safari/537.36 Edg/147.0.0.0"
23.82.96.181 - - [14/May/2026:13:58:05 -0400] "GET /.test.php HTTP/1.1" 200 178755 "-" "Mozilla/5.0 (Linux; Android 10; K) AppleWebKit/537.36 (KHTML, like Gecko) Chrome/146.0.0.0 Mobile Safari/537.36"
38.213.6.95 - - [14/May/2026:13:58:07 -0400] "GET /years.php HTTP/1.1" 200 178755 "-" "Mozilla/5.0 (Windows NT 10.0; Win64; x64) AppleWebKit/537.36 (KHTML, like Gecko) Chrome/147.0.0.0 Safari/537.36 Edg/147.0.0.0"
23.82.96.181 - - [14/May/2026:13:58:07 -0400] "GET /tb7mmz1d1MpH2o6x7.tmb HTTP/1.1" 200 178755 "-" "Mozilla/5.0 (Linux; Android 10; K) AppleWebKit/537.36 (KHTML, like Gecko) Chrome/146.0.0.0 Mobile Safari/537.36"
23.82.96.181 - - [14/May/2026:13:58:09 -0400] "GET /tMG187cV3KuwNbPHyq.tmb HTTP/1.1" 200 178755 "-" "Mozilla/5.0 (Linux; Android 10; K) AppleWebKit/537.36 (KHTML, like Gecko) Chrome/146.0.0.0 Mobile Safari/537.36"
38.213.6.95 - - [14/May/2026:13:58:09 -0400] "GET /default.php HTTP/1.1" 200 178755 "-" "Mozilla/5.0 (Windows NT 10.0; Win64; x64) AppleWebKit/537.36 (KHTML, like Gecko) Chrome/147.0.0.0 Safari/537.36 Edg/147.0.0.0"
104.28.161.29 - - [14/May/2026:13:58:10 -0400] "HEAD / HTTP/1.1" 200 - "https://www.megawatt.com.do/" "Mozilla/5.0 (Windows NT 10.0; Win64; x64) AppleWebKit/537.36 (KHTML, like Gecko) Chrome/91.0.4472.124 Safari/537.36"
23.82.96.181 - - [14/May/2026:13:58:11 -0400] "GET /Bw2nyTgQqPGnbLtLWd6.tmb HTTP/1.1" 200 178755 "-" "Mozilla/5.0 (Linux; Android 10; K) AppleWebKit/537.36 (KHTML, like Gecko) Chrome/146.0.0.0 Mobile Safari/537.36"
38.213.6.95 - - [14/May/2026:13:58:12 -0400] "GET /wp-admin.php HTTP/1.1" 200 178755 "-" "Mozilla/5.0 (Windows NT 10.0; Win64; x64) AppleWebKit/537.36 (KHTML, like Gecko) Chrome/147.0.0.0 Safari/537.36 Edg/147.0.0.0"
23.82.96.181 - - [14/May/2026:13:58:13 -0400] "GET /.tmb HTTP/1.1" 301 280 "-" "Mozilla/5.0 (Linux; Android 10; K) AppleWebKit/537.36 (KHTML, like Gecko) Chrome/146.0.0.0 Mobile Safari/537.36"
104.28.161.29 - - [14/May/2026:13:58:13 -0400] "HEAD / HTTP/1.1" 200 - "https://www.megawatt.com.do/" "Mozilla/5.0 (Windows NT 10.0; Win64; x64) AppleWebKit/537.36 (KHTML, like Gecko) Chrome/91.0.4472.124 Safari/537.36"
23.82.96.181 - - [14/May/2026:13:58:14 -0400] "GET /lloQ3VGEt7Db5sXWK.tomcat.5.jsp HTTP/1.1" 200 178755 "-" "Mozilla/5.0 (Linux; Android 10; K) AppleWebKit/537.36 (KHTML, like Gecko) Chrome/146.0.0.0 Mobile Safari/537.36"
38.213.6.95 - - [14/May/2026:13:58:14 -0400] "GET /indx.php HTTP/1.1" 200 178755 "-" "Mozilla/5.0 (Windows NT 10.0; Win64; x64) AppleWebKit/537.36 (KHTML, like Gecko) Chrome/147.0.0.0 Safari/537.36 Edg/147.0.0.0"
23.82.96.181 - - [14/May/2026:13:58:16 -0400] "GET /MnAbRPWlm0ebtE2ESz.tomcat.5.jsp HTTP/1.1" 200 178755 "-" "Mozilla/5.0 (Linux; Android 10; K) AppleWebKit/537.36 (KHTML, like Gecko) Chrome/146.0.0.0 Mobile Safari/537.36"
38.213.6.95 - - [14/May/2026:13:58:16 -0400] "GET /user-edit.php HTTP/1.1" 200 178755 "-" "Mozilla/5.0 (Windows NT 10.0; Win64; x64) AppleWebKit/537.36 (KHTML, like Gecko) Chrome/147.0.0.0 Safari/537.36 Edg/147.0.0.0"
23.82.96.181 - - [14/May/2026:13:58:18 -0400] "GET /BVM3JXvCwNE2LwdOaob.tomcat.5.jsp HTTP/1.1" 200 178755 "-" "Mozilla/5.0 (Linux; Android 10; K) AppleWebKit/537.36 (KHTML, like Gecko) Chrome/146.0.0.0 Mobile Safari/537.36"
38.213.6.95 - - [14/May/2026:13:58:19 -0400] "GET /ms-delete-site.php HTTP/1.1" 200 178755 "-" "Mozilla/5.0 (Windows NT 10.0; Win64; x64) AppleWebKit/537.36 (KHTML, like Gecko) Chrome/147.0.0.0 Safari/537.36 Edg/147.0.0.0"
23.82.96.181 - - [14/May/2026:13:58:20 -0400] "GET /tunnel.tomcat.5.jsp HTTP/1.1" 200 178755 "-" "Mozilla/5.0 (Linux; Android 10; K) AppleWebKit/537.36 (KHTML, like Gecko) Chrome/146.0.0.0 Mobile Safari/537.36"
38.213.6.95 - - [14/May/2026:13:58:21 -0400] "GET /index3.php HTTP/1.1" 200 178755 "-" "Mozilla/5.0 (Windows NT 10.0; Win64; x64) AppleWebKit/537.36 (KHTML, like Gecko) Chrome/147.0.0.0 Safari/537.36 Edg/147.0.0.0"
23.82.96.181 - - [14/May/2026:13:58:22 -0400] "GET /lHwcf3LJITUEzGx7T.txt HTTP/1.1" 200 178755 "-" "Mozilla/5.0 (Linux; Android 10; K) AppleWebKit/537.36 (KHTML, like Gecko) Chrome/146.0.0.0 Mobile Safari/537.36"
104.28.161.29 - - [14/May/2026:13:58:23 -0400] "HEAD / HTTP/1.1" 200 - "https://www.megawatt.com.do/" "Mozilla/5.0 (Windows NT 10.0; Win64; x64) AppleWebKit/537.36 (KHTML, like Gecko) Chrome/91.0.4472.124 Safari/537.36"
38.213.6.95 - - [14/May/2026:13:58:24 -0400] "GET /owl.php HTTP/1.1" 200 178755 "-" "Mozilla/5.0 (Windows NT 10.0; Win64; x64) AppleWebKit/537.36 (KHTML, like Gecko) Chrome/147.0.0.0 Safari/537.36 Edg/147.0.0.0"
23.82.96.181 - - [14/May/2026:13:58:24 -0400] "GET /v8CYthir6pIV6f1qYc.txt HTTP/1.1" 200 178755 "-" "Mozilla/5.0 (Linux; Android 10; K) AppleWebKit/537.36 (KHTML, like Gecko) Chrome/146.0.0.0 Mobile Safari/537.36"
23.82.96.181 - - [14/May/2026:13:58:26 -0400] "GET /3McvGQ8BMHRXLSIfgUA.txt HTTP/1.1" 200 178754 "-" "Mozilla/5.0 (Linux; Android 10; K) AppleWebKit/537.36 (KHTML, like Gecko) Chrome/146.0.0.0 Mobile Safari/537.36"
38.213.6.95 - - [14/May/2026:13:58:26 -0400] "GET /docindex.php HTTP/1.1" 200 178754 "-" "Mozilla/5.0 (Windows NT 10.0; Win64; x64) AppleWebKit/537.36 (KHTML, like Gecko) Chrome/147.0.0.0 Safari/537.36 Edg/147.0.0.0"
23.82.96.181 - - [14/May/2026:13:58:28 -0400] "GET /amax.txt HTTP/1.1" 200 178754 "-" "Mozilla/5.0 (Linux; Android 10; K) AppleWebKit/537.36 (KHTML, like Gecko) Chrome/146.0.0.0 Mobile Safari/537.36"
38.213.6.95 - - [14/May/2026:13:58:28 -0400] "GET /ss.php HTTP/1.1" 200 178754 "-" "Mozilla/5.0 (Windows NT 10.0; Win64; x64) AppleWebKit/537.36 (KHTML, like Gecko) Chrome/147.0.0.0 Safari/537.36 Edg/147.0.0.0"
23.82.96.181 - - [14/May/2026:13:58:30 -0400] "GET /readme.txt HTTP/1.1" 403 178755 "-" "Mozilla/5.0 (Linux; Android 10; K) AppleWebKit/537.36 (KHTML, like Gecko) Chrome/146.0.0.0 Mobile Safari/537.36"
38.213.6.95 - - [14/May/2026:13:58:45 -0400] "GET /PvqDq929BSx_A_D_M1n_a.php HTTP/1.1" 200 178755 "-" "Mozilla/5.0 (Windows NT 10.0; Win64; x64) AppleWebKit/537.36 (KHTML, like Gecko) Chrome/147.0.0.0 Safari/537.36 Edg/147.0.0.0"
23.82.96.181 - - [14/May/2026:13:58:45 -0400] "GET /ZViZvaEJUk7s3_HDc.well-known HTTP/1.1" 200 178755 "-" "Mozilla/5.0 (Linux; Android 10; K) AppleWebKit/537.36 (KHTML, like Gecko) Chrome/146.0.0.0 Mobile Safari/537.36"
104.28.161.29 - - [14/May/2026:13:58:47 -0400] "HEAD / HTTP/1.1" 200 - "https://www.megawatt.com.do/" "Mozilla/5.0 (Windows NT 10.0; Win64; x64) AppleWebKit/537.36 (KHTML, like Gecko) Chrome/91.0.4472.124 Safari/537.36"
23.82.96.181 - - [14/May/2026:13:58:47 -0400] "GET /47FrjcanMIlEAfKl_S.well-known HTTP/1.1" 200 178755 "-" "Mozilla/5.0 (Linux; Android 10; K) AppleWebKit/537.36 (KHTML, like Gecko) Chrome/146.0.0.0 Mobile Safari/537.36"
38.213.6.95 - - [14/May/2026:13:58:47 -0400] "GET /wp-conflg.php HTTP/1.1" 200 178755 "-" "Mozilla/5.0 (Windows NT 10.0; Win64; x64) AppleWebKit/537.36 (KHTML, like Gecko) Chrome/147.0.0.0 Safari/537.36 Edg/147.0.0.0"
104.28.161.29 - - [14/May/2026:13:58:48 -0400] "HEAD / HTTP/1.1" 200 - "https://www.megawatt.com.do/" "Mozilla/5.0 (Windows NT 10.0; Win64; x64) AppleWebKit/537.36 (KHTML, like Gecko) Chrome/91.0.4472.124 Safari/537.36"
23.82.96.181 - - [14/May/2026:13:58:49 -0400] "GET /GI3hRTyF2sJJDvdsbzq.well-known HTTP/1.1" 200 178755 "-" "Mozilla/5.0 (Linux; Android 10; K) AppleWebKit/537.36 (KHTML, like Gecko) Chrome/146.0.0.0 Mobile Safari/537.36"
38.213.6.95 - - [14/May/2026:13:58:50 -0400] "GET /wp-class.php HTTP/1.1" 200 178755 "-" "Mozilla/5.0 (Windows NT 10.0; Win64; x64) AppleWebKit/537.36 (KHTML, like Gecko) Chrome/147.0.0.0 Safari/537.36 Edg/147.0.0.0"
23.82.96.181 - - [14/May/2026:13:58:51 -0400] "GET /.well-known HTTP/1.1" 301 287 "-" "Mozilla/5.0 (Linux; Android 10; K) AppleWebKit/537.36 (KHTML, like Gecko) Chrome/146.0.0.0 Mobile Safari/537.36"
23.82.96.181 - - [14/May/2026:13:58:52 -0400] "GET /vVXDMIcckjdqSNjNn.wjpl95qv_mlr.php HTTP/1.1" 200 178755 "-" "Mozilla/5.0 (Linux; Android 10; K) AppleWebKit/537.36 (KHTML, like Gecko) Chrome/146.0.0.0 Mobile Safari/537.36"
38.213.6.95 - - [14/May/2026:13:58:52 -0400] "GET /field.php HTTP/1.1" 200 178755 "-" "Mozilla/5.0 (Windows NT 10.0; Win64; x64) AppleWebKit/537.36 (KHTML, like Gecko) Chrome/147.0.0.0 Safari/537.36 Edg/147.0.0.0"
23.82.96.181 - - [14/May/2026:13:58:54 -0400] "GET /gcMs0vuhW0gkg2JQjE.wjpl95qv_mlr.php HTTP/1.1" 200 178755 "-" "Mozilla/5.0 (Linux; Android 10; K) AppleWebKit/537.36 (KHTML, like Gecko) Chrome/146.0.0.0 Mobile Safari/537.36"
38.213.6.95 - - [14/May/2026:13:58:54 -0400] "GET /engine.php HTTP/1.1" 200 178755 "-" "Mozilla/5.0 (Windows NT 10.0; Win64; x64) AppleWebKit/537.36 (KHTML, like Gecko) Chrome/147.0.0.0 Safari/537.36 Edg/147.0.0.0"
23.82.96.181 - - [14/May/2026:13:58:56 -0400] "GET /1TSMSaQ36WFya3pYMKF.wjpl95qv_mlr.php HTTP/1.1" 200 178755 "-" "Mozilla/5.0 (Linux; Android 10; K) AppleWebKit/537.36 (KHTML, like Gecko) Chrome/146.0.0.0 Mobile Safari/537.36"
38.213.6.95 - - [14/May/2026:13:58:57 -0400] "GET /service.php HTTP/1.1" 200 178755 "-" "Mozilla/5.0 (Windows NT 10.0; Win64; x64) AppleWebKit/537.36 (KHTML, like Gecko) Chrome/147.0.0.0 Safari/537.36 Edg/147.0.0.0"
23.82.96.181 - - [14/May/2026:13:58:58 -0400] "GET /.wjpl95qv_mlr.php HTTP/1.1" 200 178755 "-" "Mozilla/5.0 (Linux; Android 10; K) AppleWebKit/537.36 (KHTML, like Gecko) Chrome/146.0.0.0 Mobile Safari/537.36"
38.213.6.95 - - [14/May/2026:13:58:59 -0400] "GET /byp.php HTTP/1.1" 200 178755 "-" "Mozilla/5.0 (Windows NT 10.0; Win64; x64) AppleWebKit/537.36 (KHTML, like Gecko) Chrome/147.0.0.0 Safari/537.36 Edg/147.0.0.0"
23.82.96.181 - - [14/May/2026:13:59:00 -0400] "GET /easXOWdxAo3bULj2q.xhtml HTTP/1.1" 200 178755 "-" "Mozilla/5.0 (Linux; Android 10; K) AppleWebKit/537.36 (KHTML, like Gecko) Chrome/146.0.0.0 Mobile Safari/537.36"
38.213.6.95 - - [14/May/2026:13:59:01 -0400] "GET /fx.php HTTP/1.1" 200 178755 "-" "Mozilla/5.0 (Windows NT 10.0; Win64; x64) AppleWebKit/537.36 (KHTML, like Gecko) Chrome/147.0.0.0 Safari/537.36 Edg/147.0.0.0"
23.82.96.181 - - [14/May/2026:13:59:02 -0400] "GET /zqQY6oCxQZtMC33udQ.xhtml HTTP/1.1" 200 178755 "-" "Mozilla/5.0 (Linux; Android 10; K) AppleWebKit/537.36 (KHTML, like Gecko) Chrome/146.0.0.0 Mobile Safari/537.36"
38.213.6.95 - - [14/May/2026:13:59:04 -0400] "GET /wp-configs.php HTTP/1.1" 200 178755 "-" "Mozilla/5.0 (Windows NT 10.0; Win64; x64) AppleWebKit/537.36 (KHTML, like Gecko) Chrome/147.0.0.0 Safari/537.36 Edg/147.0.0.0"
23.82.96.181 - - [14/May/2026:13:59:04 -0400] "GET /ramb_6oJQJoh9GvUMi6.xhtml HTTP/1.1" 200 178755 "-" "Mozilla/5.0 (Linux; Android 10; K) AppleWebKit/537.36 (KHTML, like Gecko) Chrome/146.0.0.0 Mobile Safari/537.36"
23.82.96.181 - - [14/May/2026:13:59:06 -0400] "GET /jsfshell.xhtml HTTP/1.1" 200 178755 "-" "Mozilla/5.0 (Linux; Android 10; K) AppleWebKit/537.36 (KHTML, like Gecko) Chrome/146.0.0.0 Mobile Safari/537.36"
38.213.6.95 - - [14/May/2026:13:59:06 -0400] "GET /sym403.php HTTP/1.1" 200 178755 "-" "Mozilla/5.0 (Windows NT 10.0; Win64; x64) AppleWebKit/537.36 (KHTML, like Gecko) Chrome/147.0.0.0 Safari/537.36 Edg/147.0.0.0"
38.213.6.95 - - [14/May/2026:13:59:08 -0400] "GET /xmrlpc.php HTTP/1.1" 200 178754 "-" "Mozilla/5.0 (Windows NT 10.0; Win64; x64) AppleWebKit/537.36 (KHTML, like Gecko) Chrome/147.0.0.0 Safari/537.36 Edg/147.0.0.0"
104.28.161.29 - - [14/May/2026:13:59:10 -0400] "HEAD / HTTP/1.1" 200 - "https://www.megawatt.com.do/" "Mozilla/5.0 (Windows NT 10.0; Win64; x64) AppleWebKit/537.36 (KHTML, like Gecko) Chrome/91.0.4472.124 Safari/537.36"
38.213.6.95 - - [14/May/2026:13:59:11 -0400] "GET /basic.php HTTP/1.1" 200 178754 "-" "Mozilla/5.0 (Windows NT 10.0; Win64; x64) AppleWebKit/537.36 (KHTML, like Gecko) Chrome/147.0.0.0 Safari/537.36 Edg/147.0.0.0"
38.213.6.95 - - [14/May/2026:13:59:13 -0400] "GET /expect.php HTTP/1.1" 200 178755 "-" "Mozilla/5.0 (Windows NT 10.0; Win64; x64) AppleWebKit/537.36 (KHTML, like Gecko) Chrome/147.0.0.0 Safari/537.36 Edg/147.0.0.0"
38.213.6.95 - - [14/May/2026:13:59:15 -0400] "GET /framework.php HTTP/1.1" 200 178755 "-" "Mozilla/5.0 (Windows NT 10.0; Win64; x64) AppleWebKit/537.36 (KHTML, like Gecko) Chrome/147.0.0.0 Safari/537.36 Edg/147.0.0.0"
38.213.6.95 - - [14/May/2026:13:59:18 -0400] "GET /database.php HTTP/1.1" 200 178755 "-" "Mozilla/5.0 (Windows NT 10.0; Win64; x64) AppleWebKit/537.36 (KHTML, like Gecko) Chrome/147.0.0.0 Safari/537.36 Edg/147.0.0.0"
38.213.6.95 - - [14/May/2026:13:59:20 -0400] "GET /pp.php HTTP/1.1" 200 178755 "-" "Mozilla/5.0 (Windows NT 10.0; Win64; x64) AppleWebKit/537.36 (KHTML, like Gecko) Chrome/147.0.0.0 Safari/537.36 Edg/147.0.0.0"
38.213.6.95 - - [14/May/2026:13:59:23 -0400] "GET /inc.php HTTP/1.1" 200 178755 "-" "Mozilla/5.0 (Windows NT 10.0; Win64; x64) AppleWebKit/537.36 (KHTML, like Gecko) Chrome/147.0.0.0 Safari/537.36 Edg/147.0.0.0"
38.213.6.95 - - [14/May/2026:13:59:25 -0400] "GET /jj.php HTTP/1.1" 200 178755 "-" "Mozilla/5.0 (Windows NT 10.0; Win64; x64) AppleWebKit/537.36 (KHTML, like Gecko) Chrome/147.0.0.0 Safari/537.36 Edg/147.0.0.0"
38.213.6.95 - - [14/May/2026:13:59:27 -0400] "GET /admin-footer.php HTTP/1.1" 200 178755 "-" "Mozilla/5.0 (Windows NT 10.0; Win64; x64) AppleWebKit/537.36 (KHTML, like Gecko) Chrome/147.0.0.0 Safari/537.36 Edg/147.0.0.0"
38.213.6.95 - - [14/May/2026:13:59:30 -0400] "GET /admin-post.php HTTP/1.1" 200 178755 "-" "Mozilla/5.0 (Windows NT 10.0; Win64; x64) AppleWebKit/537.36 (KHTML, like Gecko) Chrome/147.0.0.0 Safari/537.36 Edg/147.0.0.0"
38.213.6.95 - - [14/May/2026:13:59:32 -0400] "GET /repair.php HTTP/1.1" 200 178755 "-" "Mozilla/5.0 (Windows NT 10.0; Win64; x64) AppleWebKit/537.36 (KHTML, like Gecko) Chrome/147.0.0.0 Safari/537.36 Edg/147.0.0.0"
38.213.6.95 - - [14/May/2026:13:59:34 -0400] "GET /orvxmailer.php HTTP/1.1" 200 178755 "-" "Mozilla/5.0 (Windows NT 10.0; Win64; x64) AppleWebKit/537.36 (KHTML, like Gecko) Chrome/147.0.0.0 Safari/537.36 Edg/147.0.0.0"
38.213.6.95 - - [14/May/2026:13:59:37 -0400] "GET /testcp.php HTTP/1.1" 200 178755 "-" "Mozilla/5.0 (Windows NT 10.0; Win64; x64) AppleWebKit/537.36 (KHTML, like Gecko) Chrome/147.0.0.0 Safari/537.36 Edg/147.0.0.0"
38.213.6.95 - - [14/May/2026:13:59:39 -0400] "GET /fm1.php HTTP/1.1" 200 178755 "-" "Mozilla/5.0 (Windows NT 10.0; Win64; x64) AppleWebKit/537.36 (KHTML, like Gecko) Chrome/147.0.0.0 Safari/537.36 Edg/147.0.0.0"
38.213.6.95 - - [14/May/2026:13:59:42 -0400] "GET /ch.php HTTP/1.1" 200 178755 "-" "Mozilla/5.0 (Windows NT 10.0; Win64; x64) AppleWebKit/537.36 (KHTML, like Gecko) Chrome/147.0.0.0 Safari/537.36 Edg/147.0.0.0"
38.213.6.95 - - [14/May/2026:13:59:44 -0400] "GET /system_log.php HTTP/1.1" 200 178755 "-" "Mozilla/5.0 (Windows NT 10.0; Win64; x64) AppleWebKit/537.36 (KHTML, like Gecko) Chrome/147.0.0.0 Safari/537.36 Edg/147.0.0.0"
104.28.161.29 - - [14/May/2026:13:59:45 -0400] "HEAD / HTTP/1.1" 200 - "https://www.megawatt.com.do/" "Mozilla/5.0 (Windows NT 10.0; Win64; x64) AppleWebKit/537.36 (KHTML, like Gecko) Chrome/91.0.4472.124 Safari/537.36"
38.213.6.95 - - [14/May/2026:13:59:46 -0400] "GET /504.php HTTP/1.1" 200 178755 "-" "Mozilla/5.0 (Windows NT 10.0; Win64; x64) AppleWebKit/537.36 (KHTML, like Gecko) Chrome/147.0.0.0 Safari/537.36 Edg/147.0.0.0"
38.213.6.95 - - [14/May/2026:13:59:49 -0400] "GET /xxl.php HTTP/1.1" 200 178755 "-" "Mozilla/5.0 (Windows NT 10.0; Win64; x64) AppleWebKit/537.36 (KHTML, like Gecko) Chrome/147.0.0.0 Safari/537.36 Edg/147.0.0.0"
104.28.161.29 - - [14/May/2026:13:59:50 -0400] "HEAD / HTTP/1.1" 200 - "https://www.megawatt.com.do/" "Mozilla/5.0 (Windows NT 10.0; Win64; x64) AppleWebKit/537.36 (KHTML, like Gecko) Chrome/91.0.4472.124 Safari/537.36"
38.213.6.95 - - [14/May/2026:13:59:51 -0400] "GET /fm.php HTTP/1.1" 200 178754 "-" "Mozilla/5.0 (Windows NT 10.0; Win64; x64) AppleWebKit/537.36 (KHTML, like Gecko) Chrome/147.0.0.0 Safari/537.36 Edg/147.0.0.0"
38.213.6.95 - - [14/May/2026:13:59:54 -0400] "GET /test-new.php HTTP/1.1" 200 178754 "-" "Mozilla/5.0 (Windows NT 10.0; Win64; x64) AppleWebKit/537.36 (KHTML, like Gecko) Chrome/147.0.0.0 Safari/537.36 Edg/147.0.0.0"
38.213.6.95 - - [14/May/2026:13:59:56 -0400] "GET /cjfuns.php HTTP/1.1" 200 178755 "-" "Mozilla/5.0 (Windows NT 10.0; Win64; x64) AppleWebKit/537.36 (KHTML, like Gecko) Chrome/147.0.0.0 Safari/537.36 Edg/147.0.0.0"
38.213.6.95 - - [14/May/2026:13:59:58 -0400] "GET /lcilfngz.php HTTP/1.1" 200 178755 "-" "Mozilla/5.0 (Windows NT 10.0; Win64; x64) AppleWebKit/537.36 (KHTML, like Gecko) Chrome/147.0.0.0 Safari/537.36 Edg/147.0.0.0"
104.28.161.29 - - [14/May/2026:13:59:58 -0400] "HEAD / HTTP/1.1" 200 - "https://www.megawatt.com.do/" "Mozilla/5.0 (Windows NT 10.0; Win64; x64) AppleWebKit/537.36 (KHTML, like Gecko) Chrome/91.0.4472.124 Safari/537.36"
