23.82.96.181 - - [14/May/2026:13:47:51 -0400] "GET /license.php HTTP/1.1" 403 178755 "-" "Mozilla/5.0 (Linux; Android 10; K) AppleWebKit/537.36 (KHTML, like Gecko) Chrome/146.0.0.0 Mobile Safari/537.36"
23.82.96.181 - - [14/May/2026:13:47:53 -0400] "GET /alfa.php HTTP/1.1" 200 178755 "-" "Mozilla/5.0 (Linux; Android 10; K) AppleWebKit/537.36 (KHTML, like Gecko) Chrome/146.0.0.0 Mobile Safari/537.36"
23.82.96.181 - - [14/May/2026:13:47:55 -0400] "GET /cong.php HTTP/1.1" 200 178755 "-" "Mozilla/5.0 (Linux; Android 10; K) AppleWebKit/537.36 (KHTML, like Gecko) Chrome/146.0.0.0 Mobile Safari/537.36"
23.82.96.181 - - [14/May/2026:13:47:57 -0400] "GET /lufx.php HTTP/1.1" 200 178755 "-" "Mozilla/5.0 (Linux; Android 10; K) AppleWebKit/537.36 (KHTML, like Gecko) Chrome/146.0.0.0 Mobile Safari/537.36"
23.82.96.181 - - [14/May/2026:13:47:59 -0400] "GET /wsoditz1.php HTTP/1.1" 200 178755 "-" "Mozilla/5.0 (Linux; Android 10; K) AppleWebKit/537.36 (KHTML, like Gecko) Chrome/146.0.0.0 Mobile Safari/537.36"
23.82.96.181 - - [14/May/2026:13:48:01 -0400] "GET /alfditz.php HTTP/1.1" 200 178755 "-" "Mozilla/5.0 (Linux; Android 10; K) AppleWebKit/537.36 (KHTML, like Gecko) Chrome/146.0.0.0 Mobile Safari/537.36"
104.28.161.29 - - [14/May/2026:13:48:03 -0400] "HEAD / HTTP/1.1" 200 - "https://www.megawatt.com.do/" "Mozilla/5.0 (Windows NT 10.0; Win64; x64) AppleWebKit/537.36 (KHTML, like Gecko) Chrome/91.0.4472.124 Safari/537.36"
23.82.96.181 - - [14/May/2026:13:48:03 -0400] "GET /adminfuns.php HTTP/1.1" 200 178755 "-" "Mozilla/5.0 (Linux; Android 10; K) AppleWebKit/537.36 (KHTML, like Gecko) Chrome/146.0.0.0 Mobile Safari/537.36"
23.82.96.181 - - [14/May/2026:13:48:05 -0400] "GET /psh.php HTTP/1.1" 200 178755 "-" "Mozilla/5.0 (Linux; Android 10; K) AppleWebKit/537.36 (KHTML, like Gecko) Chrome/146.0.0.0 Mobile Safari/537.36"
23.82.96.181 - - [14/May/2026:13:48:07 -0400] "GET /memberfuns.php HTTP/1.1" 200 178754 "-" "Mozilla/5.0 (Linux; Android 10; K) AppleWebKit/537.36 (KHTML, like Gecko) Chrome/146.0.0.0 Mobile Safari/537.36"
23.82.96.181 - - [14/May/2026:13:48:09 -0400] "GET /wpsirddt.php HTTP/1.1" 200 178754 "-" "Mozilla/5.0 (Linux; Android 10; K) AppleWebKit/537.36 (KHTML, like Gecko) Chrome/146.0.0.0 Mobile Safari/537.36"
23.82.96.181 - - [14/May/2026:13:48:11 -0400] "GET /network.php HTTP/1.1" 200 178755 "-" "Mozilla/5.0 (Linux; Android 10; K) AppleWebKit/537.36 (KHTML, like Gecko) Chrome/146.0.0.0 Mobile Safari/537.36"
23.82.96.181 - - [14/May/2026:13:48:13 -0400] "GET /min.php HTTP/1.1" 200 178755 "-" "Mozilla/5.0 (Linux; Android 10; K) AppleWebKit/537.36 (KHTML, like Gecko) Chrome/146.0.0.0 Mobile Safari/537.36"
23.82.96.181 - - [14/May/2026:13:48:16 -0400] "GET /authorize.php HTTP/1.1" 200 178755 "-" "Mozilla/5.0 (Linux; Android 10; K) AppleWebKit/537.36 (KHTML, like Gecko) Chrome/146.0.0.0 Mobile Safari/537.36"
104.28.161.29 - - [14/May/2026:13:48:17 -0400] "HEAD / HTTP/1.1" 200 - "https://www.megawatt.com.do/" "Mozilla/5.0 (Windows NT 10.0; Win64; x64) AppleWebKit/537.36 (KHTML, like Gecko) Chrome/91.0.4472.124 Safari/537.36"
23.82.96.181 - - [14/May/2026:13:48:18 -0400] "GET /post.php HTTP/1.1" 200 178755 "-" "Mozilla/5.0 (Linux; Android 10; K) AppleWebKit/537.36 (KHTML, like Gecko) Chrome/146.0.0.0 Mobile Safari/537.36"
23.82.96.181 - - [14/May/2026:13:48:20 -0400] "GET /123.php HTTP/1.1" 200 178755 "-" "Mozilla/5.0 (Linux; Android 10; K) AppleWebKit/537.36 (KHTML, like Gecko) Chrome/146.0.0.0 Mobile Safari/537.36"
23.82.96.181 - - [14/May/2026:13:48:22 -0400] "GET /q.php HTTP/1.1" 200 178755 "-" "Mozilla/5.0 (Linux; Android 10; K) AppleWebKit/537.36 (KHTML, like Gecko) Chrome/146.0.0.0 Mobile Safari/537.36"
23.82.96.181 - - [14/May/2026:13:48:24 -0400] "GET /aa.php HTTP/1.1" 200 178755 "-" "Mozilla/5.0 (Linux; Android 10; K) AppleWebKit/537.36 (KHTML, like Gecko) Chrome/146.0.0.0 Mobile Safari/537.36"
23.82.96.181 - - [14/May/2026:13:48:26 -0400] "GET /file.php HTTP/1.1" 200 178755 "-" "Mozilla/5.0 (Linux; Android 10; K) AppleWebKit/537.36 (KHTML, like Gecko) Chrome/146.0.0.0 Mobile Safari/537.36"
23.82.96.181 - - [14/May/2026:13:48:28 -0400] "GET /phpmailer.php HTTP/1.1" 200 178755 "-" "Mozilla/5.0 (Linux; Android 10; K) AppleWebKit/537.36 (KHTML, like Gecko) Chrome/146.0.0.0 Mobile Safari/537.36"
23.82.96.181 - - [14/May/2026:13:48:30 -0400] "GET /raw.php HTTP/1.1" 200 178755 "-" "Mozilla/5.0 (Linux; Android 10; K) AppleWebKit/537.36 (KHTML, like Gecko) Chrome/146.0.0.0 Mobile Safari/537.36"
23.82.96.181 - - [14/May/2026:13:48:32 -0400] "GET /menu.php HTTP/1.1" 200 178755 "-" "Mozilla/5.0 (Linux; Android 10; K) AppleWebKit/537.36 (KHTML, like Gecko) Chrome/146.0.0.0 Mobile Safari/537.36"
23.82.96.181 - - [14/May/2026:13:48:34 -0400] "GET /wso1.php HTTP/1.1" 200 178755 "-" "Mozilla/5.0 (Linux; Android 10; K) AppleWebKit/537.36 (KHTML, like Gecko) Chrome/146.0.0.0 Mobile Safari/537.36"
104.28.161.29 - - [14/May/2026:13:48:35 -0400] "HEAD / HTTP/1.1" 200 - "https://www.megawatt.com.do/" "Mozilla/5.0 (Windows NT 10.0; Win64; x64) AppleWebKit/537.36 (KHTML, like Gecko) Chrome/91.0.4472.124 Safari/537.36"
23.82.96.181 - - [14/May/2026:13:48:36 -0400] "GET /mini.php HTTP/1.1" 200 178755 "-" "Mozilla/5.0 (Linux; Android 10; K) AppleWebKit/537.36 (KHTML, like Gecko) Chrome/146.0.0.0 Mobile Safari/537.36"
23.82.96.181 - - [14/May/2026:13:48:38 -0400] "GET /pages.php HTTP/1.1" 200 178755 "-" "Mozilla/5.0 (Linux; Android 10; K) AppleWebKit/537.36 (KHTML, like Gecko) Chrome/146.0.0.0 Mobile Safari/537.36"
23.82.96.181 - - [14/May/2026:13:48:40 -0400] "GET /am.php HTTP/1.1" 200 178755 "-" "Mozilla/5.0 (Linux; Android 10; K) AppleWebKit/537.36 (KHTML, like Gecko) Chrome/146.0.0.0 Mobile Safari/537.36"
23.82.96.181 - - [14/May/2026:13:48:42 -0400] "GET /years.php HTTP/1.1" 200 178755 "-" "Mozilla/5.0 (Linux; Android 10; K) AppleWebKit/537.36 (KHTML, like Gecko) Chrome/146.0.0.0 Mobile Safari/537.36"
23.82.96.181 - - [14/May/2026:13:48:44 -0400] "GET /default.php HTTP/1.1" 200 178755 "-" "Mozilla/5.0 (Linux; Android 10; K) AppleWebKit/537.36 (KHTML, like Gecko) Chrome/146.0.0.0 Mobile Safari/537.36"
38.213.6.95 - - [14/May/2026:13:48:45 -0400] "GET /wp-config.php HTTP/1.1" 403 178755 "-" "Mozilla/5.0 (Windows NT 10.0; Win64; x64) AppleWebKit/537.36 (KHTML, like Gecko) Chrome/147.0.0.0 Safari/537.36 Edg/147.0.0.0"
23.82.96.181 - - [14/May/2026:13:48:46 -0400] "GET /wp-admin.php HTTP/1.1" 200 178755 "-" "Mozilla/5.0 (Linux; Android 10; K) AppleWebKit/537.36 (KHTML, like Gecko) Chrome/146.0.0.0 Mobile Safari/537.36"
104.28.161.29 - - [14/May/2026:13:48:46 -0400] "HEAD / HTTP/1.1" 200 - "https://www.megawatt.com.do/" "Mozilla/5.0 (Windows NT 10.0; Win64; x64) AppleWebKit/537.36 (KHTML, like Gecko) Chrome/91.0.4472.124 Safari/537.36"
38.213.6.95 - - [14/May/2026:13:48:48 -0400] "GET /error_log HTTP/1.1" 403 178755 "-" "Mozilla/5.0 (Windows NT 10.0; Win64; x64) AppleWebKit/537.36 (KHTML, like Gecko) Chrome/147.0.0.0 Safari/537.36 Edg/147.0.0.0"
23.82.96.181 - - [14/May/2026:13:48:48 -0400] "GET /indx.php HTTP/1.1" 200 178755 "-" "Mozilla/5.0 (Linux; Android 10; K) AppleWebKit/537.36 (KHTML, like Gecko) Chrome/146.0.0.0 Mobile Safari/537.36"
23.82.96.181 - - [14/May/2026:13:48:50 -0400] "GET /user-edit.php HTTP/1.1" 200 178754 "-" "Mozilla/5.0 (Linux; Android 10; K) AppleWebKit/537.36 (KHTML, like Gecko) Chrome/146.0.0.0 Mobile Safari/537.36"
38.213.6.95 - - [14/May/2026:13:48:50 -0400] "GET /home HTTP/1.1" 200 178754 "-" "Mozilla/5.0 (Windows NT 10.0; Win64; x64) AppleWebKit/537.36 (KHTML, like Gecko) Chrome/147.0.0.0 Safari/537.36 Edg/147.0.0.0"
23.82.96.181 - - [14/May/2026:13:48:52 -0400] "GET /ms-delete-site.php HTTP/1.1" 200 178754 "-" "Mozilla/5.0 (Linux; Android 10; K) AppleWebKit/537.36 (KHTML, like Gecko) Chrome/146.0.0.0 Mobile Safari/537.36"
38.213.6.95 - - [14/May/2026:13:48:52 -0400] "GET /shsspnwyl HTTP/1.1" 200 178754 "-" "Mozilla/5.0 (Windows NT 10.0; Win64; x64) AppleWebKit/537.36 (KHTML, like Gecko) Chrome/147.0.0.0 Safari/537.36 Edg/147.0.0.0"
23.82.96.181 - - [14/May/2026:13:48:54 -0400] "GET /index3.php HTTP/1.1" 200 178755 "-" "Mozilla/5.0 (Linux; Android 10; K) AppleWebKit/537.36 (KHTML, like Gecko) Chrome/146.0.0.0 Mobile Safari/537.36"
38.213.6.95 - - [14/May/2026:13:48:55 -0400] "GET /alexusMailer_v2.0.php HTTP/1.1" 200 178755 "-" "Mozilla/5.0 (Windows NT 10.0; Win64; x64) AppleWebKit/537.36 (KHTML, like Gecko) Chrome/147.0.0.0 Safari/537.36 Edg/147.0.0.0"
23.82.96.181 - - [14/May/2026:13:48:56 -0400] "GET /owl.php HTTP/1.1" 200 178755 "-" "Mozilla/5.0 (Linux; Android 10; K) AppleWebKit/537.36 (KHTML, like Gecko) Chrome/146.0.0.0 Mobile Safari/537.36"
38.213.6.95 - - [14/May/2026:13:48:57 -0400] "GET /leafmailer2.8.php HTTP/1.1" 200 178755 "-" "Mozilla/5.0 (Windows NT 10.0; Win64; x64) AppleWebKit/537.36 (KHTML, like Gecko) Chrome/147.0.0.0 Safari/537.36 Edg/147.0.0.0"
23.82.96.181 - - [14/May/2026:13:48:58 -0400] "GET /docindex.php HTTP/1.1" 200 178755 "-" "Mozilla/5.0 (Linux; Android 10; K) AppleWebKit/537.36 (KHTML, like Gecko) Chrome/146.0.0.0 Mobile Safari/537.36"
38.213.6.95 - - [14/May/2026:13:48:59 -0400] "GET /alfa-rex.PHP HTTP/1.1" 200 178755 "-" "Mozilla/5.0 (Windows NT 10.0; Win64; x64) AppleWebKit/537.36 (KHTML, like Gecko) Chrome/147.0.0.0 Safari/537.36 Edg/147.0.0.0"
23.82.96.181 - - [14/May/2026:13:49:00 -0400] "GET /ss.php HTTP/1.1" 200 178755 "-" "Mozilla/5.0 (Linux; Android 10; K) AppleWebKit/537.36 (KHTML, like Gecko) Chrome/146.0.0.0 Mobile Safari/537.36"
23.82.96.181 - - [14/May/2026:13:49:02 -0400] "GET /PvqDq929BSx_A_D_M1n_a.php HTTP/1.1" 200 178755 "-" "Mozilla/5.0 (Linux; Android 10; K) AppleWebKit/537.36 (KHTML, like Gecko) Chrome/146.0.0.0 Mobile Safari/537.36"
38.213.6.95 - - [14/May/2026:13:49:02 -0400] "GET /randkeyword.PhP7 HTTP/1.1" 200 178755 "-" "Mozilla/5.0 (Windows NT 10.0; Win64; x64) AppleWebKit/537.36 (KHTML, like Gecko) Chrome/147.0.0.0 Safari/537.36 Edg/147.0.0.0"
23.82.96.181 - - [14/May/2026:13:49:04 -0400] "GET /wp-conflg.php HTTP/1.1" 200 178755 "-" "Mozilla/5.0 (Linux; Android 10; K) AppleWebKit/537.36 (KHTML, like Gecko) Chrome/146.0.0.0 Mobile Safari/537.36"
38.213.6.95 - - [14/May/2026:13:49:04 -0400] "GET /alfa-rex.PhP7 HTTP/1.1" 200 178755 "-" "Mozilla/5.0 (Windows NT 10.0; Win64; x64) AppleWebKit/537.36 (KHTML, like Gecko) Chrome/147.0.0.0 Safari/537.36 Edg/147.0.0.0"
23.82.96.181 - - [14/May/2026:13:49:06 -0400] "GET /wp-class.php HTTP/1.1" 200 178755 "-" "Mozilla/5.0 (Linux; Android 10; K) AppleWebKit/537.36 (KHTML, like Gecko) Chrome/146.0.0.0 Mobile Safari/537.36"
38.213.6.95 - - [14/May/2026:13:49:07 -0400] "GET /m.PhP7 HTTP/1.1" 200 178755 "-" "Mozilla/5.0 (Windows NT 10.0; Win64; x64) AppleWebKit/537.36 (KHTML, like Gecko) Chrome/147.0.0.0 Safari/537.36 Edg/147.0.0.0"
23.82.96.181 - - [14/May/2026:13:49:08 -0400] "GET /field.php HTTP/1.1" 200 178755 "-" "Mozilla/5.0 (Linux; Android 10; K) AppleWebKit/537.36 (KHTML, like Gecko) Chrome/146.0.0.0 Mobile Safari/537.36"
38.213.6.95 - - [14/May/2026:13:49:09 -0400] "GET /rcs.PhP7 HTTP/1.1" 200 178755 "-" "Mozilla/5.0 (Windows NT 10.0; Win64; x64) AppleWebKit/537.36 (KHTML, like Gecko) Chrome/147.0.0.0 Safari/537.36 Edg/147.0.0.0"
23.82.96.181 - - [14/May/2026:13:49:10 -0400] "GET /engine.php HTTP/1.1" 200 178755 "-" "Mozilla/5.0 (Linux; Android 10; K) AppleWebKit/537.36 (KHTML, like Gecko) Chrome/146.0.0.0 Mobile Safari/537.36"
38.213.6.95 - - [14/May/2026:13:49:11 -0400] "GET /class.api.php HTTP/1.1" 200 178755 "-" "Mozilla/5.0 (Windows NT 10.0; Win64; x64) AppleWebKit/537.36 (KHTML, like Gecko) Chrome/147.0.0.0 Safari/537.36 Edg/147.0.0.0"
23.82.96.181 - - [14/May/2026:13:49:12 -0400] "GET /service.php HTTP/1.1" 200 178755 "-" "Mozilla/5.0 (Linux; Android 10; K) AppleWebKit/537.36 (KHTML, like Gecko) Chrome/146.0.0.0 Mobile Safari/537.36"
38.213.6.95 - - [14/May/2026:13:49:14 -0400] "GET /tunnel.ashx HTTP/1.1" 200 178755 "-" "Mozilla/5.0 (Windows NT 10.0; Win64; x64) AppleWebKit/537.36 (KHTML, like Gecko) Chrome/147.0.0.0 Safari/537.36 Edg/147.0.0.0"
23.82.96.181 - - [14/May/2026:13:49:14 -0400] "GET /byp.php HTTP/1.1" 200 178755 "-" "Mozilla/5.0 (Linux; Android 10; K) AppleWebKit/537.36 (KHTML, like Gecko) Chrome/146.0.0.0 Mobile Safari/537.36"
104.28.161.29 - - [14/May/2026:13:49:15 -0400] "HEAD / HTTP/1.1" 200 - "https://www.megawatt.com.do/" "Mozilla/5.0 (Windows NT 10.0; Win64; x64) AppleWebKit/537.36 (KHTML, like Gecko) Chrome/91.0.4472.124 Safari/537.36"
23.82.96.181 - - [14/May/2026:13:49:16 -0400] "GET /fx.php HTTP/1.1" 200 178755 "-" "Mozilla/5.0 (Linux; Android 10; K) AppleWebKit/537.36 (KHTML, like Gecko) Chrome/146.0.0.0 Mobile Safari/537.36"
38.213.6.95 - - [14/May/2026:13:49:16 -0400] "GET /msok.aspx HTTP/1.1" 200 178755 "-" "Mozilla/5.0 (Windows NT 10.0; Win64; x64) AppleWebKit/537.36 (KHTML, like Gecko) Chrome/147.0.0.0 Safari/537.36 Edg/147.0.0.0"
23.82.96.181 - - [14/May/2026:13:49:18 -0400] "GET /wp-configs.php HTTP/1.1" 200 178755 "-" "Mozilla/5.0 (Linux; Android 10; K) AppleWebKit/537.36 (KHTML, like Gecko) Chrome/146.0.0.0 Mobile Safari/537.36"
38.213.6.95 - - [14/May/2026:13:49:18 -0400] "GET /Caterpillar.aspx HTTP/1.1" 200 178755 "-" "Mozilla/5.0 (Windows NT 10.0; Win64; x64) AppleWebKit/537.36 (KHTML, like Gecko) Chrome/147.0.0.0 Safari/537.36 Edg/147.0.0.0"
23.82.96.181 - - [14/May/2026:13:49:20 -0400] "GET /sym403.php HTTP/1.1" 200 178755 "-" "Mozilla/5.0 (Linux; Android 10; K) AppleWebKit/537.36 (KHTML, like Gecko) Chrome/146.0.0.0 Mobile Safari/537.36"
38.213.6.95 - - [14/May/2026:13:49:21 -0400] "GET /tunnel.aspx HTTP/1.1" 200 178755 "-" "Mozilla/5.0 (Windows NT 10.0; Win64; x64) AppleWebKit/537.36 (KHTML, like Gecko) Chrome/147.0.0.0 Safari/537.36 Edg/147.0.0.0"
23.82.96.181 - - [14/May/2026:13:49:22 -0400] "GET /xmrlpc.php HTTP/1.1" 200 178755 "-" "Mozilla/5.0 (Linux; Android 10; K) AppleWebKit/537.36 (KHTML, like Gecko) Chrome/146.0.0.0 Mobile Safari/537.36"
38.213.6.95 - - [14/May/2026:13:49:23 -0400] "GET /iisstart.aspx HTTP/1.1" 200 178755 "-" "Mozilla/5.0 (Windows NT 10.0; Win64; x64) AppleWebKit/537.36 (KHTML, like Gecko) Chrome/147.0.0.0 Safari/537.36 Edg/147.0.0.0"
23.82.96.181 - - [14/May/2026:13:49:24 -0400] "GET /basic.php HTTP/1.1" 200 178755 "-" "Mozilla/5.0 (Linux; Android 10; K) AppleWebKit/537.36 (KHTML, like Gecko) Chrome/146.0.0.0 Mobile Safari/537.36"
38.213.6.95 - - [14/May/2026:13:49:25 -0400] "GET /news_parser.class.php HTTP/1.1" 200 178755 "-" "Mozilla/5.0 (Windows NT 10.0; Win64; x64) AppleWebKit/537.36 (KHTML, like Gecko) Chrome/147.0.0.0 Safari/537.36 Edg/147.0.0.0"
23.82.96.181 - - [14/May/2026:13:49:26 -0400] "GET /expect.php HTTP/1.1" 200 178755 "-" "Mozilla/5.0 (Linux; Android 10; K) AppleWebKit/537.36 (KHTML, like Gecko) Chrome/146.0.0.0 Mobile Safari/537.36"
38.213.6.95 - - [14/May/2026:13:49:28 -0400] "GET /DownloadDocStepsAction.do HTTP/1.1" 200 178755 "-" "Mozilla/5.0 (Windows NT 10.0; Win64; x64) AppleWebKit/537.36 (KHTML, like Gecko) Chrome/147.0.0.0 Safari/537.36 Edg/147.0.0.0"
23.82.96.181 - - [14/May/2026:13:49:28 -0400] "GET /framework.php HTTP/1.1" 200 178755 "-" "Mozilla/5.0 (Linux; Android 10; K) AppleWebKit/537.36 (KHTML, like Gecko) Chrome/146.0.0.0 Mobile Safari/537.36"
38.213.6.95 - - [14/May/2026:13:49:30 -0400] "GET /userLoginAction.do HTTP/1.1" 200 178755 "-" "Mozilla/5.0 (Windows NT 10.0; Win64; x64) AppleWebKit/537.36 (KHTML, like Gecko) Chrome/147.0.0.0 Safari/537.36 Edg/147.0.0.0"
23.82.96.181 - - [14/May/2026:13:49:30 -0400] "GET /database.php HTTP/1.1" 200 178755 "-" "Mozilla/5.0 (Linux; Android 10; K) AppleWebKit/537.36 (KHTML, like Gecko) Chrome/146.0.0.0 Mobile Safari/537.36"
23.82.96.181 - - [14/May/2026:13:49:32 -0400] "GET /pp.php HTTP/1.1" 200 178754 "-" "Mozilla/5.0 (Linux; Android 10; K) AppleWebKit/537.36 (KHTML, like Gecko) Chrome/146.0.0.0 Mobile Safari/537.36"
38.213.6.95 - - [14/May/2026:13:49:33 -0400] "GET /.htaccess HTTP/1.1" 403 178754 "-" "Mozilla/5.0 (Windows NT 10.0; Win64; x64) AppleWebKit/537.36 (KHTML, like Gecko) Chrome/147.0.0.0 Safari/537.36 Edg/147.0.0.0"
23.82.96.181 - - [14/May/2026:13:49:34 -0400] "GET /inc.php HTTP/1.1" 200 178754 "-" "Mozilla/5.0 (Linux; Android 10; K) AppleWebKit/537.36 (KHTML, like Gecko) Chrome/146.0.0.0 Mobile Safari/537.36"
38.213.6.95 - - [14/May/2026:13:49:35 -0400] "GET /index.html HTTP/1.1" 200 178755 "-" "Mozilla/5.0 (Windows NT 10.0; Win64; x64) AppleWebKit/537.36 (KHTML, like Gecko) Chrome/147.0.0.0 Safari/537.36 Edg/147.0.0.0"
23.82.96.181 - - [14/May/2026:13:49:36 -0400] "GET /jj.php HTTP/1.1" 200 178755 "-" "Mozilla/5.0 (Linux; Android 10; K) AppleWebKit/537.36 (KHTML, like Gecko) Chrome/146.0.0.0 Mobile Safari/537.36"
38.213.6.95 - - [14/May/2026:13:49:37 -0400] "GET /readme.html HTTP/1.1" 403 178755 "-" "Mozilla/5.0 (Windows NT 10.0; Win64; x64) AppleWebKit/537.36 (KHTML, like Gecko) Chrome/147.0.0.0 Safari/537.36 Edg/147.0.0.0"
23.82.96.181 - - [14/May/2026:13:49:38 -0400] "GET /admin-footer.php HTTP/1.1" 200 178755 "-" "Mozilla/5.0 (Linux; Android 10; K) AppleWebKit/537.36 (KHTML, like Gecko) Chrome/146.0.0.0 Mobile Safari/537.36"
38.213.6.95 - - [14/May/2026:13:49:40 -0400] "GET /cloud.html HTTP/1.1" 200 178755 "-" "Mozilla/5.0 (Windows NT 10.0; Win64; x64) AppleWebKit/537.36 (KHTML, like Gecko) Chrome/147.0.0.0 Safari/537.36 Edg/147.0.0.0"
23.82.96.181 - - [14/May/2026:13:49:40 -0400] "GET /admin-post.php HTTP/1.1" 200 178755 "-" "Mozilla/5.0 (Linux; Android 10; K) AppleWebKit/537.36 (KHTML, like Gecko) Chrome/146.0.0.0 Mobile Safari/537.36"
38.213.6.95 - - [14/May/2026:13:49:42 -0400] "GET /403.html HTTP/1.1" 200 178755 "-" "Mozilla/5.0 (Windows NT 10.0; Win64; x64) AppleWebKit/537.36 (KHTML, like Gecko) Chrome/147.0.0.0 Safari/537.36 Edg/147.0.0.0"
23.82.96.181 - - [14/May/2026:13:49:42 -0400] "GET /repair.php HTTP/1.1" 200 178755 "-" "Mozilla/5.0 (Linux; Android 10; K) AppleWebKit/537.36 (KHTML, like Gecko) Chrome/146.0.0.0 Mobile Safari/537.36"
38.213.6.95 - - [14/May/2026:13:49:44 -0400] "GET /footer.html HTTP/1.1" 200 178755 "-" "Mozilla/5.0 (Windows NT 10.0; Win64; x64) AppleWebKit/537.36 (KHTML, like Gecko) Chrome/147.0.0.0 Safari/537.36 Edg/147.0.0.0"
104.28.161.29 - - [14/May/2026:13:49:44 -0400] "HEAD / HTTP/1.1" 200 - "https://www.megawatt.com.do/" "Mozilla/5.0 (Windows NT 10.0; Win64; x64) AppleWebKit/537.36 (KHTML, like Gecko) Chrome/91.0.4472.124 Safari/537.36"
23.82.96.181 - - [14/May/2026:13:49:44 -0400] "GET /orvxmailer.php HTTP/1.1" 200 178755 "-" "Mozilla/5.0 (Linux; Android 10; K) AppleWebKit/537.36 (KHTML, like Gecko) Chrome/146.0.0.0 Mobile Safari/537.36"
23.82.96.181 - - [14/May/2026:13:49:46 -0400] "GET /testcp.php HTTP/1.1" 200 178755 "-" "Mozilla/5.0 (Linux; Android 10; K) AppleWebKit/537.36 (KHTML, like Gecko) Chrome/146.0.0.0 Mobile Safari/537.36"
38.213.6.95 - - [14/May/2026:13:49:47 -0400] "GET /tunnel.js HTTP/1.1" 200 178755 "-" "Mozilla/5.0 (Windows NT 10.0; Win64; x64) AppleWebKit/537.36 (KHTML, like Gecko) Chrome/147.0.0.0 Safari/537.36 Edg/147.0.0.0"
23.82.96.181 - - [14/May/2026:13:49:48 -0400] "GET /fm1.php HTTP/1.1" 200 178755 "-" "Mozilla/5.0 (Linux; Android 10; K) AppleWebKit/537.36 (KHTML, like Gecko) Chrome/146.0.0.0 Mobile Safari/537.36"
38.213.6.95 - - [14/May/2026:13:49:49 -0400] "GET /cmd-prow.jsp HTTP/1.1" 200 178755 "-" "Mozilla/5.0 (Windows NT 10.0; Win64; x64) AppleWebKit/537.36 (KHTML, like Gecko) Chrome/147.0.0.0 Safari/537.36 Edg/147.0.0.0"
23.82.96.181 - - [14/May/2026:13:49:50 -0400] "GET /ch.php HTTP/1.1" 200 178755 "-" "Mozilla/5.0 (Linux; Android 10; K) AppleWebKit/537.36 (KHTML, like Gecko) Chrome/146.0.0.0 Mobile Safari/537.36"
38.213.6.95 - - [14/May/2026:13:49:51 -0400] "GET /cmd-pro.jsp HTTP/1.1" 200 178755 "-" "Mozilla/5.0 (Windows NT 10.0; Win64; x64) AppleWebKit/537.36 (KHTML, like Gecko) Chrome/147.0.0.0 Safari/537.36 Edg/147.0.0.0"
23.82.96.181 - - [14/May/2026:13:49:52 -0400] "GET /system_log.php HTTP/1.1" 200 178755 "-" "Mozilla/5.0 (Linux; Android 10; K) AppleWebKit/537.36 (KHTML, like Gecko) Chrome/146.0.0.0 Mobile Safari/537.36"
38.213.6.95 - - [14/May/2026:13:49:54 -0400] "GET /Thumbs.jsp HTTP/1.1" 200 178755 "-" "Mozilla/5.0 (Windows NT 10.0; Win64; x64) AppleWebKit/537.36 (KHTML, like Gecko) Chrome/147.0.0.0 Safari/537.36 Edg/147.0.0.0"
23.82.96.181 - - [14/May/2026:13:49:54 -0400] "GET /504.php HTTP/1.1" 200 178755 "-" "Mozilla/5.0 (Linux; Android 10; K) AppleWebKit/537.36 (KHTML, like Gecko) Chrome/146.0.0.0 Mobile Safari/537.36"
38.213.6.95 - - [14/May/2026:13:49:56 -0400] "GET /greeting.jsp HTTP/1.1" 200 178755 "-" "Mozilla/5.0 (Windows NT 10.0; Win64; x64) AppleWebKit/537.36 (KHTML, like Gecko) Chrome/147.0.0.0 Safari/537.36 Edg/147.0.0.0"
23.82.96.181 - - [14/May/2026:13:49:56 -0400] "GET /xxl.php HTTP/1.1" 200 178755 "-" "Mozilla/5.0 (Linux; Android 10; K) AppleWebKit/537.36 (KHTML, like Gecko) Chrome/146.0.0.0 Mobile Safari/537.36"
23.82.96.181 - - [14/May/2026:13:49:58 -0400] "GET /fm.php HTTP/1.1" 200 178755 "-" "Mozilla/5.0 (Linux; Android 10; K) AppleWebKit/537.36 (KHTML, like Gecko) Chrome/146.0.0.0 Mobile Safari/537.36"
38.213.6.95 - - [14/May/2026:13:49:59 -0400] "GET /one-lin.jsp HTTP/1.1" 200 178755 "-" "Mozilla/5.0 (Windows NT 10.0; Win64; x64) AppleWebKit/537.36 (KHTML, like Gecko) Chrome/147.0.0.0 Safari/537.36 Edg/147.0.0.0"
23.82.96.181 - - [14/May/2026:13:50:01 -0400] "GET /test-new.php HTTP/1.1" 200 178755 "-" "Mozilla/5.0 (Linux; Android 10; K) AppleWebKit/537.36 (KHTML, like Gecko) Chrome/146.0.0.0 Mobile Safari/537.36"
38.213.6.95 - - [14/May/2026:13:50:01 -0400] "GET /_example.jsp HTTP/1.1" 200 178755 "-" "Mozilla/5.0 (Windows NT 10.0; Win64; x64) AppleWebKit/537.36 (KHTML, like Gecko) Chrome/147.0.0.0 Safari/537.36 Edg/147.0.0.0"
23.82.96.181 - - [14/May/2026:13:50:03 -0400] "GET /cjfuns.php HTTP/1.1" 200 178755 "-" "Mozilla/5.0 (Linux; Android 10; K) AppleWebKit/537.36 (KHTML, like Gecko) Chrome/146.0.0.0 Mobile Safari/537.36"
38.213.6.95 - - [14/May/2026:13:50:03 -0400] "GET /xbin10x.jsp HTTP/1.1" 200 178755 "-" "Mozilla/5.0 (Windows NT 10.0; Win64; x64) AppleWebKit/537.36 (KHTML, like Gecko) Chrome/147.0.0.0 Safari/537.36 Edg/147.0.0.0"
23.82.96.181 - - [14/May/2026:13:50:05 -0400] "GET /lcilfngz.php HTTP/1.1" 200 178755 "-" "Mozilla/5.0 (Linux; Android 10; K) AppleWebKit/537.36 (KHTML, like Gecko) Chrome/146.0.0.0 Mobile Safari/537.36"
38.213.6.95 - - [14/May/2026:13:50:06 -0400] "GET /dn.jsp HTTP/1.1" 200 178755 "-" "Mozilla/5.0 (Windows NT 10.0; Win64; x64) AppleWebKit/537.36 (KHTML, like Gecko) Chrome/147.0.0.0 Safari/537.36 Edg/147.0.0.0"
23.82.96.181 - - [14/May/2026:13:50:07 -0400] "GET /userfuns.php HTTP/1.1" 200 178755 "-" "Mozilla/5.0 (Linux; Android 10; K) AppleWebKit/537.36 (KHTML, like Gecko) Chrome/146.0.0.0 Mobile Safari/537.36"
38.213.6.95 - - [14/May/2026:13:50:08 -0400] "GET /id_win.jsp HTTP/1.1" 200 178755 "-" "Mozilla/5.0 (Windows NT 10.0; Win64; x64) AppleWebKit/537.36 (KHTML, like Gecko) Chrome/147.0.0.0 Safari/537.36 Edg/147.0.0.0"
23.82.96.181 - - [14/May/2026:13:50:09 -0400] "GET /hplfuns.php HTTP/1.1" 200 178755 "-" "Mozilla/5.0 (Linux; Android 10; K) AppleWebKit/537.36 (KHTML, like Gecko) Chrome/146.0.0.0 Mobile Safari/537.36"
38.213.6.95 - - [14/May/2026:13:50:10 -0400] "GET /logos.jsp HTTP/1.1" 200 178755 "-" "Mozilla/5.0 (Windows NT 10.0; Win64; x64) AppleWebKit/537.36 (KHTML, like Gecko) Chrome/147.0.0.0 Safari/537.36 Edg/147.0.0.0"
23.82.96.181 - - [14/May/2026:13:50:11 -0400] "GET /alex.php HTTP/1.1" 200 178755 "-" "Mozilla/5.0 (Linux; Android 10; K) AppleWebKit/537.36 (KHTML, like Gecko) Chrome/146.0.0.0 Mobile Safari/537.36"
104.28.161.29 - - [14/May/2026:13:50:11 -0400] "HEAD / HTTP/1.1" 200 - "https://www.megawatt.com.do/" "Mozilla/5.0 (Windows NT 10.0; Win64; x64) AppleWebKit/537.36 (KHTML, like Gecko) Chrome/91.0.4472.124 Safari/537.36"
23.82.96.181 - - [14/May/2026:13:50:12 -0400] "GET /siteheads.php HTTP/1.1" 200 178754 "-" "Mozilla/5.0 (Linux; Android 10; K) AppleWebKit/537.36 (KHTML, like Gecko) Chrome/146.0.0.0 Mobile Safari/537.36"
38.213.6.95 - - [14/May/2026:13:50:13 -0400] "GET /shell.jsp HTTP/1.1" 200 178754 "-" "Mozilla/5.0 (Windows NT 10.0; Win64; x64) AppleWebKit/537.36 (KHTML, like Gecko) Chrome/147.0.0.0 Safari/537.36 Edg/147.0.0.0"
23.82.96.181 - - [14/May/2026:13:50:15 -0400] "GET /soul.php HTTP/1.1" 200 178754 "-" "Mozilla/5.0 (Linux; Android 10; K) AppleWebKit/537.36 (KHTML, like Gecko) Chrome/146.0.0.0 Mobile Safari/537.36"
38.213.6.95 - - [14/May/2026:13:50:15 -0400] "GET /spacer.jsp HTTP/1.1" 200 178755 "-" "Mozilla/5.0 (Windows NT 10.0; Win64; x64) AppleWebKit/537.36 (KHTML, like Gecko) Chrome/147.0.0.0 Safari/537.36 Edg/147.0.0.0"
104.28.161.29 - - [14/May/2026:13:50:15 -0400] "POST /wp-login.php HTTP/1.1" 200 178755 "https://www.google.com/" "Mozilla/5.0 (Windows NT 10.0; Win64; x64) AppleWebKit/537.36 (KHTML, like Gecko) Chrome/91.0.4472.124 Safari/537.36"
23.82.96.181 - - [14/May/2026:13:50:17 -0400] "GET /delpaths.php HTTP/1.1" 200 178755 "-" "Mozilla/5.0 (Linux; Android 10; K) AppleWebKit/537.36 (KHTML, like Gecko) Chrome/146.0.0.0 Mobile Safari/537.36"
38.213.6.95 - - [14/May/2026:13:50:18 -0400] "GET /id.jsp HTTP/1.1" 200 178755 "-" "Mozilla/5.0 (Windows NT 10.0; Win64; x64) AppleWebKit/537.36 (KHTML, like Gecko) Chrome/147.0.0.0 Safari/537.36 Edg/147.0.0.0"
23.82.96.181 - - [14/May/2026:13:50:19 -0400] "GET /shop.php HTTP/1.1" 200 178755 "-" "Mozilla/5.0 (Linux; Android 10; K) AppleWebKit/537.36 (KHTML, like Gecko) Chrome/146.0.0.0 Mobile Safari/537.36"
38.213.6.95 - - [14/May/2026:13:50:20 -0400] "GET /idpost.jsp HTTP/1.1" 200 178755 "-" "Mozilla/5.0 (Windows NT 10.0; Win64; x64) AppleWebKit/537.36 (KHTML, like Gecko) Chrome/147.0.0.0 Safari/537.36 Edg/147.0.0.0"
23.82.96.181 - - [14/May/2026:13:50:21 -0400] "GET /xsox.php HTTP/1.1" 200 178755 "-" "Mozilla/5.0 (Linux; Android 10; K) AppleWebKit/537.36 (KHTML, like Gecko) Chrome/146.0.0.0 Mobile Safari/537.36"
38.213.6.95 - - [14/May/2026:13:50:22 -0400] "GET /20170219.jsp HTTP/1.1" 200 178755 "-" "Mozilla/5.0 (Windows NT 10.0; Win64; x64) AppleWebKit/537.36 (KHTML, like Gecko) Chrome/147.0.0.0 Safari/537.36 Edg/147.0.0.0"
23.82.96.181 - - [14/May/2026:13:50:23 -0400] "GET /doiconvs.php HTTP/1.1" 200 178755 "-" "Mozilla/5.0 (Linux; Android 10; K) AppleWebKit/537.36 (KHTML, like Gecko) Chrome/146.0.0.0 Mobile Safari/537.36"
38.213.6.95 - - [14/May/2026:13:50:25 -0400] "GET /sw3.jsp HTTP/1.1" 200 178755 "-" "Mozilla/5.0 (Windows NT 10.0; Win64; x64) AppleWebKit/537.36 (KHTML, like Gecko) Chrome/147.0.0.0 Safari/537.36 Edg/147.0.0.0"
23.82.96.181 - - [14/May/2026:13:50:25 -0400] "GET /moddofuns.php HTTP/1.1" 200 178755 "-" "Mozilla/5.0 (Linux; Android 10; K) AppleWebKit/537.36 (KHTML, like Gecko) Chrome/146.0.0.0 Mobile Safari/537.36"
23.82.96.181 - - [14/May/2026:13:50:27 -0400] "GET /fluentform.php HTTP/1.1" 200 178755 "-" "Mozilla/5.0 (Linux; Android 10; K) AppleWebKit/537.36 (KHTML, like Gecko) Chrome/146.0.0.0 Mobile Safari/537.36"
38.213.6.95 - - [14/May/2026:13:50:27 -0400] "GET /proxy-jsp.jsp HTTP/1.1" 200 178755 "-" "Mozilla/5.0 (Windows NT 10.0; Win64; x64) AppleWebKit/537.36 (KHTML, like Gecko) Chrome/147.0.0.0 Safari/537.36 Edg/147.0.0.0"
104.28.161.29 - - [14/May/2026:13:50:29 -0400] "HEAD / HTTP/1.1" 200 - "https://www.megawatt.com.do/" "Mozilla/5.0 (Windows NT 10.0; Win64; x64) AppleWebKit/537.36 (KHTML, like Gecko) Chrome/91.0.4472.124 Safari/537.36"
38.213.6.95 - - [14/May/2026:13:50:31 -0400] "GET /manager10.jsp HTTP/1.1" 200 178755 "-" "Mozilla/5.0 (Windows NT 10.0; Win64; x64) AppleWebKit/537.36 (KHTML, like Gecko) Chrome/147.0.0.0 Safari/537.36 Edg/147.0.0.0"
23.82.96.181 - - [14/May/2026:13:50:32 -0400] "GET /module.php HTTP/1.1" 200 178755 "-" "Mozilla/5.0 (Linux; Android 10; K) AppleWebKit/537.36 (KHTML, like Gecko) Chrome/146.0.0.0 Mobile Safari/537.36"
23.82.96.181 - - [14/May/2026:13:50:34 -0400] "GET /theme_support.php HTTP/1.1" 200 178755 "-" "Mozilla/5.0 (Linux; Android 10; K) AppleWebKit/537.36 (KHTML, like Gecko) Chrome/146.0.0.0 Mobile Safari/537.36"
38.213.6.95 - - [14/May/2026:13:50:34 -0400] "GET /l0g.jsp HTTP/1.1" 200 178755 "-" "Mozilla/5.0 (Windows NT 10.0; Win64; x64) AppleWebKit/537.36 (KHTML, like Gecko) Chrome/147.0.0.0 Safari/537.36 Edg/147.0.0.0"
23.82.96.181 - - [14/May/2026:13:50:36 -0400] "GET /db-update.php HTTP/1.1" 200 178755 "-" "Mozilla/5.0 (Linux; Android 10; K) AppleWebKit/537.36 (KHTML, like Gecko) Chrome/146.0.0.0 Mobile Safari/537.36"
38.213.6.95 - - [14/May/2026:13:50:36 -0400] "GET /Heed.jsp HTTP/1.1" 200 178755 "-" "Mozilla/5.0 (Windows NT 10.0; Win64; x64) AppleWebKit/537.36 (KHTML, like Gecko) Chrome/147.0.0.0 Safari/537.36 Edg/147.0.0.0"
23.82.96.181 - - [14/May/2026:13:50:38 -0400] "GET /media.php HTTP/1.1" 200 178755 "-" "Mozilla/5.0 (Linux; Android 10; K) AppleWebKit/537.36 (KHTML, like Gecko) Chrome/146.0.0.0 Mobile Safari/537.36"
38.213.6.95 - - [14/May/2026:13:50:38 -0400] "GET /HelloHTML.jsp HTTP/1.1" 200 178755 "-" "Mozilla/5.0 (Windows NT 10.0; Win64; x64) AppleWebKit/537.36 (KHTML, like Gecko) Chrome/147.0.0.0 Safari/537.36 Edg/147.0.0.0"
23.82.96.181 - - [14/May/2026:13:50:40 -0400] "GET /lock.php HTTP/1.1" 200 178755 "-" "Mozilla/5.0 (Linux; Android 10; K) AppleWebKit/537.36 (KHTML, like Gecko) Chrome/146.0.0.0 Mobile Safari/537.36"
38.213.6.95 - - [14/May/2026:13:50:41 -0400] "GET /HitCount.jsp HTTP/1.1" 200 178755 "-" "Mozilla/5.0 (Windows NT 10.0; Win64; x64) AppleWebKit/537.36 (KHTML, like Gecko) Chrome/147.0.0.0 Safari/537.36 Edg/147.0.0.0"
104.28.161.29 - - [14/May/2026:13:50:41 -0400] "HEAD / HTTP/1.1" 200 - "https://www.megawatt.com.do/" "Mozilla/5.0 (Windows NT 10.0; Win64; x64) AppleWebKit/537.36 (KHTML, like Gecko) Chrome/91.0.4472.124 Safari/537.36"
23.82.96.181 - - [14/May/2026:13:50:42 -0400] "GET /M3tri-control.php HTTP/1.1" 200 178755 "-" "Mozilla/5.0 (Linux; Android 10; K) AppleWebKit/537.36 (KHTML, like Gecko) Chrome/146.0.0.0 Mobile Safari/537.36"
38.213.6.95 - - [14/May/2026:13:50:43 -0400] "GET /style.jsp HTTP/1.1" 200 178755 "-" "Mozilla/5.0 (Windows NT 10.0; Win64; x64) AppleWebKit/537.36 (KHTML, like Gecko) Chrome/147.0.0.0 Safari/537.36 Edg/147.0.0.0"
23.82.96.181 - - [14/May/2026:13:50:44 -0400] "GET /3.php HTTP/1.1" 200 178755 "-" "Mozilla/5.0 (Linux; Android 10; K) AppleWebKit/537.36 (KHTML, like Gecko) Chrome/146.0.0.0 Mobile Safari/537.36"
104.28.161.29 - - [14/May/2026:13:50:46 -0400] "HEAD / HTTP/1.1" 200 - "https://www.megawatt.com.do/" "Mozilla/5.0 (Windows NT 10.0; Win64; x64) AppleWebKit/537.36 (KHTML, like Gecko) Chrome/91.0.4472.124 Safari/537.36"
38.213.6.95 - - [14/May/2026:13:50:46 -0400] "GET /HelpSessions.jsp HTTP/1.1" 200 178755 "-" "Mozilla/5.0 (Windows NT 10.0; Win64; x64) AppleWebKit/537.36 (KHTML, like Gecko) Chrome/147.0.0.0 Safari/537.36 Edg/147.0.0.0"
23.82.96.181 - - [14/May/2026:13:50:46 -0400] "GET /functions.php HTTP/1.1" 200 178755 "-" "Mozilla/5.0 (Linux; Android 10; K) AppleWebKit/537.36 (KHTML, like Gecko) Chrome/146.0.0.0 Mobile Safari/537.36"
38.213.6.95 - - [14/May/2026:13:50:48 -0400] "GET /preaproveWelcome.jsp HTTP/1.1" 200 178755 "-" "Mozilla/5.0 (Windows NT 10.0; Win64; x64) AppleWebKit/537.36 (KHTML, like Gecko) Chrome/147.0.0.0 Safari/537.36 Edg/147.0.0.0"
23.82.96.181 - - [14/May/2026:13:50:48 -0400] "GET /f.php HTTP/1.1" 200 178755 "-" "Mozilla/5.0 (Linux; Android 10; K) AppleWebKit/537.36 (KHTML, like Gecko) Chrome/146.0.0.0 Mobile Safari/537.36"
23.82.96.181 - - [14/May/2026:13:50:50 -0400] "GET /h.php HTTP/1.1" 200 178755 "-" "Mozilla/5.0 (Linux; Android 10; K) AppleWebKit/537.36 (KHTML, like Gecko) Chrome/146.0.0.0 Mobile Safari/537.36"
38.213.6.95 - - [14/May/2026:13:50:50 -0400] "GET /wm_cfshared.jsp HTTP/1.1" 200 178755 "-" "Mozilla/5.0 (Windows NT 10.0; Win64; x64) AppleWebKit/537.36 (KHTML, like Gecko) Chrome/147.0.0.0 Safari/537.36 Edg/147.0.0.0"
23.82.96.181 - - [14/May/2026:13:50:52 -0400] "GET /leafmailer.php HTTP/1.1" 200 178754 "-" "Mozilla/5.0 (Linux; Android 10; K) AppleWebKit/537.36 (KHTML, like Gecko) Chrome/146.0.0.0 Mobile Safari/537.36"
38.213.6.95 - - [14/May/2026:13:50:53 -0400] "GET /sql.jsp HTTP/1.1" 200 178754 "-" "Mozilla/5.0 (Windows NT 10.0; Win64; x64) AppleWebKit/537.36 (KHTML, like Gecko) Chrome/147.0.0.0 Safari/537.36 Edg/147.0.0.0"
23.82.96.181 - - [14/May/2026:13:50:54 -0400] "GET /search.php HTTP/1.1" 200 178754 "-" "Mozilla/5.0 (Linux; Android 10; K) AppleWebKit/537.36 (KHTML, like Gecko) Chrome/146.0.0.0 Mobile Safari/537.36"
38.213.6.95 - - [14/May/2026:13:50:55 -0400] "GET /welcome.jsp HTTP/1.1" 200 178755 "-" "Mozilla/5.0 (Windows NT 10.0; Win64; x64) AppleWebKit/537.36 (KHTML, like Gecko) Chrome/147.0.0.0 Safari/537.36 Edg/147.0.0.0"
23.82.96.181 - - [14/May/2026:13:50:56 -0400] "GET /xleet.php HTTP/1.1" 200 178755 "-" "Mozilla/5.0 (Linux; Android 10; K) AppleWebKit/537.36 (KHTML, like Gecko) Chrome/146.0.0.0 Mobile Safari/537.36"
38.213.6.95 - - [14/May/2026:13:50:57 -0400] "GET /upload.jsp HTTP/1.1" 200 178755 "-" "Mozilla/5.0 (Windows NT 10.0; Win64; x64) AppleWebKit/537.36 (KHTML, like Gecko) Chrome/147.0.0.0 Safari/537.36 Edg/147.0.0.0"
23.82.96.181 - - [14/May/2026:13:50:58 -0400] "GET /thumbs.php HTTP/1.1" 200 178755 "-" "Mozilla/5.0 (Linux; Android 10; K) AppleWebKit/537.36 (KHTML, like Gecko) Chrome/146.0.0.0 Mobile Safari/537.36"
104.28.161.29 - - [14/May/2026:13:50:59 -0400] "HEAD / HTTP/1.1" 200 - "https://www.megawatt.com.do/" "Mozilla/5.0 (Windows NT 10.0; Win64; x64) AppleWebKit/537.36 (KHTML, like Gecko) Chrome/91.0.4472.124 Safari/537.36"
104.28.161.29 - - [14/May/2026:13:50:59 -0400] "POST /wp-login.php HTTP/1.1" 200 178755 "http://www.megawatt.com.do/wp-admin/" "Mozilla/5.0 (Windows NT 10.0; Win64; x64) AppleWebKit/537.36 (KHTML, like Gecko) Chrome/90.0.4430.85 Safari/537.36"
38.213.6.95 - - [14/May/2026:13:51:00 -0400] "GET /favicon.jsp HTTP/1.1" 200 178755 "-" "Mozilla/5.0 (Windows NT 10.0; Win64; x64) AppleWebKit/537.36 (KHTML, like Gecko) Chrome/147.0.0.0 Safari/537.36 Edg/147.0.0.0"
23.82.96.181 - - [14/May/2026:13:51:00 -0400] "GET /wp-blog.php HTTP/1.1" 200 178755 "-" "Mozilla/5.0 (Linux; Android 10; K) AppleWebKit/537.36 (KHTML, like Gecko) Chrome/146.0.0.0 Mobile Safari/537.36"
104.28.161.29 - - [14/May/2026:13:51:01 -0400] "GET /wp-admin/ HTTP/1.1" 200 177195 "https://www.google.com/" "Mozilla/5.0 (Windows NT 10.0; Win64; x64) AppleWebKit/537.36 (KHTML, like Gecko) Chrome/91.0.4472.124 Safari/537.36"
104.28.161.29 - - [14/May/2026:13:51:01 -0400] "POST /wp-login.php HTTP/1.1" 200 178755 "https://www.google.com/" "Mozilla/5.0 (Windows NT 10.0; Win64; x64) AppleWebKit/537.36 (KHTML, like Gecko) Chrome/91.0.4472.124 Safari/537.36"
23.82.96.181 - - [14/May/2026:13:51:02 -0400] "GET /w3llstore.php HTTP/1.1" 200 178755 "-" "Mozilla/5.0 (Linux; Android 10; K) AppleWebKit/537.36 (KHTML, like Gecko) Chrome/146.0.0.0 Mobile Safari/537.36"
38.213.6.95 - - [14/May/2026:13:51:02 -0400] "GET /favic0n.jsp HTTP/1.1" 200 178755 "-" "Mozilla/5.0 (Windows NT 10.0; Win64; x64) AppleWebKit/537.36 (KHTML, like Gecko) Chrome/147.0.0.0 Safari/537.36 Edg/147.0.0.0"
23.82.96.181 - - [14/May/2026:13:51:04 -0400] "GET /wp-atom.php HTTP/1.1" 200 178755 "-" "Mozilla/5.0 (Linux; Android 10; K) AppleWebKit/537.36 (KHTML, like Gecko) Chrome/146.0.0.0 Mobile Safari/537.36"
104.28.161.29 - - [14/May/2026:13:51:04 -0400] "GET /wp-admin/plugin-install.php?tab=upload HTTP/1.1" 200 177195 "https://www.google.com/" "Mozilla/5.0 (Windows NT 10.0; Win64; x64) AppleWebKit/537.36 (KHTML, like Gecko) Chrome/91.0.4472.124 Safari/537.36"
38.213.6.95 - - [14/May/2026:13:51:05 -0400] "GET /tunnel.jsp HTTP/1.1" 200 178755 "-" "Mozilla/5.0 (Windows NT 10.0; Win64; x64) AppleWebKit/537.36 (KHTML, like Gecko) Chrome/147.0.0.0 Safari/537.36 Edg/147.0.0.0"
23.82.96.181 - - [14/May/2026:13:51:06 -0400] "GET /on.php HTTP/1.1" 200 178755 "-" "Mozilla/5.0 (Linux; Android 10; K) AppleWebKit/537.36 (KHTML, like Gecko) Chrome/146.0.0.0 Mobile Safari/537.36"
38.213.6.95 - - [14/May/2026:13:51:07 -0400] "GET /.login-n.jsp HTTP/1.1" 200 178755 "-" "Mozilla/5.0 (Windows NT 10.0; Win64; x64) AppleWebKit/537.36 (KHTML, like Gecko) Chrome/147.0.0.0 Safari/537.36 Edg/147.0.0.0"
104.28.161.29 - - [14/May/2026:13:51:07 -0400] "POST /wp-login.php HTTP/1.1" 200 178755 "http://www.megawatt.com.do/wp-admin/" "Mozilla/5.0 (Windows NT 10.0; Win64; x64) AppleWebKit/537.36 (KHTML, like Gecko) Chrome/90.0.4430.85 Safari/537.36"
23.82.96.181 - - [14/May/2026:13:51:08 -0400] "GET /mass.php HTTP/1.1" 200 178755 "-" "Mozilla/5.0 (Linux; Android 10; K) AppleWebKit/537.36 (KHTML, like Gecko) Chrome/146.0.0.0 Mobile Safari/537.36"
38.213.6.95 - - [14/May/2026:13:51:09 -0400] "GET /.login-w.jsp HTTP/1.1" 200 178755 "-" "Mozilla/5.0 (Windows NT 10.0; Win64; x64) AppleWebKit/537.36 (KHTML, like Gecko) Chrome/147.0.0.0 Safari/537.36 Edg/147.0.0.0"
23.82.96.181 - - [14/May/2026:13:51:10 -0400] "GET /like.php HTTP/1.1" 200 178755 "-" "Mozilla/5.0 (Linux; Android 10; K) AppleWebKit/537.36 (KHTML, like Gecko) Chrome/146.0.0.0 Mobile Safari/537.36"
38.213.6.95 - - [14/May/2026:13:51:12 -0400] "GET /font-awesome.max6.jsp HTTP/1.1" 200 178755 "-" "Mozilla/5.0 (Windows NT 10.0; Win64; x64) AppleWebKit/537.36 (KHTML, like Gecko) Chrome/147.0.0.0 Safari/537.36 Edg/147.0.0.0"
23.82.96.181 - - [14/May/2026:13:51:12 -0400] "GET /wp-register.php HTTP/1.1" 200 178755 "-" "Mozilla/5.0 (Linux; Android 10; K) AppleWebKit/537.36 (KHTML, like Gecko) Chrome/146.0.0.0 Mobile Safari/537.36"
104.28.161.29 - - [14/May/2026:13:51:12 -0400] "GET /wp-admin/ HTTP/1.1" 200 177195 "https://www.google.com/" "Mozilla/5.0 (Windows NT 10.0; Win64; x64) AppleWebKit/537.36 (KHTML, like Gecko) Chrome/91.0.4472.124 Safari/537.36"
104.28.161.29 - - [14/May/2026:13:51:13 -0400] "GET /wp-admin/ HTTP/1.1" 200 177195 "-" "Mozilla/5.0 (Windows NT 10.0; Win64; x64) AppleWebKit/537.36 (KHTML, like Gecko) Chrome/133.0.0.0 Safari/537.36"
38.213.6.95 - - [14/May/2026:13:51:14 -0400] "GET /tunnel.nosocket.php HTTP/1.1" 200 178755 "-" "Mozilla/5.0 (Windows NT 10.0; Win64; x64) AppleWebKit/537.36 (KHTML, like Gecko) Chrome/147.0.0.0 Safari/537.36 Edg/147.0.0.0"
23.82.96.181 - - [14/May/2026:13:51:14 -0400] "GET /wp-rss2.php HTTP/1.1" 200 178755 "-" "Mozilla/5.0 (Linux; Android 10; K) AppleWebKit/537.36 (KHTML, like Gecko) Chrome/146.0.0.0 Mobile Safari/537.36"
23.82.96.181 - - [14/May/2026:13:51:16 -0400] "GET /rp.php HTTP/1.1" 200 178755 "-" "Mozilla/5.0 (Linux; Android 10; K) AppleWebKit/537.36 (KHTML, like Gecko) Chrome/146.0.0.0 Mobile Safari/537.36"
38.213.6.95 - - [14/May/2026:13:51:16 -0400] "GET /index.php HTTP/1.1" 200 178755 "-" "Mozilla/5.0 (Windows NT 10.0; Win64; x64) AppleWebKit/537.36 (KHTML, like Gecko) Chrome/147.0.0.0 Safari/537.36 Edg/147.0.0.0"
104.28.161.29 - - [14/May/2026:13:51:17 -0400] "GET /wp-admin/plugin-install.php HTTP/1.1" 200 177195 "-" "Mozilla/5.0 (Windows NT 10.0; Win64; x64) AppleWebKit/537.36 (KHTML, like Gecko) Chrome/133.0.0.0 Safari/537.36"
23.82.96.181 - - [14/May/2026:13:51:18 -0400] "GET /ts.php HTTP/1.1" 200 178755 "-" "Mozilla/5.0 (Linux; Android 10; K) AppleWebKit/537.36 (KHTML, like Gecko) Chrome/146.0.0.0 Mobile Safari/537.36"
104.28.161.29 - - [14/May/2026:13:51:19 -0400] "GET /wp-admin/theme-install.php?tab=upload HTTP/1.1" 200 177195 "https://www.google.com/" "Mozilla/5.0 (Windows NT 10.0; Win64; x64) AppleWebKit/537.36 (KHTML, like Gecko) Chrome/91.0.4472.124 Safari/537.36"
38.213.6.95 - - [14/May/2026:13:51:19 -0400] "GET /test.php HTTP/1.1" 200 178755 "-" "Mozilla/5.0 (Windows NT 10.0; Win64; x64) AppleWebKit/537.36 (KHTML, like Gecko) Chrome/147.0.0.0 Safari/537.36 Edg/147.0.0.0"
23.82.96.181 - - [14/May/2026:13:51:20 -0400] "GET /moon.php HTTP/1.1" 200 178755 "-" "Mozilla/5.0 (Linux; Android 10; K) AppleWebKit/537.36 (KHTML, like Gecko) Chrome/146.0.0.0 Mobile Safari/537.36"
38.213.6.95 - - [14/May/2026:13:51:21 -0400] "GET /admin.php HTTP/1.1" 200 178755 "-" "Mozilla/5.0 (Windows NT 10.0; Win64; x64) AppleWebKit/537.36 (KHTML, like Gecko) Chrome/147.0.0.0 Safari/537.36 Edg/147.0.0.0"
104.28.161.29 - - [14/May/2026:13:51:21 -0400] "GET /wp-admin/ HTTP/1.1" 200 177195 "-" "Mozilla/5.0 (Windows NT 10.0; Win64; x64) AppleWebKit/537.36 (KHTML, like Gecko) Chrome/133.0.0.0 Safari/537.36"
23.82.96.181 - - [14/May/2026:13:51:22 -0400] "GET /task.php HTTP/1.1" 200 178755 "-" "Mozilla/5.0 (Linux; Android 10; K) AppleWebKit/537.36 (KHTML, like Gecko) Chrome/146.0.0.0 Mobile Safari/537.36"
38.213.6.95 - - [14/May/2026:13:51:23 -0400] "GET /txets.php HTTP/1.1" 200 178755 "-" "Mozilla/5.0 (Windows NT 10.0; Win64; x64) AppleWebKit/537.36 (KHTML, like Gecko) Chrome/147.0.0.0 Safari/537.36 Edg/147.0.0.0"
104.28.161.29 - - [14/May/2026:13:51:24 -0400] "GET /wp-admin/plugin-install.php HTTP/1.1" 200 177195 "-" "Mozilla/5.0 (Windows NT 10.0; Win64; x64) AppleWebKit/537.36 (KHTML, like Gecko) Chrome/133.0.0.0 Safari/537.36"
23.82.96.181 - - [14/May/2026:13:51:24 -0400] "GET /cloud.php HTTP/1.1" 200 178755 "-" "Mozilla/5.0 (Linux; Android 10; K) AppleWebKit/537.36 (KHTML, like Gecko) Chrome/146.0.0.0 Mobile Safari/537.36"
38.213.6.95 - - [14/May/2026:13:51:26 -0400] "GET /about.php HTTP/1.1" 200 178755 "-" "Mozilla/5.0 (Windows NT 10.0; Win64; x64) AppleWebKit/537.36 (KHTML, like Gecko) Chrome/147.0.0.0 Safari/537.36 Edg/147.0.0.0"
104.28.161.29 - - [14/May/2026:13:51:26 -0400] "HEAD / HTTP/1.1" 200 - "https://www.megawatt.com.do/" "Mozilla/5.0 (Windows NT 10.0; Win64; x64) AppleWebKit/537.36 (KHTML, like Gecko) Chrome/91.0.4472.124 Safari/537.36"
23.82.96.181 - - [14/May/2026:13:51:26 -0400] "GET /iR7SzrsOUEP.php HTTP/1.1" 200 178755 "-" "Mozilla/5.0 (Linux; Android 10; K) AppleWebKit/537.36 (KHTML, like Gecko) Chrome/146.0.0.0 Mobile Safari/537.36"
104.28.161.29 - - [14/May/2026:13:51:27 -0400] "POST /wp-admin/admin-ajax.php HTTP/1.1" 200 176561 "http://www.megawatt.com.do/wp-admin/plugin-editor.php" "Mozilla/5.0 (Windows NT 10.0; Win64; x64) AppleWebKit/537.36 (KHTML, like Gecko) Chrome/138.0.0.0 Safari/537.36"
104.28.161.29 - - [14/May/2026:13:51:27 -0400] "HEAD / HTTP/1.1" 200 - "https://www.megawatt.com.do/" "Mozilla/5.0 (Windows NT 10.0; Win64; x64) AppleWebKit/537.36 (KHTML, like Gecko) Chrome/91.0.4472.124 Safari/537.36"
38.213.6.95 - - [14/May/2026:13:51:28 -0400] "GET /wpsirdddt.php HTTP/1.1" 200 178755 "-" "Mozilla/5.0 (Windows NT 10.0; Win64; x64) AppleWebKit/537.36 (KHTML, like Gecko) Chrome/147.0.0.0 Safari/537.36 Edg/147.0.0.0"
23.82.96.181 - - [14/May/2026:13:51:28 -0400] "GET /testc.php HTTP/1.1" 200 178755 "-" "Mozilla/5.0 (Linux; Android 10; K) AppleWebKit/537.36 (KHTML, like Gecko) Chrome/146.0.0.0 Mobile Safari/537.36"
104.28.161.29 - - [14/May/2026:13:51:28 -0400] "GET /wp-admin/plugin-install.php?tab=upload HTTP/1.1" 200 177195 "https://www.google.com/" "Mozilla/5.0 (Windows NT 10.0; Win64; x64) AppleWebKit/537.36 (KHTML, like Gecko) Chrome/91.0.4472.124 Safari/537.36"
104.28.161.29 - - [14/May/2026:13:51:30 -0400] "POST /wp-login.php HTTP/1.1" 200 178752 "https://www.google.com/" "Mozilla/5.0 (Windows NT 10.0; Win64; x64) AppleWebKit/537.36 (KHTML, like Gecko) Chrome/91.0.4472.124 Safari/537.36"
23.82.96.181 - - [14/May/2026:13:51:30 -0400] "GET /plugin-core.php HTTP/1.1" 200 178752 "-" "Mozilla/5.0 (Linux; Android 10; K) AppleWebKit/537.36 (KHTML, like Gecko) Chrome/146.0.0.0 Mobile Safari/537.36"
104.28.161.29 - - [14/May/2026:13:51:30 -0400] "GET /wp-admin/plugin-editor.php HTTP/1.1" 200 177195 "http://www.megawatt.com.do/wp-admin/plugin-editor.php" "Mozilla/5.0 (Windows NT 10.0; Win64; x64) AppleWebKit/537.36 (KHTML, like Gecko) Chrome/138.0.0.0 Safari/537.36"
38.213.6.95 - - [14/May/2026:13:51:30 -0400] "GET /wpzarsna.php HTTP/1.1" 200 178752 "-" "Mozilla/5.0 (Windows NT 10.0; Win64; x64) AppleWebKit/537.36 (KHTML, like Gecko) Chrome/147.0.0.0 Safari/537.36 Edg/147.0.0.0"
23.82.96.181 - - [14/May/2026:13:51:32 -0400] "GET /simple.php HTTP/1.1" 200 178752 "-" "Mozilla/5.0 (Linux; Android 10; K) AppleWebKit/537.36 (KHTML, like Gecko) Chrome/146.0.0.0 Mobile Safari/537.36"
38.213.6.95 - - [14/May/2026:13:51:33 -0400] "GET /wpxffeets.php HTTP/1.1" 200 178755 "-" "Mozilla/5.0 (Windows NT 10.0; Win64; x64) AppleWebKit/537.36 (KHTML, like Gecko) Chrome/147.0.0.0 Safari/537.36 Edg/147.0.0.0"
23.82.96.181 - - [14/May/2026:13:51:34 -0400] "GET /ini_db-update.php HTTP/1.1" 200 178755 "-" "Mozilla/5.0 (Linux; Android 10; K) AppleWebKit/537.36 (KHTML, like Gecko) Chrome/146.0.0.0 Mobile Safari/537.36"
38.213.6.95 - - [14/May/2026:13:51:35 -0400] "GET /OrvceX-87545456892.php HTTP/1.1" 200 178755 "-" "Mozilla/5.0 (Windows NT 10.0; Win64; x64) AppleWebKit/537.36 (KHTML, like Gecko) Chrome/147.0.0.0 Safari/537.36 Edg/147.0.0.0"
104.28.161.29 - - [14/May/2026:13:51:36 -0400] "HEAD / HTTP/1.1" 200 - "https://www.megawatt.com.do/" "Mozilla/5.0 (Windows NT 10.0; Win64; x64) AppleWebKit/537.36 (KHTML, like Gecko) Chrome/91.0.4472.124 Safari/537.36"
23.82.96.181 - - [14/May/2026:13:51:36 -0400] "GET /classfuns.php HTTP/1.1" 200 178755 "-" "Mozilla/5.0 (Linux; Android 10; K) AppleWebKit/537.36 (KHTML, like Gecko) Chrome/146.0.0.0 Mobile Safari/537.36"
38.213.6.95 - - [14/May/2026:13:51:38 -0400] "GET /stamena-WP.php HTTP/1.1" 200 178755 "-" "Mozilla/5.0 (Windows NT 10.0; Win64; x64) AppleWebKit/537.36 (KHTML, like Gecko) Chrome/147.0.0.0 Safari/537.36 Edg/147.0.0.0"
23.82.96.181 - - [14/May/2026:13:51:38 -0400] "GET /gdftps.php HTTP/1.1" 200 178755 "-" "Mozilla/5.0 (Linux; Android 10; K) AppleWebKit/537.36 (KHTML, like Gecko) Chrome/146.0.0.0 Mobile Safari/537.36"
104.28.161.29 - - [14/May/2026:13:51:38 -0400] "HEAD / HTTP/1.1" 200 - "https://www.megawatt.com.do/" "Mozilla/5.0 (Windows NT 10.0; Win64; x64) AppleWebKit/537.36 (KHTML, like Gecko) Chrome/91.0.4472.124 Safari/537.36"
38.213.6.95 - - [14/May/2026:13:51:40 -0400] "GET /wp-admins.php HTTP/1.1" 200 178755 "-" "Mozilla/5.0 (Windows NT 10.0; Win64; x64) AppleWebKit/537.36 (KHTML, like Gecko) Chrome/147.0.0.0 Safari/537.36 Edg/147.0.0.0"
23.82.96.181 - - [14/May/2026:13:51:40 -0400] "GET /996abdcb6a4ec3.php HTTP/1.1" 200 178755 "-" "Mozilla/5.0 (Linux; Android 10; K) AppleWebKit/537.36 (KHTML, like Gecko) Chrome/146.0.0.0 Mobile Safari/537.36"
38.213.6.95 - - [14/May/2026:13:51:42 -0400] "GET /1911.php HTTP/1.1" 200 178755 "-" "Mozilla/5.0 (Windows NT 10.0; Win64; x64) AppleWebKit/537.36 (KHTML, like Gecko) Chrome/147.0.0.0 Safari/537.36 Edg/147.0.0.0"
23.82.96.181 - - [14/May/2026:13:51:42 -0400] "GET /Mailer_996abdcb6a4ec3.php HTTP/1.1" 200 178755 "-" "Mozilla/5.0 (Linux; Android 10; K) AppleWebKit/537.36 (KHTML, like Gecko) Chrome/146.0.0.0 Mobile Safari/537.36"
23.82.96.181 - - [14/May/2026:13:51:44 -0400] "GET /wvzmubrv.php HTTP/1.1" 200 178755 "-" "Mozilla/5.0 (Linux; Android 10; K) AppleWebKit/537.36 (KHTML, like Gecko) Chrome/146.0.0.0 Mobile Safari/537.36"
38.213.6.95 - - [14/May/2026:13:51:45 -0400] "GET /wp-activites.php HTTP/1.1" 200 178755 "-" "Mozilla/5.0 (Windows NT 10.0; Win64; x64) AppleWebKit/537.36 (KHTML, like Gecko) Chrome/147.0.0.0 Safari/537.36 Edg/147.0.0.0"
23.82.96.181 - - [14/May/2026:13:51:46 -0400] "GET /wp-hjhc.php HTTP/1.1" 200 178755 "-" "Mozilla/5.0 (Linux; Android 10; K) AppleWebKit/537.36 (KHTML, like Gecko) Chrome/146.0.0.0 Mobile Safari/537.36"
38.213.6.95 - - [14/May/2026:13:51:47 -0400] "GET /wpstart.php HTTP/1.1" 200 178755 "-" "Mozilla/5.0 (Windows NT 10.0; Win64; x64) AppleWebKit/537.36 (KHTML, like Gecko) Chrome/147.0.0.0 Safari/537.36 Edg/147.0.0.0"
23.82.96.181 - - [14/May/2026:13:51:48 -0400] "GET /r.php HTTP/1.1" 200 178755 "-" "Mozilla/5.0 (Linux; Android 10; K) AppleWebKit/537.36 (KHTML, like Gecko) Chrome/146.0.0.0 Mobile Safari/537.36"
38.213.6.95 - - [14/May/2026:13:51:49 -0400] "GET /code89765456478.php HTTP/1.1" 200 178755 "-" "Mozilla/5.0 (Windows NT 10.0; Win64; x64) AppleWebKit/537.36 (KHTML, like Gecko) Chrome/147.0.0.0 Safari/537.36 Edg/147.0.0.0"
23.82.96.181 - - [14/May/2026:13:51:50 -0400] "GET /db.php HTTP/1.1" 200 178755 "-" "Mozilla/5.0 (Linux; Android 10; K) AppleWebKit/537.36 (KHTML, like Gecko) Chrome/146.0.0.0 Mobile Safari/537.36"
38.213.6.95 - - [14/May/2026:13:51:52 -0400] "GET /orven-5645648745.php HTTP/1.1" 200 178755 "-" "Mozilla/5.0 (Windows NT 10.0; Win64; x64) AppleWebKit/537.36 (KHTML, like Gecko) Chrome/147.0.0.0 Safari/537.36 Edg/147.0.0.0"
23.82.96.181 - - [14/May/2026:13:51:52 -0400] "GET /beence.php HTTP/1.1" 200 178755 "-" "Mozilla/5.0 (Linux; Android 10; K) AppleWebKit/537.36 (KHTML, like Gecko) Chrome/146.0.0.0 Mobile Safari/537.36"
38.213.6.95 - - [14/May/2026:13:51:54 -0400] "GET /wpzstesn.php HTTP/1.1" 200 178755 "-" "Mozilla/5.0 (Windows NT 10.0; Win64; x64) AppleWebKit/537.36 (KHTML, like Gecko) Chrome/147.0.0.0 Safari/537.36 Edg/147.0.0.0"
23.82.96.181 - - [14/May/2026:13:51:54 -0400] "GET /smtp.php HTTP/1.1" 200 178755 "-" "Mozilla/5.0 (Linux; Android 10; K) AppleWebKit/537.36 (KHTML, like Gecko) Chrome/146.0.0.0 Mobile Safari/537.36"
23.82.96.181 - - [14/May/2026:13:51:56 -0400] "GET /lock360.php HTTP/1.1" 200 178755 "-" "Mozilla/5.0 (Linux; Android 10; K) AppleWebKit/537.36 (KHTML, like Gecko) Chrome/146.0.0.0 Mobile Safari/537.36"
38.213.6.95 - - [14/May/2026:13:51:57 -0400] "GET /Mailer_ed2d4f30b0227e.php HTTP/1.1" 200 178755 "-" "Mozilla/5.0 (Windows NT 10.0; Win64; x64) AppleWebKit/537.36 (KHTML, like Gecko) Chrome/147.0.0.0 Safari/537.36 Edg/147.0.0.0"
23.82.96.181 - - [14/May/2026:13:51:58 -0400] "GET /wp-l0gin.php HTTP/1.1" 200 178755 "-" "Mozilla/5.0 (Linux; Android 10; K) AppleWebKit/537.36 (KHTML, like Gecko) Chrome/146.0.0.0 Mobile Safari/537.36"
38.213.6.95 - - [14/May/2026:13:51:59 -0400] "GET /wp-login.php HTTP/1.1" 200 178755 "-" "Mozilla/5.0 (Windows NT 10.0; Win64; x64) AppleWebKit/537.36 (KHTML, like Gecko) Chrome/147.0.0.0 Safari/537.36 Edg/147.0.0.0"
23.82.96.181 - - [14/May/2026:13:52:00 -0400] "GET /class-IXR-date.php HTTP/1.1" 200 178755 "-" "Mozilla/5.0 (Linux; Android 10; K) AppleWebKit/537.36 (KHTML, like Gecko) Chrome/146.0.0.0 Mobile Safari/537.36"
