104.28.161.29 - - [14/May/2026:12:47:51 -0400] "HEAD / HTTP/1.1" 200 - "https://www.megawatt.com.do/" "Mozilla/5.0 (Windows NT 10.0; Win64; x64) AppleWebKit/537.36 (KHTML, like Gecko) Chrome/91.0.4472.124 Safari/537.36"
104.28.161.29 - - [14/May/2026:12:47:52 -0400] "HEAD / HTTP/1.1" 200 - "https://www.megawatt.com.do/" "Mozilla/5.0 (Windows NT 10.0; Win64; x64) AppleWebKit/537.36 (KHTML, like Gecko) Chrome/91.0.4472.124 Safari/537.36"
159.89.216.7 - - [14/May/2026:12:47:52 -0400] "GET /wp-config.php.suspected HTTP/1.1" 403 178754 "-" "Mozilla/5.0 (Linux; Android 10; K) AppleWebKit/537.36 (KHTML, like Gecko) Chrome/146.0.0.0 Mobile Safari/537.36"
159.89.216.7 - - [14/May/2026:12:47:53 -0400] "GET /0SP9zsRnklXwhOPHg.php7 HTTP/1.1" 200 178754 "-" "Mozilla/5.0 (Linux; Android 10; K) AppleWebKit/537.36 (KHTML, like Gecko) Chrome/146.0.0.0 Mobile Safari/537.36"
159.89.216.7 - - [14/May/2026:12:47:55 -0400] "GET /NGZT2fJvVtIhrI_KwW.php7 HTTP/1.1" 200 178755 "-" "Mozilla/5.0 (Linux; Android 10; K) AppleWebKit/537.36 (KHTML, like Gecko) Chrome/146.0.0.0 Mobile Safari/537.36"
159.89.216.7 - - [14/May/2026:12:47:56 -0400] "GET /UzPXhG6d6eb8rbdzbOS.php7 HTTP/1.1" 200 178755 "-" "Mozilla/5.0 (Linux; Android 10; K) AppleWebKit/537.36 (KHTML, like Gecko) Chrome/146.0.0.0 Mobile Safari/537.36"
159.89.216.7 - - [14/May/2026:12:47:58 -0400] "GET /about.php7 HTTP/1.1" 200 178755 "-" "Mozilla/5.0 (Linux; Android 10; K) AppleWebKit/537.36 (KHTML, like Gecko) Chrome/146.0.0.0 Mobile Safari/537.36"
159.89.216.7 - - [14/May/2026:12:47:59 -0400] "GET /alfa-rex.php7 HTTP/1.1" 200 178755 "-" "Mozilla/5.0 (Linux; Android 10; K) AppleWebKit/537.36 (KHTML, like Gecko) Chrome/146.0.0.0 Mobile Safari/537.36"
159.89.216.7 - - [14/May/2026:12:48:01 -0400] "GET /msleaf.php7 HTTP/1.1" 200 178755 "-" "Mozilla/5.0 (Linux; Android 10; K) AppleWebKit/537.36 (KHTML, like Gecko) Chrome/146.0.0.0 Mobile Safari/537.36"
159.89.216.7 - - [14/May/2026:12:48:03 -0400] "GET /psm.php7 HTTP/1.1" 200 178755 "-" "Mozilla/5.0 (Linux; Android 10; K) AppleWebKit/537.36 (KHTML, like Gecko) Chrome/146.0.0.0 Mobile Safari/537.36"
159.89.216.7 - - [14/May/2026:12:48:04 -0400] "GET /man.php7 HTTP/1.1" 200 178755 "-" "Mozilla/5.0 (Linux; Android 10; K) AppleWebKit/537.36 (KHTML, like Gecko) Chrome/146.0.0.0 Mobile Safari/537.36"
159.89.216.7 - - [14/May/2026:12:48:06 -0400] "GET /shell.php7 HTTP/1.1" 200 178755 "-" "Mozilla/5.0 (Linux; Android 10; K) AppleWebKit/537.36 (KHTML, like Gecko) Chrome/146.0.0.0 Mobile Safari/537.36"
159.89.216.7 - - [14/May/2026:12:48:07 -0400] "GET /mailer.php7 HTTP/1.1" 200 178755 "-" "Mozilla/5.0 (Linux; Android 10; K) AppleWebKit/537.36 (KHTML, like Gecko) Chrome/146.0.0.0 Mobile Safari/537.36"
104.28.161.29 - - [14/May/2026:12:48:09 -0400] "HEAD / HTTP/1.1" 200 - "https://www.megawatt.com.do/" "Mozilla/5.0 (Windows NT 10.0; Win64; x64) AppleWebKit/537.36 (KHTML, like Gecko) Chrome/91.0.4472.124 Safari/537.36"
159.89.216.7 - - [14/May/2026:12:48:09 -0400] "GET /fix.php7 HTTP/1.1" 200 178755 "-" "Mozilla/5.0 (Linux; Android 10; K) AppleWebKit/537.36 (KHTML, like Gecko) Chrome/146.0.0.0 Mobile Safari/537.36"
159.89.216.7 - - [14/May/2026:12:48:10 -0400] "GET /alfanew.php7 HTTP/1.1" 200 178755 "-" "Mozilla/5.0 (Linux; Android 10; K) AppleWebKit/537.36 (KHTML, like Gecko) Chrome/146.0.0.0 Mobile Safari/537.36"
104.28.161.29 - - [14/May/2026:12:48:11 -0400] "HEAD / HTTP/1.1" 200 - "https://www.megawatt.com.do/" "Mozilla/5.0 (Windows NT 10.0; Win64; x64) AppleWebKit/537.36 (KHTML, like Gecko) Chrome/91.0.4472.124 Safari/537.36"
159.89.216.7 - - [14/May/2026:12:48:12 -0400] "GET /sell.php7 HTTP/1.1" 200 178755 "-" "Mozilla/5.0 (Linux; Android 10; K) AppleWebKit/537.36 (KHTML, like Gecko) Chrome/146.0.0.0 Mobile Safari/537.36"
104.28.161.29 - - [14/May/2026:12:48:13 -0400] "HEAD / HTTP/1.1" 200 - "https://www.megawatt.com.do/" "Mozilla/5.0 (Windows NT 10.0; Win64; x64) AppleWebKit/537.36 (KHTML, like Gecko) Chrome/91.0.4472.124 Safari/537.36"
159.89.216.7 - - [14/May/2026:12:48:14 -0400] "GET /t.php7 HTTP/1.1" 200 178755 "-" "Mozilla/5.0 (Linux; Android 10; K) AppleWebKit/537.36 (KHTML, like Gecko) Chrome/146.0.0.0 Mobile Safari/537.36"
159.89.216.7 - - [14/May/2026:12:48:15 -0400] "GET /oiRqpds9cgy70ZyCu.php8 HTTP/1.1" 200 178755 "-" "Mozilla/5.0 (Linux; Android 10; K) AppleWebKit/537.36 (KHTML, like Gecko) Chrome/146.0.0.0 Mobile Safari/537.36"
159.89.216.7 - - [14/May/2026:12:48:17 -0400] "GET /sj_F94JV4_FjjyqkvN.php8 HTTP/1.1" 200 178755 "-" "Mozilla/5.0 (Linux; Android 10; K) AppleWebKit/537.36 (KHTML, like Gecko) Chrome/146.0.0.0 Mobile Safari/537.36"
159.89.216.7 - - [14/May/2026:12:48:18 -0400] "GET /PzRwft8OXK1QSh0FZvS.php8 HTTP/1.1" 200 178755 "-" "Mozilla/5.0 (Linux; Android 10; K) AppleWebKit/537.36 (KHTML, like Gecko) Chrome/146.0.0.0 Mobile Safari/537.36"
159.89.216.7 - - [14/May/2026:12:48:20 -0400] "GET /alfa-rex.php8 HTTP/1.1" 200 178755 "-" "Mozilla/5.0 (Linux; Android 10; K) AppleWebKit/537.36 (KHTML, like Gecko) Chrome/146.0.0.0 Mobile Safari/537.36"
159.89.216.7 - - [14/May/2026:12:48:21 -0400] "GET /fix.php8 HTTP/1.1" 200 178755 "-" "Mozilla/5.0 (Linux; Android 10; K) AppleWebKit/537.36 (KHTML, like Gecko) Chrome/146.0.0.0 Mobile Safari/537.36"
159.89.216.7 - - [14/May/2026:12:48:23 -0400] "GET /XLjWjPEq0IyRRn2iW.phtml HTTP/1.1" 200 178755 "-" "Mozilla/5.0 (Linux; Android 10; K) AppleWebKit/537.36 (KHTML, like Gecko) Chrome/146.0.0.0 Mobile Safari/537.36"
159.89.216.7 - - [14/May/2026:12:48:24 -0400] "GET /fucTuAqVgME0pqDnZg.phtml HTTP/1.1" 200 178755 "-" "Mozilla/5.0 (Linux; Android 10; K) AppleWebKit/537.36 (KHTML, like Gecko) Chrome/146.0.0.0 Mobile Safari/537.36"
159.89.216.7 - - [14/May/2026:12:48:26 -0400] "GET /LypDqieDDqvsm8UhCk8.phtml HTTP/1.1" 200 178755 "-" "Mozilla/5.0 (Linux; Android 10; K) AppleWebKit/537.36 (KHTML, like Gecko) Chrome/146.0.0.0 Mobile Safari/537.36"
159.89.216.7 - - [14/May/2026:12:48:27 -0400] "GET /sql.phtml HTTP/1.1" 200 178755 "-" "Mozilla/5.0 (Linux; Android 10; K) AppleWebKit/537.36 (KHTML, like Gecko) Chrome/146.0.0.0 Mobile Safari/537.36"
159.89.216.7 - - [14/May/2026:12:48:29 -0400] "GET /database.phtml HTTP/1.1" 200 178755 "-" "Mozilla/5.0 (Linux; Android 10; K) AppleWebKit/537.36 (KHTML, like Gecko) Chrome/146.0.0.0 Mobile Safari/537.36"
159.89.216.7 - - [14/May/2026:12:48:31 -0400] "GET /mailer.phtml HTTP/1.1" 200 178755 "-" "Mozilla/5.0 (Linux; Android 10; K) AppleWebKit/537.36 (KHTML, like Gecko) Chrome/146.0.0.0 Mobile Safari/537.36"
159.89.216.7 - - [14/May/2026:12:48:32 -0400] "GET /Kjuw_OEsI_IdrE7yB.test.php HTTP/1.1" 200 178754 "-" "Mozilla/5.0 (Linux; Android 10; K) AppleWebKit/537.36 (KHTML, like Gecko) Chrome/146.0.0.0 Mobile Safari/537.36"
159.89.216.7 - - [14/May/2026:12:48:34 -0400] "GET /dsiHE71_5BOo9MNJ7B.test.php HTTP/1.1" 200 178754 "-" "Mozilla/5.0 (Linux; Android 10; K) AppleWebKit/537.36 (KHTML, like Gecko) Chrome/146.0.0.0 Mobile Safari/537.36"
159.89.216.7 - - [14/May/2026:12:48:36 -0400] "GET /pGyc37COu1d4KHk2W16.test.php HTTP/1.1" 200 178754 "-" "Mozilla/5.0 (Linux; Android 10; K) AppleWebKit/537.36 (KHTML, like Gecko) Chrome/146.0.0.0 Mobile Safari/537.36"
159.89.216.7 - - [14/May/2026:12:48:37 -0400] "GET /.test.php HTTP/1.1" 200 178755 "-" "Mozilla/5.0 (Linux; Android 10; K) AppleWebKit/537.36 (KHTML, like Gecko) Chrome/146.0.0.0 Mobile Safari/537.36"
159.89.216.7 - - [14/May/2026:12:48:39 -0400] "GET /L9h0tRvETdtc7hCey.tmb HTTP/1.1" 200 178755 "-" "Mozilla/5.0 (Linux; Android 10; K) AppleWebKit/537.36 (KHTML, like Gecko) Chrome/146.0.0.0 Mobile Safari/537.36"
159.89.216.7 - - [14/May/2026:12:48:40 -0400] "GET /JuKU_QR3hc3XgNrkV5.tmb HTTP/1.1" 200 178755 "-" "Mozilla/5.0 (Linux; Android 10; K) AppleWebKit/537.36 (KHTML, like Gecko) Chrome/146.0.0.0 Mobile Safari/537.36"
159.89.216.7 - - [14/May/2026:12:48:42 -0400] "GET /ejErpADWK2GV17LV9aT.tmb HTTP/1.1" 200 178755 "-" "Mozilla/5.0 (Linux; Android 10; K) AppleWebKit/537.36 (KHTML, like Gecko) Chrome/146.0.0.0 Mobile Safari/537.36"
159.89.216.7 - - [14/May/2026:12:48:43 -0400] "GET /.tmb HTTP/1.1" 301 280 "-" "Mozilla/5.0 (Linux; Android 10; K) AppleWebKit/537.36 (KHTML, like Gecko) Chrome/146.0.0.0 Mobile Safari/537.36"
159.89.216.7 - - [14/May/2026:12:48:44 -0400] "GET /asvPMI_I8QnBnlhLV.tomcat.5.jsp HTTP/1.1" 200 178755 "-" "Mozilla/5.0 (Linux; Android 10; K) AppleWebKit/537.36 (KHTML, like Gecko) Chrome/146.0.0.0 Mobile Safari/537.36"
159.89.216.7 - - [14/May/2026:12:48:45 -0400] "GET /KCoGZvX0lMHe6QFVew.tomcat.5.jsp HTTP/1.1" 200 178755 "-" "Mozilla/5.0 (Linux; Android 10; K) AppleWebKit/537.36 (KHTML, like Gecko) Chrome/146.0.0.0 Mobile Safari/537.36"
159.89.216.7 - - [14/May/2026:12:48:47 -0400] "GET /hdabiU8PSyGrKd8nbyG.tomcat.5.jsp HTTP/1.1" 200 178755 "-" "Mozilla/5.0 (Linux; Android 10; K) AppleWebKit/537.36 (KHTML, like Gecko) Chrome/146.0.0.0 Mobile Safari/537.36"
159.89.216.7 - - [14/May/2026:12:48:48 -0400] "GET /tunnel.tomcat.5.jsp HTTP/1.1" 200 178755 "-" "Mozilla/5.0 (Linux; Android 10; K) AppleWebKit/537.36 (KHTML, like Gecko) Chrome/146.0.0.0 Mobile Safari/537.36"
159.89.216.7 - - [14/May/2026:12:48:50 -0400] "GET /T2RduaF8vGHnRrbpQ.txt HTTP/1.1" 200 178755 "-" "Mozilla/5.0 (Linux; Android 10; K) AppleWebKit/537.36 (KHTML, like Gecko) Chrome/146.0.0.0 Mobile Safari/537.36"
104.28.161.29 - - [14/May/2026:12:48:51 -0400] "HEAD / HTTP/1.1" 200 - "https://www.megawatt.com.do/" "Mozilla/5.0 (Windows NT 10.0; Win64; x64) AppleWebKit/537.36 (KHTML, like Gecko) Chrome/91.0.4472.124 Safari/537.36"
159.89.216.7 - - [14/May/2026:12:48:52 -0400] "GET /NwiD5jaL38rwpLtU85.txt HTTP/1.1" 200 178755 "-" "Mozilla/5.0 (Linux; Android 10; K) AppleWebKit/537.36 (KHTML, like Gecko) Chrome/146.0.0.0 Mobile Safari/537.36"
114.119.146.159 - - [14/May/2026:12:48:54 -0400] "GET /media-tension/pinza-de-retencion-doble-6-3-8-2-awg-voltcom HTTP/1.1" 200 178755 "-" "Mozilla/5.0 (Linux; Android 7.0;) AppleWebKit/537.36 (KHTML, like Gecko) Mobile Safari/537.36 (compatible; PetalBot;+https://webmaster.petalsearch.com/site/petalbot)"
159.89.216.7 - - [14/May/2026:12:48:54 -0400] "GET /2qA4nKip4w0UyNVong8.txt HTTP/1.1" 200 178755 "-" "Mozilla/5.0 (Linux; Android 10; K) AppleWebKit/537.36 (KHTML, like Gecko) Chrome/146.0.0.0 Mobile Safari/537.36"
159.89.216.7 - - [14/May/2026:12:48:57 -0400] "GET /amax.txt HTTP/1.1" 200 178755 "-" "Mozilla/5.0 (Linux; Android 10; K) AppleWebKit/537.36 (KHTML, like Gecko) Chrome/146.0.0.0 Mobile Safari/537.36"
159.89.216.7 - - [14/May/2026:12:49:00 -0400] "GET /readme.txt HTTP/1.1" 403 178755 "-" "Mozilla/5.0 (Linux; Android 10; K) AppleWebKit/537.36 (KHTML, like Gecko) Chrome/146.0.0.0 Mobile Safari/537.36"
104.28.161.29 - - [14/May/2026:12:49:02 -0400] "HEAD / HTTP/1.1" 200 - "https://www.megawatt.com.do/" "Mozilla/5.0 (Windows NT 10.0; Win64; x64) AppleWebKit/537.36 (KHTML, like Gecko) Chrome/91.0.4472.124 Safari/537.36"
159.89.216.7 - - [14/May/2026:12:49:04 -0400] "GET /dBF2gTKWQH8gTbnkq.well-known HTTP/1.1" 200 178755 "-" "Mozilla/5.0 (Linux; Android 10; K) AppleWebKit/537.36 (KHTML, like Gecko) Chrome/146.0.0.0 Mobile Safari/537.36"
159.89.216.7 - - [14/May/2026:12:49:11 -0400] "GET /BHfopisvXLMjCChb7Q.well-known HTTP/1.1" 200 178755 "-" "Mozilla/5.0 (Linux; Android 10; K) AppleWebKit/537.36 (KHTML, like Gecko) Chrome/146.0.0.0 Mobile Safari/537.36"
159.89.216.7 - - [14/May/2026:12:49:14 -0400] "GET /wJvc82q08xIWAb2Q1kJ.well-known HTTP/1.1" 200 178755 "-" "Mozilla/5.0 (Linux; Android 10; K) AppleWebKit/537.36 (KHTML, like Gecko) Chrome/146.0.0.0 Mobile Safari/537.36"
159.89.216.7 - - [14/May/2026:12:49:17 -0400] "GET /.well-known HTTP/1.1" 301 287 "-" "Mozilla/5.0 (Linux; Android 10; K) AppleWebKit/537.36 (KHTML, like Gecko) Chrome/146.0.0.0 Mobile Safari/537.36"
159.89.216.7 - - [14/May/2026:12:49:17 -0400] "GET /P5vDw5Gdsh2DRsPt9.wjpl95qv_mlr.php HTTP/1.1" 200 178754 "-" "Mozilla/5.0 (Linux; Android 10; K) AppleWebKit/537.36 (KHTML, like Gecko) Chrome/146.0.0.0 Mobile Safari/537.36"
159.89.216.7 - - [14/May/2026:12:49:20 -0400] "GET /gAwUzOZ98OC8B6hhEG.wjpl95qv_mlr.php HTTP/1.1" 200 178754 "-" "Mozilla/5.0 (Linux; Android 10; K) AppleWebKit/537.36 (KHTML, like Gecko) Chrome/146.0.0.0 Mobile Safari/537.36"
159.89.216.7 - - [14/May/2026:12:49:23 -0400] "GET /QhqqXMEyZ9VxS02RxYm.wjpl95qv_mlr.php HTTP/1.1" 200 178755 "-" "Mozilla/5.0 (Linux; Android 10; K) AppleWebKit/537.36 (KHTML, like Gecko) Chrome/146.0.0.0 Mobile Safari/537.36"
104.28.161.29 - - [14/May/2026:12:49:24 -0400] "HEAD / HTTP/1.1" 200 - "https://www.megawatt.com.do/" "Mozilla/5.0 (Windows NT 10.0; Win64; x64) AppleWebKit/537.36 (KHTML, like Gecko) Chrome/91.0.4472.124 Safari/537.36"
104.28.161.29 - - [14/May/2026:12:49:24 -0400] "HEAD / HTTP/1.1" 200 - "https://www.megawatt.com.do/" "Mozilla/5.0 (Windows NT 10.0; Win64; x64) AppleWebKit/537.36 (KHTML, like Gecko) Chrome/91.0.4472.124 Safari/537.36"
159.89.216.7 - - [14/May/2026:12:49:29 -0400] "GET /.wjpl95qv_mlr.php HTTP/1.1" 200 178755 "-" "Mozilla/5.0 (Linux; Android 10; K) AppleWebKit/537.36 (KHTML, like Gecko) Chrome/146.0.0.0 Mobile Safari/537.36"
159.89.216.7 - - [14/May/2026:12:49:33 -0400] "GET /JZWvckIMtxUdl9LZe.xhtml HTTP/1.1" 200 178755 "-" "Mozilla/5.0 (Linux; Android 10; K) AppleWebKit/537.36 (KHTML, like Gecko) Chrome/146.0.0.0 Mobile Safari/537.36"
104.28.161.29 - - [14/May/2026:12:49:37 -0400] "HEAD / HTTP/1.1" 200 - "https://www.megawatt.com.do/" "Mozilla/5.0 (Windows NT 10.0; Win64; x64) AppleWebKit/537.36 (KHTML, like Gecko) Chrome/91.0.4472.124 Safari/537.36"
104.28.161.29 - - [14/May/2026:12:49:37 -0400] "HEAD / HTTP/1.1" 200 - "https://www.megawatt.com.do/" "Mozilla/5.0 (Windows NT 10.0; Win64; x64) AppleWebKit/537.36 (KHTML, like Gecko) Chrome/91.0.4472.124 Safari/537.36"
159.89.216.7 - - [14/May/2026:12:49:37 -0400] "GET /YP8RZefGoyYC08Qiwt.xhtml HTTP/1.1" 200 178755 "-" "Mozilla/5.0 (Linux; Android 10; K) AppleWebKit/537.36 (KHTML, like Gecko) Chrome/146.0.0.0 Mobile Safari/537.36"
159.89.216.7 - - [14/May/2026:12:49:39 -0400] "GET /vDXAA_7gEP9i7ge0ZpB.xhtml HTTP/1.1" 200 178755 "-" "Mozilla/5.0 (Linux; Android 10; K) AppleWebKit/537.36 (KHTML, like Gecko) Chrome/146.0.0.0 Mobile Safari/537.36"
104.28.161.29 - - [14/May/2026:12:49:43 -0400] "HEAD / HTTP/1.1" 200 - "https://www.megawatt.com.do/" "Mozilla/5.0 (Windows NT 10.0; Win64; x64) AppleWebKit/537.36 (KHTML, like Gecko) Chrome/91.0.4472.124 Safari/537.36"
159.89.216.7 - - [14/May/2026:12:49:43 -0400] "GET /jsfshell.xhtml HTTP/1.1" 200 178755 "-" "Mozilla/5.0 (Linux; Android 10; K) AppleWebKit/537.36 (KHTML, like Gecko) Chrome/146.0.0.0 Mobile Safari/537.36"
104.28.161.29 - - [14/May/2026:12:49:47 -0400] "HEAD / HTTP/1.1" 200 - "https://www.megawatt.com.do/" "Mozilla/5.0 (Windows NT 10.0; Win64; x64) AppleWebKit/537.36 (KHTML, like Gecko) Chrome/91.0.4472.124 Safari/537.36"
104.28.161.29 - - [14/May/2026:12:49:49 -0400] "HEAD / HTTP/1.1" 200 - "https://www.megawatt.com.do/" "Mozilla/5.0 (Windows NT 10.0; Win64; x64) AppleWebKit/537.36 (KHTML, like Gecko) Chrome/91.0.4472.124 Safari/537.36"
104.28.161.29 - - [14/May/2026:12:49:58 -0400] "HEAD / HTTP/1.1" 200 - "https://www.megawatt.com.do/" "Mozilla/5.0 (Windows NT 10.0; Win64; x64) AppleWebKit/537.36 (KHTML, like Gecko) Chrome/91.0.4472.124 Safari/537.36"
104.28.161.29 - - [14/May/2026:12:49:59 -0400] "HEAD / HTTP/1.1" 200 - "https://www.megawatt.com.do/" "Mozilla/5.0 (Windows NT 10.0; Win64; x64) AppleWebKit/537.36 (KHTML, like Gecko) Chrome/91.0.4472.124 Safari/537.36"
104.28.161.29 - - [14/May/2026:12:49:59 -0400] "HEAD / HTTP/1.1" 200 - "https://www.megawatt.com.do/" "Mozilla/5.0 (Windows NT 10.0; Win64; x64) AppleWebKit/537.36 (KHTML, like Gecko) Chrome/91.0.4472.124 Safari/537.36"
104.28.161.29 - - [14/May/2026:12:50:00 -0400] "HEAD / HTTP/1.1" 200 - "https://www.megawatt.com.do/" "Mozilla/5.0 (Windows NT 10.0; Win64; x64) AppleWebKit/537.36 (KHTML, like Gecko) Chrome/91.0.4472.124 Safari/537.36"
104.28.161.29 - - [14/May/2026:12:50:16 -0400] "HEAD / HTTP/1.1" 200 - "https://www.megawatt.com.do/" "Mozilla/5.0 (Windows NT 10.0; Win64; x64) AppleWebKit/537.36 (KHTML, like Gecko) Chrome/91.0.4472.124 Safari/537.36"
104.28.161.29 - - [14/May/2026:12:50:30 -0400] "HEAD / HTTP/1.1" 200 - "https://www.megawatt.com.do/" "Mozilla/5.0 (Windows NT 10.0; Win64; x64) AppleWebKit/537.36 (KHTML, like Gecko) Chrome/91.0.4472.124 Safari/537.36"
104.28.161.29 - - [14/May/2026:12:50:49 -0400] "HEAD / HTTP/1.1" 200 - "https://www.megawatt.com.do/" "Mozilla/5.0 (Windows NT 10.0; Win64; x64) AppleWebKit/537.36 (KHTML, like Gecko) Chrome/91.0.4472.124 Safari/537.36"
104.28.161.29 - - [14/May/2026:12:50:50 -0400] "HEAD / HTTP/1.1" 200 - "https://www.megawatt.com.do/" "Mozilla/5.0 (Windows NT 10.0; Win64; x64) AppleWebKit/537.36 (KHTML, like Gecko) Chrome/91.0.4472.124 Safari/537.36"
104.28.161.29 - - [14/May/2026:12:50:53 -0400] "HEAD / HTTP/1.1" 200 - "https://www.megawatt.com.do/" "Mozilla/5.0 (Windows NT 10.0; Win64; x64) AppleWebKit/537.36 (KHTML, like Gecko) Chrome/91.0.4472.124 Safari/537.36"
23.82.96.179 - - [14/May/2026:12:50:57 -0400] "GET /wp-config-sample.php HTTP/1.1" 403 178755 "-" "Mozilla/5.0 (Windows NT 10.0; Win64; x64) AppleWebKit/537.36 (KHTML, like Gecko) Chrome/147.0.0.0 Safari/537.36 Edg/147.0.0.0"
38.213.6.95 - - [14/May/2026:12:50:58 -0400] "GET /wp-config.php HTTP/1.1" 403 178755 "-" "Mozilla/5.0 (Macintosh; Intel Mac OS X 10_15_7) AppleWebKit/537.36 (KHTML, like Gecko) Chrome/147.0.0.0 Safari/537.36"
23.82.96.181 - - [14/May/2026:12:51:00 -0400] "GET /.tmb HTTP/1.1" 301 280 "-" "Mozilla/5.0 (Macintosh; Intel Mac OS X 10_16_0) AppleWebKit/537.36 (KHTML, like Gecko) Chrome/69.0.3497.81 Safari/537.36"
135.136.3.7 - - [14/May/2026:12:50:59 -0400] "GET /.htaccess HTTP/1.1" 403 178755 "-" "Mozilla/5.0 (Windows NT 10.0; Win64; x64) AppleWebKit/537.36 (KHTML, like Gecko) Chrome/145.0.0.0 Safari/537.36"
67.214.181.56 - - [14/May/2026:12:51:00 -0400] "GET /error_log HTTP/1.1" 403 178755 "-" "Mozilla/5.0 (Linux; Android 10; K) AppleWebKit/537.36 (KHTML, like Gecko) Chrome/138.0.0.0 Mobile Safari/537.36"
23.82.96.181 - - [14/May/2026:12:51:01 -0400] "GET /.tmb/ HTTP/1.1" 403 178755 "-" "req/v3 (https://github.com/imroc/req)"
23.82.96.179 - - [14/May/2026:12:51:01 -0400] "GET /wp-config-sample.php HTTP/1.1" 403 178755 "-" "Mozilla/5.0 (iPod; U; CPU iPhone OS 4_0 like Mac OS X; tr-CY) AppleWebKit/531.9.7 (KHTML, like Gecko) Version/4.0.5 Mobile/8B115 Safari/6531.9.7"
104.28.161.29 - - [14/May/2026:12:51:02 -0400] "HEAD / HTTP/1.1" 200 - "https://www.megawatt.com.do/" "Mozilla/5.0 (Windows NT 10.0; Win64; x64) AppleWebKit/537.36 (KHTML, like Gecko) Chrome/91.0.4472.124 Safari/537.36"
23.82.96.181 - - [14/May/2026:12:51:05 -0400] "GET /.tmb HTTP/1.1" 301 280 "-" "Mozilla/5.0 (iPhone; CPU iPhone OS 18_0_1 like Mac OS X) AppleWebKit/605.1.15 (KHTML, like Gecko) Mobile/15E148 YaBrowser/26.4.1.655.10 YaApp_iOS/2604.1 YaApp_iOS_Browser/2604.1 Safari/604.1 SA/3 Version/18.0"
135.136.3.7 - - [14/May/2026:12:51:04 -0400] "GET /.htaccess HTTP/1.1" 403 178755 "-" "Mozilla/5.0 (iPhone; CPU iPhone OS 18_0_1 like Mac OS X) AppleWebKit/605.1.15 (KHTML, like Gecko) Version/18.0.1 Mobile/15E148 Safari/604.1"
67.214.181.56 - - [14/May/2026:12:51:06 -0400] "GET /error_log HTTP/1.1" 403 178755 "-" "Mozilla/5.0 (iPhone; CPU iPhone OS 17_0_3 like Mac OS X) AppleWebKit/605.1.15 (KHTML, like Gecko) Version/17.0 YaBrowser/26.3.7.341.10 SA/3 Mobile/15E148 Safari/604.1"
23.82.96.181 - - [14/May/2026:12:51:07 -0400] "GET /.tmb/ HTTP/1.1" 403 178755 "-" "req/v3 (https://github.com/imroc/req)"
38.213.6.95 - - [14/May/2026:12:51:07 -0400] "GET /wp-config.php HTTP/1.1" 403 178755 "-" "Mozilla/5.0 (iPhone; CPU iPhone OS 11_0 like Mac OS X) AppleWebKit/604.1.38 (KHTML, like Gecko) Version/11.0 Mobile/15A372 Safari/604.1"
23.82.96.179 - - [14/May/2026:12:51:15 -0400] "GET /wp-config-sample.php HTTP/1.1" 403 178755 "-" "Mozilla/5.0 (Macintosh; Intel Mac OS X 10_15_7) AppleWebKit/537.36 (KHTML, like Gecko) Chrome/146.0.0.0 Safari/537.36"
23.82.96.179 - - [14/May/2026:12:51:17 -0400] "GET /46Kkf5oy68rrqgjDs HTTP/1.1" 200 178755 "-" "Mozilla/5.0 (Macintosh; Intel Mac OS X 10_15_7) AppleWebKit/537.36 (KHTML, like Gecko) Chrome/146.0.0.0 Safari/537.36"
23.82.96.179 - - [14/May/2026:12:51:19 -0400] "GET /jvLxHEW0MYYJd7j0_w HTTP/1.1" 200 178755 "-" "Mozilla/5.0 (Macintosh; Intel Mac OS X 10_15_7) AppleWebKit/537.36 (KHTML, like Gecko) Chrome/146.0.0.0 Safari/537.36"
23.82.96.179 - - [14/May/2026:12:51:21 -0400] "GET /wXgsSZ7alEJhQBXuL_F HTTP/1.1" 200 178755 "-" "Mozilla/5.0 (Macintosh; Intel Mac OS X 10_15_7) AppleWebKit/537.36 (KHTML, like Gecko) Chrome/146.0.0.0 Safari/537.36"
23.82.96.179 - - [14/May/2026:12:51:23 -0400] "GET /error_log HTTP/1.1" 403 178755 "-" "Mozilla/5.0 (Macintosh; Intel Mac OS X 10_15_7) AppleWebKit/537.36 (KHTML, like Gecko) Chrome/146.0.0.0 Safari/537.36"
43.157.95.239 - - [14/May/2026:12:51:25 -0400] "GET /?path=/ HTTP/1.1" 200 44104 "-" "Mozilla/5.0 (iPhone; CPU iPhone OS 13_2_3 like Mac OS X) AppleWebKit/605.1.15 (KHTML, like Gecko) Version/13.0.3 Mobile/15E148 Safari/604.1"
23.82.96.179 - - [14/May/2026:12:51:25 -0400] "GET /home HTTP/1.1" 200 178752 "-" "Mozilla/5.0 (Macintosh; Intel Mac OS X 10_15_7) AppleWebKit/537.36 (KHTML, like Gecko) Chrome/146.0.0.0 Safari/537.36"
104.28.161.29 - - [14/May/2026:12:51:25 -0400] "HEAD / HTTP/1.1" 200 - "https://www.megawatt.com.do/" "Mozilla/5.0 (Windows NT 10.0; Win64; x64) AppleWebKit/537.36 (KHTML, like Gecko) Chrome/91.0.4472.124 Safari/537.36"
23.82.96.179 - - [14/May/2026:12:51:27 -0400] "GET /shsspnwyl HTTP/1.1" 200 178752 "-" "Mozilla/5.0 (Macintosh; Intel Mac OS X 10_15_7) AppleWebKit/537.36 (KHTML, like Gecko) Chrome/146.0.0.0 Safari/537.36"
23.82.96.179 - - [14/May/2026:12:51:29 -0400] "GET /7NQsem44J12SfeyTF.0.php HTTP/1.1" 200 178755 "-" "Mozilla/5.0 (Macintosh; Intel Mac OS X 10_15_7) AppleWebKit/537.36 (KHTML, like Gecko) Chrome/146.0.0.0 Safari/537.36"
104.28.161.29 - - [14/May/2026:12:51:30 -0400] "HEAD / HTTP/1.1" 200 - "https://www.megawatt.com.do/" "Mozilla/5.0 (Windows NT 10.0; Win64; x64) AppleWebKit/537.36 (KHTML, like Gecko) Chrome/91.0.4472.124 Safari/537.36"
23.82.96.179 - - [14/May/2026:12:51:31 -0400] "GET /Hq8Phg2A5EC6cjh06I.0.php HTTP/1.1" 200 178755 "-" "Mozilla/5.0 (Macintosh; Intel Mac OS X 10_15_7) AppleWebKit/537.36 (KHTML, like Gecko) Chrome/146.0.0.0 Safari/537.36"
23.82.96.179 - - [14/May/2026:12:51:33 -0400] "GET /XSthhLKXFR4Gh17Eok9.0.php HTTP/1.1" 200 178755 "-" "Mozilla/5.0 (Macintosh; Intel Mac OS X 10_15_7) AppleWebKit/537.36 (KHTML, like Gecko) Chrome/146.0.0.0 Safari/537.36"
23.82.96.179 - - [14/May/2026:12:51:35 -0400] "GET /alexusMailer_v2.0.php HTTP/1.1" 200 178755 "-" "Mozilla/5.0 (Macintosh; Intel Mac OS X 10_15_7) AppleWebKit/537.36 (KHTML, like Gecko) Chrome/146.0.0.0 Safari/537.36"
23.82.96.179 - - [14/May/2026:12:51:37 -0400] "GET /peomOIzEkkiUWnPYC.8.php HTTP/1.1" 200 178755 "-" "Mozilla/5.0 (Macintosh; Intel Mac OS X 10_15_7) AppleWebKit/537.36 (KHTML, like Gecko) Chrome/146.0.0.0 Safari/537.36"
23.82.96.179 - - [14/May/2026:12:51:39 -0400] "GET /jT4UHblW4lCgyoEVa6.8.php HTTP/1.1" 200 178755 "-" "Mozilla/5.0 (Macintosh; Intel Mac OS X 10_15_7) AppleWebKit/537.36 (KHTML, like Gecko) Chrome/146.0.0.0 Safari/537.36"
104.28.161.29 - - [14/May/2026:12:51:40 -0400] "HEAD / HTTP/1.1" 200 - "https://www.megawatt.com.do/" "Mozilla/5.0 (Windows NT 10.0; Win64; x64) AppleWebKit/537.36 (KHTML, like Gecko) Chrome/91.0.4472.124 Safari/537.36"
104.28.161.29 - - [14/May/2026:12:51:41 -0400] "HEAD / HTTP/1.1" 200 - "https://www.megawatt.com.do/" "Mozilla/5.0 (Windows NT 10.0; Win64; x64) AppleWebKit/537.36 (KHTML, like Gecko) Chrome/91.0.4472.124 Safari/537.36"
23.82.96.179 - - [14/May/2026:12:51:41 -0400] "GET /t7ca1jVRIuyfQOCsFMh.8.php HTTP/1.1" 200 178755 "-" "Mozilla/5.0 (Macintosh; Intel Mac OS X 10_15_7) AppleWebKit/537.36 (KHTML, like Gecko) Chrome/146.0.0.0 Safari/537.36"
23.82.96.179 - - [14/May/2026:12:51:43 -0400] "GET /leafmailer2.8.php HTTP/1.1" 200 178755 "-" "Mozilla/5.0 (Macintosh; Intel Mac OS X 10_15_7) AppleWebKit/537.36 (KHTML, like Gecko) Chrome/146.0.0.0 Safari/537.36"
104.28.161.29 - - [14/May/2026:12:51:44 -0400] "HEAD / HTTP/1.1" 200 - "https://www.megawatt.com.do/" "Mozilla/5.0 (Windows NT 10.0; Win64; x64) AppleWebKit/537.36 (KHTML, like Gecko) Chrome/91.0.4472.124 Safari/537.36"
104.28.161.29 - - [14/May/2026:12:51:44 -0400] "HEAD / HTTP/1.1" 200 - "https://www.megawatt.com.do/" "Mozilla/5.0 (Windows NT 10.0; Win64; x64) AppleWebKit/537.36 (KHTML, like Gecko) Chrome/91.0.4472.124 Safari/537.36"
23.82.96.179 - - [14/May/2026:12:51:45 -0400] "GET /if64pvry9b6iLgqCo.PHP HTTP/1.1" 200 178755 "-" "Mozilla/5.0 (Macintosh; Intel Mac OS X 10_15_7) AppleWebKit/537.36 (KHTML, like Gecko) Chrome/146.0.0.0 Safari/537.36"
104.28.161.29 - - [14/May/2026:12:51:46 -0400] "HEAD / HTTP/1.1" 200 - "https://www.megawatt.com.do/" "Mozilla/5.0 (Windows NT 10.0; Win64; x64) AppleWebKit/537.36 (KHTML, like Gecko) Chrome/91.0.4472.124 Safari/537.36"
23.82.96.179 - - [14/May/2026:12:51:47 -0400] "GET /MDc59MWRTy73_j_NPH.PHP HTTP/1.1" 200 178755 "-" "Mozilla/5.0 (Macintosh; Intel Mac OS X 10_15_7) AppleWebKit/537.36 (KHTML, like Gecko) Chrome/146.0.0.0 Safari/537.36"
104.28.161.29 - - [14/May/2026:12:51:47 -0400] "POST /wp-login.php HTTP/1.1" 200 178755 "https://www.google.com/" "Mozilla/5.0 (Windows NT 10.0; Win64; x64) AppleWebKit/537.36 (KHTML, like Gecko) Chrome/91.0.4472.124 Safari/537.36"
23.82.96.179 - - [14/May/2026:12:51:49 -0400] "GET /ENCEkI1ihXcUpqW07NP.PHP HTTP/1.1" 200 178755 "-" "Mozilla/5.0 (Macintosh; Intel Mac OS X 10_15_7) AppleWebKit/537.36 (KHTML, like Gecko) Chrome/146.0.0.0 Safari/537.36"
23.82.96.179 - - [14/May/2026:12:51:51 -0400] "GET /alfa-rex.PHP HTTP/1.1" 200 178755 "-" "Mozilla/5.0 (Macintosh; Intel Mac OS X 10_15_7) AppleWebKit/537.36 (KHTML, like Gecko) Chrome/146.0.0.0 Safari/537.36"
23.82.96.179 - - [14/May/2026:12:51:53 -0400] "GET /H701XxuQxRYy3G1EE.PhP7 HTTP/1.1" 200 178755 "-" "Mozilla/5.0 (Macintosh; Intel Mac OS X 10_15_7) AppleWebKit/537.36 (KHTML, like Gecko) Chrome/146.0.0.0 Safari/537.36"
23.82.96.179 - - [14/May/2026:12:51:55 -0400] "GET /8NzQA0pgFYIjMRnbbX.PhP7 HTTP/1.1" 200 178755 "-" "Mozilla/5.0 (Macintosh; Intel Mac OS X 10_15_7) AppleWebKit/537.36 (KHTML, like Gecko) Chrome/146.0.0.0 Safari/537.36"
23.82.96.179 - - [14/May/2026:12:51:57 -0400] "GET /_gpCffZcwZZagi6Y2M8.PhP7 HTTP/1.1" 200 178755 "-" "Mozilla/5.0 (Macintosh; Intel Mac OS X 10_15_7) AppleWebKit/537.36 (KHTML, like Gecko) Chrome/146.0.0.0 Safari/537.36"
104.28.161.29 - - [14/May/2026:12:51:58 -0400] "HEAD / HTTP/1.1" 200 - "https://www.megawatt.com.do/" "Mozilla/5.0 (Windows NT 10.0; Win64; x64) AppleWebKit/537.36 (KHTML, like Gecko) Chrome/91.0.4472.124 Safari/537.36"
23.82.96.179 - - [14/May/2026:12:51:59 -0400] "GET /randkeyword.PhP7 HTTP/1.1" 200 178755 "-" "Mozilla/5.0 (Macintosh; Intel Mac OS X 10_15_7) AppleWebKit/537.36 (KHTML, like Gecko) Chrome/146.0.0.0 Safari/537.36"
23.82.96.179 - - [14/May/2026:12:52:01 -0400] "GET /alfa-rex.PhP7 HTTP/1.1" 200 178755 "-" "Mozilla/5.0 (Macintosh; Intel Mac OS X 10_15_7) AppleWebKit/537.36 (KHTML, like Gecko) Chrome/146.0.0.0 Safari/537.36"
23.82.96.179 - - [14/May/2026:12:52:03 -0400] "GET /m.PhP7 HTTP/1.1" 200 178754 "-" "Mozilla/5.0 (Macintosh; Intel Mac OS X 10_15_7) AppleWebKit/537.36 (KHTML, like Gecko) Chrome/146.0.0.0 Safari/537.36"
23.82.96.179 - - [14/May/2026:12:52:05 -0400] "GET /rcs.PhP7 HTTP/1.1" 200 178754 "-" "Mozilla/5.0 (Macintosh; Intel Mac OS X 10_15_7) AppleWebKit/537.36 (KHTML, like Gecko) Chrome/146.0.0.0 Safari/537.36"
104.28.161.29 - - [14/May/2026:12:52:06 -0400] "HEAD / HTTP/1.1" 200 - "https://www.megawatt.com.do/" "Mozilla/5.0 (Windows NT 10.0; Win64; x64) AppleWebKit/537.36 (KHTML, like Gecko) Chrome/91.0.4472.124 Safari/537.36"
23.82.96.179 - - [14/May/2026:12:52:07 -0400] "GET /Hir_KXhyAfIkF2Woo.api.php HTTP/1.1" 200 178755 "-" "Mozilla/5.0 (Macintosh; Intel Mac OS X 10_15_7) AppleWebKit/537.36 (KHTML, like Gecko) Chrome/146.0.0.0 Safari/537.36"
23.82.96.179 - - [14/May/2026:12:52:09 -0400] "GET /BEJTLZCjuNuS8Rp0Ng.api.php HTTP/1.1" 200 178755 "-" "Mozilla/5.0 (Macintosh; Intel Mac OS X 10_15_7) AppleWebKit/537.36 (KHTML, like Gecko) Chrome/146.0.0.0 Safari/537.36"
23.82.96.179 - - [14/May/2026:12:52:11 -0400] "GET /TbYjpwusOIeUmmAZihU.api.php HTTP/1.1" 200 178755 "-" "Mozilla/5.0 (Macintosh; Intel Mac OS X 10_15_7) AppleWebKit/537.36 (KHTML, like Gecko) Chrome/146.0.0.0 Safari/537.36"
23.82.96.179 - - [14/May/2026:12:52:13 -0400] "GET /class.api.php HTTP/1.1" 200 178755 "-" "Mozilla/5.0 (Macintosh; Intel Mac OS X 10_15_7) AppleWebKit/537.36 (KHTML, like Gecko) Chrome/146.0.0.0 Safari/537.36"
23.82.96.179 - - [14/May/2026:12:52:15 -0400] "GET /AwLmPxgcuCgjzFQNu.ashx HTTP/1.1" 200 178755 "-" "Mozilla/5.0 (Macintosh; Intel Mac OS X 10_15_7) AppleWebKit/537.36 (KHTML, like Gecko) Chrome/146.0.0.0 Safari/537.36"
23.82.96.179 - - [14/May/2026:12:52:17 -0400] "GET /pYZIhH5pGHH0K_PqBD.ashx HTTP/1.1" 200 178755 "-" "Mozilla/5.0 (Macintosh; Intel Mac OS X 10_15_7) AppleWebKit/537.36 (KHTML, like Gecko) Chrome/146.0.0.0 Safari/537.36"
23.82.96.179 - - [14/May/2026:12:52:19 -0400] "GET /jyiMer1FxF4MYAyj3NV.ashx HTTP/1.1" 200 178755 "-" "Mozilla/5.0 (Macintosh; Intel Mac OS X 10_15_7) AppleWebKit/537.36 (KHTML, like Gecko) Chrome/146.0.0.0 Safari/537.36"
23.82.96.179 - - [14/May/2026:12:52:21 -0400] "GET /tunnel.ashx HTTP/1.1" 200 178755 "-" "Mozilla/5.0 (Macintosh; Intel Mac OS X 10_15_7) AppleWebKit/537.36 (KHTML, like Gecko) Chrome/146.0.0.0 Safari/537.36"
23.82.96.179 - - [14/May/2026:12:52:23 -0400] "GET /UKH8v6m2tWHvpQeJT.aspx HTTP/1.1" 200 178755 "-" "Mozilla/5.0 (Macintosh; Intel Mac OS X 10_15_7) AppleWebKit/537.36 (KHTML, like Gecko) Chrome/146.0.0.0 Safari/537.36"
104.28.161.29 - - [14/May/2026:12:52:24 -0400] "HEAD / HTTP/1.1" 200 - "https://www.megawatt.com.do/" "Mozilla/5.0 (Windows NT 10.0; Win64; x64) AppleWebKit/537.36 (KHTML, like Gecko) Chrome/91.0.4472.124 Safari/537.36"
23.82.96.179 - - [14/May/2026:12:52:25 -0400] "GET /ncLmrh_VW1pl8OGPbO.aspx HTTP/1.1" 200 178755 "-" "Mozilla/5.0 (Macintosh; Intel Mac OS X 10_15_7) AppleWebKit/537.36 (KHTML, like Gecko) Chrome/146.0.0.0 Safari/537.36"
23.82.96.179 - - [14/May/2026:12:52:27 -0400] "GET /ys_7S3cqwreZdUM6Fad.aspx HTTP/1.1" 200 178755 "-" "Mozilla/5.0 (Macintosh; Intel Mac OS X 10_15_7) AppleWebKit/537.36 (KHTML, like Gecko) Chrome/146.0.0.0 Safari/537.36"
23.82.96.179 - - [14/May/2026:12:52:29 -0400] "GET /msok.aspx HTTP/1.1" 200 178755 "-" "Mozilla/5.0 (Macintosh; Intel Mac OS X 10_15_7) AppleWebKit/537.36 (KHTML, like Gecko) Chrome/146.0.0.0 Safari/537.36"
104.28.161.29 - - [14/May/2026:12:52:30 -0400] "POST /wp-login.php HTTP/1.1" 200 178755 "https://www.google.com/" "Mozilla/5.0 (Windows NT 10.0; Win64; x64) AppleWebKit/537.36 (KHTML, like Gecko) Chrome/91.0.4472.124 Safari/537.36"
23.82.96.179 - - [14/May/2026:12:52:31 -0400] "GET /Caterpillar.aspx HTTP/1.1" 200 178755 "-" "Mozilla/5.0 (Macintosh; Intel Mac OS X 10_15_7) AppleWebKit/537.36 (KHTML, like Gecko) Chrome/146.0.0.0 Safari/537.36"
23.82.96.179 - - [14/May/2026:12:52:33 -0400] "GET /tunnel.aspx HTTP/1.1" 200 178755 "-" "Mozilla/5.0 (Macintosh; Intel Mac OS X 10_15_7) AppleWebKit/537.36 (KHTML, like Gecko) Chrome/146.0.0.0 Safari/537.36"
23.82.96.179 - - [14/May/2026:12:52:35 -0400] "GET /iisstart.aspx HTTP/1.1" 200 178755 "-" "Mozilla/5.0 (Macintosh; Intel Mac OS X 10_15_7) AppleWebKit/537.36 (KHTML, like Gecko) Chrome/146.0.0.0 Safari/537.36"
23.82.96.179 - - [14/May/2026:12:52:37 -0400] "GET /TAeq_seKzrqF34KHo.class.php HTTP/1.1" 200 178755 "-" "Mozilla/5.0 (Macintosh; Intel Mac OS X 10_15_7) AppleWebKit/537.36 (KHTML, like Gecko) Chrome/146.0.0.0 Safari/537.36"
23.82.96.179 - - [14/May/2026:12:52:39 -0400] "GET /LdM5pUFDblPTacvocg.class.php HTTP/1.1" 200 178755 "-" "Mozilla/5.0 (Macintosh; Intel Mac OS X 10_15_7) AppleWebKit/537.36 (KHTML, like Gecko) Chrome/146.0.0.0 Safari/537.36"
104.28.161.29 - - [14/May/2026:12:52:40 -0400] "HEAD / HTTP/1.1" 200 - "https://www.megawatt.com.do/" "Mozilla/5.0 (Windows NT 10.0; Win64; x64) AppleWebKit/537.36 (KHTML, like Gecko) Chrome/91.0.4472.124 Safari/537.36"
104.28.161.29 - - [14/May/2026:12:52:40 -0400] "POST /wp-login.php HTTP/1.1" 200 178755 "http://www.megawatt.com.do/wp-admin/" "Mozilla/5.0 (Windows NT 10.0; Win64; x64) AppleWebKit/537.36 (KHTML, like Gecko) Chrome/90.0.4430.85 Safari/537.36"
23.82.96.179 - - [14/May/2026:12:52:41 -0400] "GET /IR7dSBUkVWQstMXPe1D.class.php HTTP/1.1" 200 178755 "-" "Mozilla/5.0 (Macintosh; Intel Mac OS X 10_15_7) AppleWebKit/537.36 (KHTML, like Gecko) Chrome/146.0.0.0 Safari/537.36"
23.82.96.179 - - [14/May/2026:12:52:43 -0400] "GET /news_parser.class.php HTTP/1.1" 200 178755 "-" "Mozilla/5.0 (Macintosh; Intel Mac OS X 10_15_7) AppleWebKit/537.36 (KHTML, like Gecko) Chrome/146.0.0.0 Safari/537.36"
23.82.96.179 - - [14/May/2026:12:52:45 -0400] "GET /c29aTeYrK_Xj9gW6L.do HTTP/1.1" 200 178754 "-" "Mozilla/5.0 (Macintosh; Intel Mac OS X 10_15_7) AppleWebKit/537.36 (KHTML, like Gecko) Chrome/146.0.0.0 Safari/537.36"
23.82.96.179 - - [14/May/2026:12:52:47 -0400] "GET /qAVNTNqL5u_bzacvPn.do HTTP/1.1" 200 178754 "-" "Mozilla/5.0 (Macintosh; Intel Mac OS X 10_15_7) AppleWebKit/537.36 (KHTML, like Gecko) Chrome/146.0.0.0 Safari/537.36"
23.82.96.179 - - [14/May/2026:12:52:49 -0400] "GET /9bR8cuq0251s5tx8P2I.do HTTP/1.1" 200 178755 "-" "Mozilla/5.0 (Macintosh; Intel Mac OS X 10_15_7) AppleWebKit/537.36 (KHTML, like Gecko) Chrome/146.0.0.0 Safari/537.36"
104.28.161.29 - - [14/May/2026:12:52:50 -0400] "HEAD / HTTP/1.1" 200 - "https://www.megawatt.com.do/" "Mozilla/5.0 (Windows NT 10.0; Win64; x64) AppleWebKit/537.36 (KHTML, like Gecko) Chrome/91.0.4472.124 Safari/537.36"
23.82.96.179 - - [14/May/2026:12:52:51 -0400] "GET /DownloadDocStepsAction.do HTTP/1.1" 200 178755 "-" "Mozilla/5.0 (Macintosh; Intel Mac OS X 10_15_7) AppleWebKit/537.36 (KHTML, like Gecko) Chrome/146.0.0.0 Safari/537.36"
104.28.161.29 - - [14/May/2026:12:52:53 -0400] "GET /wp-admin/ HTTP/1.1" 200 177194 "https://www.google.com/" "Mozilla/5.0 (Windows NT 10.0; Win64; x64) AppleWebKit/537.36 (KHTML, like Gecko) Chrome/91.0.4472.124 Safari/537.36"
23.82.96.179 - - [14/May/2026:12:52:53 -0400] "GET /userLoginAction.do HTTP/1.1" 200 178755 "-" "Mozilla/5.0 (Macintosh; Intel Mac OS X 10_15_7) AppleWebKit/537.36 (KHTML, like Gecko) Chrome/146.0.0.0 Safari/537.36"
23.82.96.179 - - [14/May/2026:12:52:55 -0400] "GET /A6iJv5_AakCJdXjBQ.htaccess HTTP/1.1" 200 178755 "-" "Mozilla/5.0 (Macintosh; Intel Mac OS X 10_15_7) AppleWebKit/537.36 (KHTML, like Gecko) Chrome/146.0.0.0 Safari/537.36"
23.82.96.179 - - [14/May/2026:12:52:57 -0400] "GET /FEocyhGv8iAXRZ1eqF.htaccess HTTP/1.1" 200 178755 "-" "Mozilla/5.0 (Macintosh; Intel Mac OS X 10_15_7) AppleWebKit/537.36 (KHTML, like Gecko) Chrome/146.0.0.0 Safari/537.36"
23.82.96.179 - - [14/May/2026:12:52:59 -0400] "GET /GvB28GtJnom0jzqsms3.htaccess HTTP/1.1" 200 178755 "-" "Mozilla/5.0 (Macintosh; Intel Mac OS X 10_15_7) AppleWebKit/537.36 (KHTML, like Gecko) Chrome/146.0.0.0 Safari/537.36"
104.28.161.29 - - [14/May/2026:12:53:00 -0400] "GET /wp-admin/plugin-install.php?tab=upload HTTP/1.1" 200 177195 "https://www.google.com/" "Mozilla/5.0 (Windows NT 10.0; Win64; x64) AppleWebKit/537.36 (KHTML, like Gecko) Chrome/91.0.4472.124 Safari/537.36"
23.82.96.179 - - [14/May/2026:12:53:01 -0400] "GET /.htaccess HTTP/1.1" 403 178755 "-" "Mozilla/5.0 (Macintosh; Intel Mac OS X 10_15_7) AppleWebKit/537.36 (KHTML, like Gecko) Chrome/146.0.0.0 Safari/537.36"
23.82.96.179 - - [14/May/2026:12:53:03 -0400] "GET /VcW0w4LG7xR7ICfsg.html HTTP/1.1" 200 178755 "-" "Mozilla/5.0 (Macintosh; Intel Mac OS X 10_15_7) AppleWebKit/537.36 (KHTML, like Gecko) Chrome/146.0.0.0 Safari/537.36"
23.82.96.179 - - [14/May/2026:12:53:05 -0400] "GET /hMiejTqg6gkq71s6J8.html HTTP/1.1" 200 178755 "-" "Mozilla/5.0 (Macintosh; Intel Mac OS X 10_15_7) AppleWebKit/537.36 (KHTML, like Gecko) Chrome/146.0.0.0 Safari/537.36"
23.82.96.179 - - [14/May/2026:12:53:07 -0400] "GET /2I3tvw6N15Nnpn9VxIc.html HTTP/1.1" 200 178755 "-" "Mozilla/5.0 (Macintosh; Intel Mac OS X 10_15_7) AppleWebKit/537.36 (KHTML, like Gecko) Chrome/146.0.0.0 Safari/537.36"
23.82.96.179 - - [14/May/2026:12:53:09 -0400] "GET /index.html HTTP/1.1" 200 178755 "-" "Mozilla/5.0 (Macintosh; Intel Mac OS X 10_15_7) AppleWebKit/537.36 (KHTML, like Gecko) Chrome/146.0.0.0 Safari/537.36"
23.82.96.179 - - [14/May/2026:12:53:11 -0400] "GET /readme.html HTTP/1.1" 403 178755 "-" "Mozilla/5.0 (Macintosh; Intel Mac OS X 10_15_7) AppleWebKit/537.36 (KHTML, like Gecko) Chrome/146.0.0.0 Safari/537.36"
104.28.161.29 - - [14/May/2026:12:53:11 -0400] "GET /wp-admin/ HTTP/1.1" 200 177195 "-" "Mozilla/5.0 (Windows NT 10.0; Win64; x64) AppleWebKit/537.36 (KHTML, like Gecko) Chrome/133.0.0.0 Safari/537.36"
23.82.96.179 - - [14/May/2026:12:53:13 -0400] "GET /cloud.html HTTP/1.1" 200 178755 "-" "Mozilla/5.0 (Macintosh; Intel Mac OS X 10_15_7) AppleWebKit/537.36 (KHTML, like Gecko) Chrome/146.0.0.0 Safari/537.36"
104.28.161.29 - - [14/May/2026:12:53:13 -0400] "POST /wp-login.php HTTP/1.1" 200 178755 "https://www.google.com/" "Mozilla/5.0 (Windows NT 10.0; Win64; x64) AppleWebKit/537.36 (KHTML, like Gecko) Chrome/91.0.4472.124 Safari/537.36"
23.82.96.179 - - [14/May/2026:12:53:15 -0400] "GET /403.html HTTP/1.1" 200 178755 "-" "Mozilla/5.0 (Macintosh; Intel Mac OS X 10_15_7) AppleWebKit/537.36 (KHTML, like Gecko) Chrome/146.0.0.0 Safari/537.36"
23.82.96.179 - - [14/May/2026:12:53:17 -0400] "GET /footer.html HTTP/1.1" 200 178755 "-" "Mozilla/5.0 (Macintosh; Intel Mac OS X 10_15_7) AppleWebKit/537.36 (KHTML, like Gecko) Chrome/146.0.0.0 Safari/537.36"
23.82.96.179 - - [14/May/2026:12:53:19 -0400] "GET /0RKAIQ2KxHnwAc6rt.js HTTP/1.1" 200 178755 "-" "Mozilla/5.0 (Macintosh; Intel Mac OS X 10_15_7) AppleWebKit/537.36 (KHTML, like Gecko) Chrome/146.0.0.0 Safari/537.36"
104.28.161.29 - - [14/May/2026:12:53:21 -0400] "GET /wp-admin/plugin-install.php HTTP/1.1" 200 177195 "-" "Mozilla/5.0 (Windows NT 10.0; Win64; x64) AppleWebKit/537.36 (KHTML, like Gecko) Chrome/133.0.0.0 Safari/537.36"
23.82.96.179 - - [14/May/2026:12:53:21 -0400] "GET /0d4UXtciraf6UWCH1q.js HTTP/1.1" 200 178755 "-" "Mozilla/5.0 (Macintosh; Intel Mac OS X 10_15_7) AppleWebKit/537.36 (KHTML, like Gecko) Chrome/146.0.0.0 Safari/537.36"
104.28.161.29 - - [14/May/2026:12:53:23 -0400] "HEAD / HTTP/1.1" 200 - "https://www.megawatt.com.do/" "Mozilla/5.0 (Windows NT 10.0; Win64; x64) AppleWebKit/537.36 (KHTML, like Gecko) Chrome/91.0.4472.124 Safari/537.36"
23.82.96.179 - - [14/May/2026:12:53:23 -0400] "GET /k19lcFMxhqKeUF7tPb4.js HTTP/1.1" 200 178755 "-" "Mozilla/5.0 (Macintosh; Intel Mac OS X 10_15_7) AppleWebKit/537.36 (KHTML, like Gecko) Chrome/146.0.0.0 Safari/537.36"
104.28.161.29 - - [14/May/2026:12:53:24 -0400] "GET /wp-admin/theme-install.php?tab=upload HTTP/1.1" 200 177195 "https://www.google.com/" "Mozilla/5.0 (Windows NT 10.0; Win64; x64) AppleWebKit/537.36 (KHTML, like Gecko) Chrome/91.0.4472.124 Safari/537.36"
23.82.96.179 - - [14/May/2026:12:53:25 -0400] "GET /tunnel.js HTTP/1.1" 200 178755 "-" "Mozilla/5.0 (Macintosh; Intel Mac OS X 10_15_7) AppleWebKit/537.36 (KHTML, like Gecko) Chrome/146.0.0.0 Safari/537.36"
23.82.96.179 - - [14/May/2026:12:53:27 -0400] "GET /vB9hWfQHRYyYf655L.jsp HTTP/1.1" 200 178755 "-" "Mozilla/5.0 (Macintosh; Intel Mac OS X 10_15_7) AppleWebKit/537.36 (KHTML, like Gecko) Chrome/146.0.0.0 Safari/537.36"
104.28.161.29 - - [14/May/2026:12:53:27 -0400] "HEAD / HTTP/1.1" 200 - "https://www.megawatt.com.do/" "Mozilla/5.0 (Windows NT 10.0; Win64; x64) AppleWebKit/537.36 (KHTML, like Gecko) Chrome/91.0.4472.124 Safari/537.36"
104.28.161.29 - - [14/May/2026:12:53:27 -0400] "POST /wp-login.php HTTP/1.1" 200 178754 "http://www.megawatt.com.do/wp-admin/" "Mozilla/5.0 (Windows NT 10.0; Win64; x64) AppleWebKit/537.36 (KHTML, like Gecko) Chrome/90.0.4430.85 Safari/537.36"
23.82.96.179 - - [14/May/2026:12:53:29 -0400] "GET /ZmGdWTKuaXXZL9vTZu.jsp HTTP/1.1" 200 178754 "-" "Mozilla/5.0 (Macintosh; Intel Mac OS X 10_15_7) AppleWebKit/537.36 (KHTML, like Gecko) Chrome/146.0.0.0 Safari/537.36"
104.28.161.29 - - [14/May/2026:12:53:29 -0400] "HEAD / HTTP/1.1" 200 - "https://www.megawatt.com.do/" "Mozilla/5.0 (Windows NT 10.0; Win64; x64) AppleWebKit/537.36 (KHTML, like Gecko) Chrome/91.0.4472.124 Safari/537.36"
104.28.161.29 - - [14/May/2026:12:53:29 -0400] "HEAD / HTTP/1.1" 200 - "https://www.megawatt.com.do/" "Mozilla/5.0 (Windows NT 10.0; Win64; x64) AppleWebKit/537.36 (KHTML, like Gecko) Chrome/91.0.4472.124 Safari/537.36"
104.28.161.29 - - [14/May/2026:12:53:30 -0400] "HEAD / HTTP/1.1" 200 - "https://www.megawatt.com.do/" "Mozilla/5.0 (Windows NT 10.0; Win64; x64) AppleWebKit/537.36 (KHTML, like Gecko) Chrome/91.0.4472.124 Safari/537.36"
23.82.96.179 - - [14/May/2026:12:53:31 -0400] "GET /5fbFX2awNGtkFnwUhVK.jsp HTTP/1.1" 200 178755 "-" "Mozilla/5.0 (Macintosh; Intel Mac OS X 10_15_7) AppleWebKit/537.36 (KHTML, like Gecko) Chrome/146.0.0.0 Safari/537.36"
104.28.161.29 - - [14/May/2026:12:53:32 -0400] "GET /wp-admin/ HTTP/1.1" 200 177195 "https://www.google.com/" "Mozilla/5.0 (Windows NT 10.0; Win64; x64) AppleWebKit/537.36 (KHTML, like Gecko) Chrome/91.0.4472.124 Safari/537.36"
23.82.96.179 - - [14/May/2026:12:53:33 -0400] "GET /cmd-prow.jsp HTTP/1.1" 200 178755 "-" "Mozilla/5.0 (Macintosh; Intel Mac OS X 10_15_7) AppleWebKit/537.36 (KHTML, like Gecko) Chrome/146.0.0.0 Safari/537.36"
104.28.161.29 - - [14/May/2026:12:53:34 -0400] "GET /wp-admin/plugin-install.php?tab=upload HTTP/1.1" 200 177195 "https://www.google.com/" "Mozilla/5.0 (Windows NT 10.0; Win64; x64) AppleWebKit/537.36 (KHTML, like Gecko) Chrome/91.0.4472.124 Safari/537.36"
23.82.96.179 - - [14/May/2026:12:53:35 -0400] "GET /cmd-pro.jsp HTTP/1.1" 200 178755 "-" "Mozilla/5.0 (Macintosh; Intel Mac OS X 10_15_7) AppleWebKit/537.36 (KHTML, like Gecko) Chrome/146.0.0.0 Safari/537.36"
23.82.96.179 - - [14/May/2026:12:53:37 -0400] "GET /Thumbs.jsp HTTP/1.1" 200 178755 "-" "Mozilla/5.0 (Macintosh; Intel Mac OS X 10_15_7) AppleWebKit/537.36 (KHTML, like Gecko) Chrome/146.0.0.0 Safari/537.36"
104.28.161.29 - - [14/May/2026:12:53:39 -0400] "GET /wp-admin/ HTTP/1.1" 200 177195 "-" "Mozilla/5.0 (Windows NT 10.0; Win64; x64) AppleWebKit/537.36 (KHTML, like Gecko) Chrome/133.0.0.0 Safari/537.36"
23.82.96.179 - - [14/May/2026:12:53:39 -0400] "GET /greeting.jsp HTTP/1.1" 200 178755 "-" "Mozilla/5.0 (Macintosh; Intel Mac OS X 10_15_7) AppleWebKit/537.36 (KHTML, like Gecko) Chrome/146.0.0.0 Safari/537.36"
23.82.96.179 - - [14/May/2026:12:53:41 -0400] "GET /one-lin.jsp HTTP/1.1" 200 178755 "-" "Mozilla/5.0 (Macintosh; Intel Mac OS X 10_15_7) AppleWebKit/537.36 (KHTML, like Gecko) Chrome/146.0.0.0 Safari/537.36"
23.82.96.179 - - [14/May/2026:12:53:43 -0400] "GET /_example.jsp HTTP/1.1" 200 178755 "-" "Mozilla/5.0 (Macintosh; Intel Mac OS X 10_15_7) AppleWebKit/537.36 (KHTML, like Gecko) Chrome/146.0.0.0 Safari/537.36"
23.82.96.179 - - [14/May/2026:12:53:45 -0400] "GET /xbin10x.jsp HTTP/1.1" 200 178755 "-" "Mozilla/5.0 (Macintosh; Intel Mac OS X 10_15_7) AppleWebKit/537.36 (KHTML, like Gecko) Chrome/146.0.0.0 Safari/537.36"
104.28.161.29 - - [14/May/2026:12:53:47 -0400] "GET /wp-admin/plugin-install.php HTTP/1.1" 200 177195 "-" "Mozilla/5.0 (Windows NT 10.0; Win64; x64) AppleWebKit/537.36 (KHTML, like Gecko) Chrome/133.0.0.0 Safari/537.36"
23.82.96.179 - - [14/May/2026:12:53:47 -0400] "GET /dn.jsp HTTP/1.1" 200 178755 "-" "Mozilla/5.0 (Macintosh; Intel Mac OS X 10_15_7) AppleWebKit/537.36 (KHTML, like Gecko) Chrome/146.0.0.0 Safari/537.36"
104.28.161.29 - - [14/May/2026:12:53:48 -0400] "GET /wp-admin/ HTTP/1.1" 200 177195 "-" "Mozilla/5.0 (Windows NT 10.0; Win64; x64) AppleWebKit/537.36 (KHTML, like Gecko) Chrome/133.0.0.0 Safari/537.36"
23.82.96.179 - - [14/May/2026:12:53:49 -0400] "GET /id_win.jsp HTTP/1.1" 200 178755 "-" "Mozilla/5.0 (Macintosh; Intel Mac OS X 10_15_7) AppleWebKit/537.36 (KHTML, like Gecko) Chrome/146.0.0.0 Safari/537.36"
104.28.161.29 - - [14/May/2026:12:53:51 -0400] "GET /wp-admin/plugin-install.php HTTP/1.1" 200 177195 "-" "Mozilla/5.0 (Windows NT 10.0; Win64; x64) AppleWebKit/537.36 (KHTML, like Gecko) Chrome/133.0.0.0 Safari/537.36"
104.28.161.29 - - [14/May/2026:12:53:51 -0400] "GET /wp-admin/theme-install.php?tab=upload HTTP/1.1" 200 177195 "https://www.google.com/" "Mozilla/5.0 (Windows NT 10.0; Win64; x64) AppleWebKit/537.36 (KHTML, like Gecko) Chrome/91.0.4472.124 Safari/537.36"
23.82.96.179 - - [14/May/2026:12:53:51 -0400] "GET /logos.jsp HTTP/1.1" 200 178755 "-" "Mozilla/5.0 (Macintosh; Intel Mac OS X 10_15_7) AppleWebKit/537.36 (KHTML, like Gecko) Chrome/146.0.0.0 Safari/537.36"
23.82.96.179 - - [14/May/2026:12:53:53 -0400] "GET /shell.jsp HTTP/1.1" 200 178755 "-" "Mozilla/5.0 (Macintosh; Intel Mac OS X 10_15_7) AppleWebKit/537.36 (KHTML, like Gecko) Chrome/146.0.0.0 Safari/537.36"
104.28.161.29 - - [14/May/2026:12:53:54 -0400] "POST /wp-admin/admin-ajax.php HTTP/1.1" 200 176561 "http://www.megawatt.com.do/wp-admin/plugin-editor.php" "Mozilla/5.0 (Windows NT 10.0; Win64; x64) AppleWebKit/537.36 (KHTML, like Gecko) Chrome/138.0.0.0 Safari/537.36"
104.28.161.29 - - [14/May/2026:12:53:54 -0400] "GET /wp-admin/ HTTP/1.1" 200 177195 "-" "Mozilla/5.0 (Windows NT 10.0; Win64; x64) AppleWebKit/537.36 (KHTML, like Gecko) Chrome/133.0.0.0 Safari/537.36"
23.82.96.179 - - [14/May/2026:12:53:55 -0400] "GET /spacer.jsp HTTP/1.1" 200 178755 "-" "Mozilla/5.0 (Macintosh; Intel Mac OS X 10_15_7) AppleWebKit/537.36 (KHTML, like Gecko) Chrome/146.0.0.0 Safari/537.36"
104.28.161.29 - - [14/May/2026:12:53:57 -0400] "GET /wp-admin/plugin-editor.php HTTP/1.1" 200 177195 "http://www.megawatt.com.do/wp-admin/plugin-editor.php" "Mozilla/5.0 (Windows NT 10.0; Win64; x64) AppleWebKit/537.36 (KHTML, like Gecko) Chrome/138.0.0.0 Safari/537.36"
23.82.96.179 - - [14/May/2026:12:53:57 -0400] "GET /id.jsp HTTP/1.1" 200 178755 "-" "Mozilla/5.0 (Macintosh; Intel Mac OS X 10_15_7) AppleWebKit/537.36 (KHTML, like Gecko) Chrome/146.0.0.0 Safari/537.36"
23.82.96.179 - - [14/May/2026:12:53:59 -0400] "GET /idpost.jsp HTTP/1.1" 200 178755 "-" "Mozilla/5.0 (Macintosh; Intel Mac OS X 10_15_7) AppleWebKit/537.36 (KHTML, like Gecko) Chrome/146.0.0.0 Safari/537.36"
104.28.161.29 - - [14/May/2026:12:54:00 -0400] "HEAD / HTTP/1.1" 200 - "https://www.megawatt.com.do/" "Mozilla/5.0 (Windows NT 10.0; Win64; x64) AppleWebKit/537.36 (KHTML, like Gecko) Chrome/91.0.4472.124 Safari/537.36"
23.82.96.179 - - [14/May/2026:12:54:01 -0400] "GET /20170219.jsp HTTP/1.1" 200 178755 "-" "Mozilla/5.0 (Macintosh; Intel Mac OS X 10_15_7) AppleWebKit/537.36 (KHTML, like Gecko) Chrome/146.0.0.0 Safari/537.36"
23.82.96.179 - - [14/May/2026:12:54:03 -0400] "GET /sw3.jsp HTTP/1.1" 200 178755 "-" "Mozilla/5.0 (Macintosh; Intel Mac OS X 10_15_7) AppleWebKit/537.36 (KHTML, like Gecko) Chrome/146.0.0.0 Safari/537.36"
104.28.161.29 - - [14/May/2026:12:54:03 -0400] "GET /wp-admin/plugin-install.php HTTP/1.1" 200 177195 "-" "Mozilla/5.0 (Windows NT 10.0; Win64; x64) AppleWebKit/537.36 (KHTML, like Gecko) Chrome/133.0.0.0 Safari/537.36"
23.82.96.179 - - [14/May/2026:12:54:05 -0400] "GET /proxy-jsp.jsp HTTP/1.1" 200 178755 "-" "Mozilla/5.0 (Macintosh; Intel Mac OS X 10_15_7) AppleWebKit/537.36 (KHTML, like Gecko) Chrome/146.0.0.0 Safari/537.36"
23.82.96.179 - - [14/May/2026:12:54:07 -0400] "GET /manager10.jsp HTTP/1.1" 200 178754 "-" "Mozilla/5.0 (Macintosh; Intel Mac OS X 10_15_7) AppleWebKit/537.36 (KHTML, like Gecko) Chrome/146.0.0.0 Safari/537.36"
23.82.96.179 - - [14/May/2026:12:54:09 -0400] "GET /l0g.jsp HTTP/1.1" 200 178754 "-" "Mozilla/5.0 (Macintosh; Intel Mac OS X 10_15_7) AppleWebKit/537.36 (KHTML, like Gecko) Chrome/146.0.0.0 Safari/537.36"
23.82.96.179 - - [14/May/2026:12:54:11 -0400] "GET /Heed.jsp HTTP/1.1" 200 178754 "-" "Mozilla/5.0 (Macintosh; Intel Mac OS X 10_15_7) AppleWebKit/537.36 (KHTML, like Gecko) Chrome/146.0.0.0 Safari/537.36"
104.28.161.29 - - [14/May/2026:12:54:12 -0400] "POST /wp-admin/admin-ajax.php HTTP/1.1" 200 176561 "http://www.megawatt.com.do/wp-admin/plugin-editor.php" "Mozilla/5.0 (Windows NT 10.0; Win64; x64) AppleWebKit/537.36 (KHTML, like Gecko) Chrome/138.0.0.0 Safari/537.36"
23.82.96.179 - - [14/May/2026:12:54:14 -0400] "GET /HelloHTML.jsp HTTP/1.1" 200 178755 "-" "Mozilla/5.0 (Macintosh; Intel Mac OS X 10_15_7) AppleWebKit/537.36 (KHTML, like Gecko) Chrome/146.0.0.0 Safari/537.36"
104.28.161.29 - - [14/May/2026:12:54:14 -0400] "GET /wp-admin/plugin-editor.php HTTP/1.1" 200 177195 "http://www.megawatt.com.do/wp-admin/plugin-editor.php" "Mozilla/5.0 (Windows NT 10.0; Win64; x64) AppleWebKit/537.36 (KHTML, like Gecko) Chrome/138.0.0.0 Safari/537.36"
23.82.96.179 - - [14/May/2026:12:54:16 -0400] "GET /HitCount.jsp HTTP/1.1" 200 178755 "-" "Mozilla/5.0 (Macintosh; Intel Mac OS X 10_15_7) AppleWebKit/537.36 (KHTML, like Gecko) Chrome/146.0.0.0 Safari/537.36"
23.82.96.179 - - [14/May/2026:12:54:17 -0400] "GET /style.jsp HTTP/1.1" 200 178755 "-" "Mozilla/5.0 (Macintosh; Intel Mac OS X 10_15_7) AppleWebKit/537.36 (KHTML, like Gecko) Chrome/146.0.0.0 Safari/537.36"
23.82.96.179 - - [14/May/2026:12:54:19 -0400] "GET /HelpSessions.jsp HTTP/1.1" 200 178755 "-" "Mozilla/5.0 (Macintosh; Intel Mac OS X 10_15_7) AppleWebKit/537.36 (KHTML, like Gecko) Chrome/146.0.0.0 Safari/537.36"
23.82.96.179 - - [14/May/2026:12:54:21 -0400] "GET /preaproveWelcome.jsp HTTP/1.1" 200 178755 "-" "Mozilla/5.0 (Macintosh; Intel Mac OS X 10_15_7) AppleWebKit/537.36 (KHTML, like Gecko) Chrome/146.0.0.0 Safari/537.36"
104.28.161.29 - - [14/May/2026:12:54:22 -0400] "HEAD / HTTP/1.1" 200 - "https://www.megawatt.com.do/" "Mozilla/5.0 (Windows NT 10.0; Win64; x64) AppleWebKit/537.36 (KHTML, like Gecko) Chrome/91.0.4472.124 Safari/537.36"
23.82.96.179 - - [14/May/2026:12:54:23 -0400] "GET /wm_cfshared.jsp HTTP/1.1" 200 178755 "-" "Mozilla/5.0 (Macintosh; Intel Mac OS X 10_15_7) AppleWebKit/537.36 (KHTML, like Gecko) Chrome/146.0.0.0 Safari/537.36"
