159.89.216.7 - - [14/May/2026:12:42:27 -0400] "GET /theme_support.php HTTP/1.1" 200 178755 "-" "Mozilla/5.0 (Linux; Android 10; K) AppleWebKit/537.36 (KHTML, like Gecko) Chrome/146.0.0.0 Mobile Safari/537.36"
159.89.216.7 - - [14/May/2026:12:42:29 -0400] "GET /db-update.php HTTP/1.1" 200 178755 "-" "Mozilla/5.0 (Linux; Android 10; K) AppleWebKit/537.36 (KHTML, like Gecko) Chrome/146.0.0.0 Mobile Safari/537.36"
159.89.216.7 - - [14/May/2026:12:42:31 -0400] "GET /media.php HTTP/1.1" 200 178755 "-" "Mozilla/5.0 (Linux; Android 10; K) AppleWebKit/537.36 (KHTML, like Gecko) Chrome/146.0.0.0 Mobile Safari/537.36"
159.89.216.7 - - [14/May/2026:12:42:32 -0400] "GET /lock.php HTTP/1.1" 200 178755 "-" "Mozilla/5.0 (Linux; Android 10; K) AppleWebKit/537.36 (KHTML, like Gecko) Chrome/146.0.0.0 Mobile Safari/537.36"
104.28.161.29 - - [14/May/2026:12:42:32 -0400] "HEAD / HTTP/1.1" 200 - "https://www.megawatt.com.do/" "Mozilla/5.0 (Windows NT 10.0; Win64; x64) AppleWebKit/537.36 (KHTML, like Gecko) Chrome/91.0.4472.124 Safari/537.36"
159.89.216.7 - - [14/May/2026:12:42:34 -0400] "GET /M3tri-control.php HTTP/1.1" 200 178755 "-" "Mozilla/5.0 (Linux; Android 10; K) AppleWebKit/537.36 (KHTML, like Gecko) Chrome/146.0.0.0 Mobile Safari/537.36"
159.89.216.7 - - [14/May/2026:12:42:35 -0400] "GET /3.php HTTP/1.1" 200 178755 "-" "Mozilla/5.0 (Linux; Android 10; K) AppleWebKit/537.36 (KHTML, like Gecko) Chrome/146.0.0.0 Mobile Safari/537.36"
159.89.216.7 - - [14/May/2026:12:42:37 -0400] "GET /functions.php HTTP/1.1" 200 178755 "-" "Mozilla/5.0 (Linux; Android 10; K) AppleWebKit/537.36 (KHTML, like Gecko) Chrome/146.0.0.0 Mobile Safari/537.36"
159.89.216.7 - - [14/May/2026:12:42:38 -0400] "GET /f.php HTTP/1.1" 200 178754 "-" "Mozilla/5.0 (Linux; Android 10; K) AppleWebKit/537.36 (KHTML, like Gecko) Chrome/146.0.0.0 Mobile Safari/537.36"
159.89.216.7 - - [14/May/2026:12:42:40 -0400] "GET /h.php HTTP/1.1" 200 178754 "-" "Mozilla/5.0 (Linux; Android 10; K) AppleWebKit/537.36 (KHTML, like Gecko) Chrome/146.0.0.0 Mobile Safari/537.36"
159.89.216.7 - - [14/May/2026:12:42:41 -0400] "GET /leafmailer.php HTTP/1.1" 200 178754 "-" "Mozilla/5.0 (Linux; Android 10; K) AppleWebKit/537.36 (KHTML, like Gecko) Chrome/146.0.0.0 Mobile Safari/537.36"
159.89.216.7 - - [14/May/2026:12:42:43 -0400] "GET /search.php HTTP/1.1" 200 178755 "-" "Mozilla/5.0 (Linux; Android 10; K) AppleWebKit/537.36 (KHTML, like Gecko) Chrome/146.0.0.0 Mobile Safari/537.36"
159.89.216.7 - - [14/May/2026:12:42:44 -0400] "GET /xleet.php HTTP/1.1" 200 178755 "-" "Mozilla/5.0 (Linux; Android 10; K) AppleWebKit/537.36 (KHTML, like Gecko) Chrome/146.0.0.0 Mobile Safari/537.36"
159.89.216.7 - - [14/May/2026:12:42:46 -0400] "GET /thumbs.php HTTP/1.1" 200 178755 "-" "Mozilla/5.0 (Linux; Android 10; K) AppleWebKit/537.36 (KHTML, like Gecko) Chrome/146.0.0.0 Mobile Safari/537.36"
159.89.216.7 - - [14/May/2026:12:42:47 -0400] "GET /wp-blog.php HTTP/1.1" 200 178755 "-" "Mozilla/5.0 (Linux; Android 10; K) AppleWebKit/537.36 (KHTML, like Gecko) Chrome/146.0.0.0 Mobile Safari/537.36"
159.89.216.7 - - [14/May/2026:12:42:49 -0400] "GET /w3llstore.php HTTP/1.1" 200 178755 "-" "Mozilla/5.0 (Linux; Android 10; K) AppleWebKit/537.36 (KHTML, like Gecko) Chrome/146.0.0.0 Mobile Safari/537.36"
159.89.216.7 - - [14/May/2026:12:42:51 -0400] "GET /wp-atom.php HTTP/1.1" 200 178755 "-" "Mozilla/5.0 (Linux; Android 10; K) AppleWebKit/537.36 (KHTML, like Gecko) Chrome/146.0.0.0 Mobile Safari/537.36"
159.89.216.7 - - [14/May/2026:12:42:52 -0400] "GET /on.php HTTP/1.1" 200 178755 "-" "Mozilla/5.0 (Linux; Android 10; K) AppleWebKit/537.36 (KHTML, like Gecko) Chrome/146.0.0.0 Mobile Safari/537.36"
159.89.216.7 - - [14/May/2026:12:42:54 -0400] "GET /mass.php HTTP/1.1" 200 178755 "-" "Mozilla/5.0 (Linux; Android 10; K) AppleWebKit/537.36 (KHTML, like Gecko) Chrome/146.0.0.0 Mobile Safari/537.36"
159.89.216.7 - - [14/May/2026:12:42:55 -0400] "GET /like.php HTTP/1.1" 200 178755 "-" "Mozilla/5.0 (Linux; Android 10; K) AppleWebKit/537.36 (KHTML, like Gecko) Chrome/146.0.0.0 Mobile Safari/537.36"
104.28.161.29 - - [14/May/2026:12:42:57 -0400] "HEAD / HTTP/1.1" 200 - "https://www.megawatt.com.do/" "Mozilla/5.0 (Windows NT 10.0; Win64; x64) AppleWebKit/537.36 (KHTML, like Gecko) Chrome/91.0.4472.124 Safari/537.36"
159.89.216.7 - - [14/May/2026:12:42:57 -0400] "GET /wp-register.php HTTP/1.1" 200 178755 "-" "Mozilla/5.0 (Linux; Android 10; K) AppleWebKit/537.36 (KHTML, like Gecko) Chrome/146.0.0.0 Mobile Safari/537.36"
159.89.216.7 - - [14/May/2026:12:42:58 -0400] "GET /wp-rss2.php HTTP/1.1" 200 178755 "-" "Mozilla/5.0 (Linux; Android 10; K) AppleWebKit/537.36 (KHTML, like Gecko) Chrome/146.0.0.0 Mobile Safari/537.36"
159.89.216.7 - - [14/May/2026:12:43:00 -0400] "GET /rp.php HTTP/1.1" 200 178755 "-" "Mozilla/5.0 (Linux; Android 10; K) AppleWebKit/537.36 (KHTML, like Gecko) Chrome/146.0.0.0 Mobile Safari/537.36"
159.89.216.7 - - [14/May/2026:12:43:01 -0400] "GET /ts.php HTTP/1.1" 200 178755 "-" "Mozilla/5.0 (Linux; Android 10; K) AppleWebKit/537.36 (KHTML, like Gecko) Chrome/146.0.0.0 Mobile Safari/537.36"
159.89.216.7 - - [14/May/2026:12:43:03 -0400] "GET /moon.php HTTP/1.1" 200 178755 "-" "Mozilla/5.0 (Linux; Android 10; K) AppleWebKit/537.36 (KHTML, like Gecko) Chrome/146.0.0.0 Mobile Safari/537.36"
159.89.216.7 - - [14/May/2026:12:43:05 -0400] "GET /task.php HTTP/1.1" 200 178755 "-" "Mozilla/5.0 (Linux; Android 10; K) AppleWebKit/537.36 (KHTML, like Gecko) Chrome/146.0.0.0 Mobile Safari/537.36"
159.89.216.7 - - [14/May/2026:12:43:06 -0400] "GET /cloud.php HTTP/1.1" 200 178755 "-" "Mozilla/5.0 (Linux; Android 10; K) AppleWebKit/537.36 (KHTML, like Gecko) Chrome/146.0.0.0 Mobile Safari/537.36"
159.89.216.7 - - [14/May/2026:12:43:08 -0400] "GET /iR7SzrsOUEP.php HTTP/1.1" 200 178755 "-" "Mozilla/5.0 (Linux; Android 10; K) AppleWebKit/537.36 (KHTML, like Gecko) Chrome/146.0.0.0 Mobile Safari/537.36"
104.28.161.29 - - [14/May/2026:12:43:08 -0400] "POST /wp-login.php HTTP/1.1" 200 178755 "https://www.google.com/" "Mozilla/5.0 (Windows NT 10.0; Win64; x64) AppleWebKit/537.36 (KHTML, like Gecko) Chrome/91.0.4472.124 Safari/537.36"
159.89.216.7 - - [14/May/2026:12:43:09 -0400] "GET /testc.php HTTP/1.1" 200 178755 "-" "Mozilla/5.0 (Linux; Android 10; K) AppleWebKit/537.36 (KHTML, like Gecko) Chrome/146.0.0.0 Mobile Safari/537.36"
159.89.216.7 - - [14/May/2026:12:43:11 -0400] "GET /plugin-core.php HTTP/1.1" 200 178755 "-" "Mozilla/5.0 (Linux; Android 10; K) AppleWebKit/537.36 (KHTML, like Gecko) Chrome/146.0.0.0 Mobile Safari/537.36"
104.28.161.29 - - [14/May/2026:12:43:12 -0400] "POST /wp-login.php HTTP/1.1" 200 178755 "http://www.megawatt.com.do/wp-admin/" "Mozilla/5.0 (Windows NT 10.0; Win64; x64) AppleWebKit/537.36 (KHTML, like Gecko) Chrome/90.0.4430.85 Safari/537.36"
159.89.216.7 - - [14/May/2026:12:43:12 -0400] "GET /simple.php HTTP/1.1" 200 178755 "-" "Mozilla/5.0 (Linux; Android 10; K) AppleWebKit/537.36 (KHTML, like Gecko) Chrome/146.0.0.0 Mobile Safari/537.36"
159.89.216.7 - - [14/May/2026:12:43:14 -0400] "GET /ini_db-update.php HTTP/1.1" 200 178755 "-" "Mozilla/5.0 (Linux; Android 10; K) AppleWebKit/537.36 (KHTML, like Gecko) Chrome/146.0.0.0 Mobile Safari/537.36"
104.28.161.29 - - [14/May/2026:12:43:14 -0400] "GET /wp-admin/ HTTP/1.1" 200 177195 "https://www.google.com/" "Mozilla/5.0 (Windows NT 10.0; Win64; x64) AppleWebKit/537.36 (KHTML, like Gecko) Chrome/91.0.4472.124 Safari/537.36"
159.89.216.7 - - [14/May/2026:12:43:15 -0400] "GET /classfuns.php HTTP/1.1" 200 178755 "-" "Mozilla/5.0 (Linux; Android 10; K) AppleWebKit/537.36 (KHTML, like Gecko) Chrome/146.0.0.0 Mobile Safari/537.36"
104.28.161.29 - - [14/May/2026:12:43:16 -0400] "GET /wp-admin/plugin-install.php?tab=upload HTTP/1.1" 200 177195 "https://www.google.com/" "Mozilla/5.0 (Windows NT 10.0; Win64; x64) AppleWebKit/537.36 (KHTML, like Gecko) Chrome/91.0.4472.124 Safari/537.36"
159.89.216.7 - - [14/May/2026:12:43:17 -0400] "GET /gdftps.php HTTP/1.1" 200 178755 "-" "Mozilla/5.0 (Linux; Android 10; K) AppleWebKit/537.36 (KHTML, like Gecko) Chrome/146.0.0.0 Mobile Safari/537.36"
159.89.216.7 - - [14/May/2026:12:43:19 -0400] "GET /996abdcb6a4ec3.php HTTP/1.1" 200 178755 "-" "Mozilla/5.0 (Linux; Android 10; K) AppleWebKit/537.36 (KHTML, like Gecko) Chrome/146.0.0.0 Mobile Safari/537.36"
104.28.161.29 - - [14/May/2026:12:43:19 -0400] "GET /wp-admin/ HTTP/1.1" 200 177195 "-" "Mozilla/5.0 (Windows NT 10.0; Win64; x64) AppleWebKit/537.36 (KHTML, like Gecko) Chrome/133.0.0.0 Safari/537.36"
159.89.216.7 - - [14/May/2026:12:43:20 -0400] "GET /Mailer_996abdcb6a4ec3.php HTTP/1.1" 200 178754 "-" "Mozilla/5.0 (Linux; Android 10; K) AppleWebKit/537.36 (KHTML, like Gecko) Chrome/146.0.0.0 Mobile Safari/537.36"
159.89.216.7 - - [14/May/2026:12:43:22 -0400] "GET /wvzmubrv.php HTTP/1.1" 200 178754 "-" "Mozilla/5.0 (Linux; Android 10; K) AppleWebKit/537.36 (KHTML, like Gecko) Chrome/146.0.0.0 Mobile Safari/537.36"
104.28.161.29 - - [14/May/2026:12:43:22 -0400] "GET /wp-admin/plugin-install.php HTTP/1.1" 200 177195 "-" "Mozilla/5.0 (Windows NT 10.0; Win64; x64) AppleWebKit/537.36 (KHTML, like Gecko) Chrome/133.0.0.0 Safari/537.36"
159.89.216.7 - - [14/May/2026:12:43:23 -0400] "GET /wp-hjhc.php HTTP/1.1" 200 178754 "-" "Mozilla/5.0 (Linux; Android 10; K) AppleWebKit/537.36 (KHTML, like Gecko) Chrome/146.0.0.0 Mobile Safari/537.36"
159.89.216.7 - - [14/May/2026:12:43:25 -0400] "GET /r.php HTTP/1.1" 200 178755 "-" "Mozilla/5.0 (Linux; Android 10; K) AppleWebKit/537.36 (KHTML, like Gecko) Chrome/146.0.0.0 Mobile Safari/537.36"
104.28.161.29 - - [14/May/2026:12:43:26 -0400] "GET /wp-admin/theme-install.php?tab=upload HTTP/1.1" 200 177195 "https://www.google.com/" "Mozilla/5.0 (Windows NT 10.0; Win64; x64) AppleWebKit/537.36 (KHTML, like Gecko) Chrome/91.0.4472.124 Safari/537.36"
159.89.216.7 - - [14/May/2026:12:43:26 -0400] "GET /db.php HTTP/1.1" 200 178755 "-" "Mozilla/5.0 (Linux; Android 10; K) AppleWebKit/537.36 (KHTML, like Gecko) Chrome/146.0.0.0 Mobile Safari/537.36"
159.89.216.7 - - [14/May/2026:12:43:28 -0400] "GET /beence.php HTTP/1.1" 200 178755 "-" "Mozilla/5.0 (Linux; Android 10; K) AppleWebKit/537.36 (KHTML, like Gecko) Chrome/146.0.0.0 Mobile Safari/537.36"
104.28.161.29 - - [14/May/2026:12:43:29 -0400] "GET /wp-admin/ HTTP/1.1" 200 177195 "-" "Mozilla/5.0 (Windows NT 10.0; Win64; x64) AppleWebKit/537.36 (KHTML, like Gecko) Chrome/133.0.0.0 Safari/537.36"
159.89.216.7 - - [14/May/2026:12:43:30 -0400] "GET /smtp.php HTTP/1.1" 200 178755 "-" "Mozilla/5.0 (Linux; Android 10; K) AppleWebKit/537.36 (KHTML, like Gecko) Chrome/146.0.0.0 Mobile Safari/537.36"
159.89.216.7 - - [14/May/2026:12:43:31 -0400] "GET /lock360.php HTTP/1.1" 200 178755 "-" "Mozilla/5.0 (Linux; Android 10; K) AppleWebKit/537.36 (KHTML, like Gecko) Chrome/146.0.0.0 Mobile Safari/537.36"
104.28.161.29 - - [14/May/2026:12:43:32 -0400] "GET /wp-admin/plugin-install.php HTTP/1.1" 200 177195 "-" "Mozilla/5.0 (Windows NT 10.0; Win64; x64) AppleWebKit/537.36 (KHTML, like Gecko) Chrome/133.0.0.0 Safari/537.36"
159.89.216.7 - - [14/May/2026:12:43:33 -0400] "GET /wp-l0gin.php HTTP/1.1" 200 178755 "-" "Mozilla/5.0 (Linux; Android 10; K) AppleWebKit/537.36 (KHTML, like Gecko) Chrome/146.0.0.0 Mobile Safari/537.36"
159.89.216.7 - - [14/May/2026:12:43:34 -0400] "GET /class-IXR-date.php HTTP/1.1" 200 178755 "-" "Mozilla/5.0 (Linux; Android 10; K) AppleWebKit/537.36 (KHTML, like Gecko) Chrome/146.0.0.0 Mobile Safari/537.36"
159.89.216.7 - - [14/May/2026:12:43:36 -0400] "GET /class-IXR-base64.php HTTP/1.1" 200 178755 "-" "Mozilla/5.0 (Linux; Android 10; K) AppleWebKit/537.36 (KHTML, like Gecko) Chrome/146.0.0.0 Mobile Safari/537.36"
104.28.161.29 - - [14/May/2026:12:43:36 -0400] "POST /wp-admin/admin-ajax.php HTTP/1.1" 200 176561 "http://www.megawatt.com.do/wp-admin/plugin-editor.php" "Mozilla/5.0 (Windows NT 10.0; Win64; x64) AppleWebKit/537.36 (KHTML, like Gecko) Chrome/138.0.0.0 Safari/537.36"
159.89.216.7 - - [14/May/2026:12:43:38 -0400] "GET /xXsend4.php HTTP/1.1" 200 178755 "-" "Mozilla/5.0 (Linux; Android 10; K) AppleWebKit/537.36 (KHTML, like Gecko) Chrome/146.0.0.0 Mobile Safari/537.36"
159.89.216.7 - - [14/May/2026:12:43:39 -0400] "GET /Jennie007Greene.php HTTP/1.1" 200 178755 "-" "Mozilla/5.0 (Linux; Android 10; K) AppleWebKit/537.36 (KHTML, like Gecko) Chrome/146.0.0.0 Mobile Safari/537.36"
104.28.161.29 - - [14/May/2026:12:43:40 -0400] "GET /wp-admin/plugin-editor.php HTTP/1.1" 200 177195 "http://www.megawatt.com.do/wp-admin/plugin-editor.php" "Mozilla/5.0 (Windows NT 10.0; Win64; x64) AppleWebKit/537.36 (KHTML, like Gecko) Chrome/138.0.0.0 Safari/537.36"
159.89.216.7 - - [14/May/2026:12:43:41 -0400] "GET /v2.php HTTP/1.1" 200 178755 "-" "Mozilla/5.0 (Linux; Android 10; K) AppleWebKit/537.36 (KHTML, like Gecko) Chrome/146.0.0.0 Mobile Safari/537.36"
159.89.216.7 - - [14/May/2026:12:43:42 -0400] "GET /la.php HTTP/1.1" 200 178755 "-" "Mozilla/5.0 (Linux; Android 10; K) AppleWebKit/537.36 (KHTML, like Gecko) Chrome/146.0.0.0 Mobile Safari/537.36"
104.28.161.29 - - [14/May/2026:12:43:43 -0400] "HEAD / HTTP/1.1" 200 - "https://www.megawatt.com.do/" "Mozilla/5.0 (Windows NT 10.0; Win64; x64) AppleWebKit/537.36 (KHTML, like Gecko) Chrome/91.0.4472.124 Safari/537.36"
104.28.161.29 - - [14/May/2026:12:43:44 -0400] "HEAD / HTTP/1.1" 200 - "https://www.megawatt.com.do/" "Mozilla/5.0 (Windows NT 10.0; Win64; x64) AppleWebKit/537.36 (KHTML, like Gecko) Chrome/91.0.4472.124 Safari/537.36"
159.89.216.7 - - [14/May/2026:12:43:44 -0400] "GET /mail.php HTTP/1.1" 200 178755 "-" "Mozilla/5.0 (Linux; Android 10; K) AppleWebKit/537.36 (KHTML, like Gecko) Chrome/146.0.0.0 Mobile Safari/537.36"
159.89.216.7 - - [14/May/2026:12:43:46 -0400] "GET /xleet-shell.php HTTP/1.1" 200 178755 "-" "Mozilla/5.0 (Linux; Android 10; K) AppleWebKit/537.36 (KHTML, like Gecko) Chrome/146.0.0.0 Mobile Safari/537.36"
159.89.216.7 - - [14/May/2026:12:43:47 -0400] "GET /dashboard.php HTTP/1.1" 200 178755 "-" "Mozilla/5.0 (Linux; Android 10; K) AppleWebKit/537.36 (KHTML, like Gecko) Chrome/146.0.0.0 Mobile Safari/537.36"
159.89.216.7 - - [14/May/2026:12:43:49 -0400] "GET /lux.php HTTP/1.1" 200 178755 "-" "Mozilla/5.0 (Linux; Android 10; K) AppleWebKit/537.36 (KHTML, like Gecko) Chrome/146.0.0.0 Mobile Safari/537.36"
159.89.216.7 - - [14/May/2026:12:43:50 -0400] "GET /options-style.php HTTP/1.1" 200 178755 "-" "Mozilla/5.0 (Linux; Android 10; K) AppleWebKit/537.36 (KHTML, like Gecko) Chrome/146.0.0.0 Mobile Safari/537.36"
104.28.161.29 - - [14/May/2026:12:43:51 -0400] "HEAD / HTTP/1.1" 200 - "https://www.megawatt.com.do/" "Mozilla/5.0 (Windows NT 10.0; Win64; x64) AppleWebKit/537.36 (KHTML, like Gecko) Chrome/91.0.4472.124 Safari/537.36"
159.89.216.7 - - [14/May/2026:12:43:52 -0400] "GET /wp-users.php HTTP/1.1" 200 178755 "-" "Mozilla/5.0 (Linux; Android 10; K) AppleWebKit/537.36 (KHTML, like Gecko) Chrome/146.0.0.0 Mobile Safari/537.36"
104.28.161.29 - - [14/May/2026:12:43:52 -0400] "HEAD / HTTP/1.1" 200 - "https://www.megawatt.com.do/" "Mozilla/5.0 (Windows NT 10.0; Win64; x64) AppleWebKit/537.36 (KHTML, like Gecko) Chrome/91.0.4472.124 Safari/537.36"
159.89.216.7 - - [14/May/2026:12:43:54 -0400] "GET /RansomWeb.php HTTP/1.1" 200 178755 "-" "Mozilla/5.0 (Linux; Android 10; K) AppleWebKit/537.36 (KHTML, like Gecko) Chrome/146.0.0.0 Mobile Safari/537.36"
159.89.216.7 - - [14/May/2026:12:43:55 -0400] "GET /dx.php HTTP/1.1" 200 178755 "-" "Mozilla/5.0 (Linux; Android 10; K) AppleWebKit/537.36 (KHTML, like Gecko) Chrome/146.0.0.0 Mobile Safari/537.36"
159.89.216.7 - - [14/May/2026:12:43:57 -0400] "GET /mmm.php HTTP/1.1" 200 178755 "-" "Mozilla/5.0 (Linux; Android 10; K) AppleWebKit/537.36 (KHTML, like Gecko) Chrome/146.0.0.0 Mobile Safari/537.36"
159.89.216.7 - - [14/May/2026:12:43:58 -0400] "GET /newdebugz.php HTTP/1.1" 200 178754 "-" "Mozilla/5.0 (Linux; Android 10; K) AppleWebKit/537.36 (KHTML, like Gecko) Chrome/146.0.0.0 Mobile Safari/537.36"
159.89.216.7 - - [14/May/2026:12:44:00 -0400] "GET /admin-ajax.php HTTP/1.1" 200 178754 "-" "Mozilla/5.0 (Linux; Android 10; K) AppleWebKit/537.36 (KHTML, like Gecko) Chrome/146.0.0.0 Mobile Safari/537.36"
159.89.216.7 - - [14/May/2026:12:44:01 -0400] "GET /shellv3.php HTTP/1.1" 200 178754 "-" "Mozilla/5.0 (Linux; Android 10; K) AppleWebKit/537.36 (KHTML, like Gecko) Chrome/146.0.0.0 Mobile Safari/537.36"
159.89.216.7 - - [14/May/2026:12:44:03 -0400] "GET /zeroaxes.php HTTP/1.1" 200 178755 "-" "Mozilla/5.0 (Linux; Android 10; K) AppleWebKit/537.36 (KHTML, like Gecko) Chrome/146.0.0.0 Mobile Safari/537.36"
159.89.216.7 - - [14/May/2026:12:44:05 -0400] "GET /wpstaantte.php HTTP/1.1" 200 178755 "-" "Mozilla/5.0 (Linux; Android 10; K) AppleWebKit/537.36 (KHTML, like Gecko) Chrome/146.0.0.0 Mobile Safari/537.36"
159.89.216.7 - - [14/May/2026:12:44:06 -0400] "GET /a.php HTTP/1.1" 200 178755 "-" "Mozilla/5.0 (Linux; Android 10; K) AppleWebKit/537.36 (KHTML, like Gecko) Chrome/146.0.0.0 Mobile Safari/537.36"
159.89.216.7 - - [14/May/2026:12:44:08 -0400] "GET /pol.php HTTP/1.1" 200 178755 "-" "Mozilla/5.0 (Linux; Android 10; K) AppleWebKit/537.36 (KHTML, like Gecko) Chrome/146.0.0.0 Mobile Safari/537.36"
159.89.216.7 - - [14/May/2026:12:44:09 -0400] "GET /tempfuns.php HTTP/1.1" 200 178755 "-" "Mozilla/5.0 (Linux; Android 10; K) AppleWebKit/537.36 (KHTML, like Gecko) Chrome/146.0.0.0 Mobile Safari/537.36"
159.89.216.7 - - [14/May/2026:12:44:11 -0400] "GET /phpzipincs.php HTTP/1.1" 200 178755 "-" "Mozilla/5.0 (Linux; Android 10; K) AppleWebKit/537.36 (KHTML, like Gecko) Chrome/146.0.0.0 Mobile Safari/537.36"
104.28.161.29 - - [14/May/2026:12:44:12 -0400] "HEAD / HTTP/1.1" 200 - "https://www.megawatt.com.do/" "Mozilla/5.0 (Windows NT 10.0; Win64; x64) AppleWebKit/537.36 (KHTML, like Gecko) Chrome/91.0.4472.124 Safari/537.36"
159.89.216.7 - - [14/May/2026:12:44:12 -0400] "GET /admins.php HTTP/1.1" 200 178755 "-" "Mozilla/5.0 (Linux; Android 10; K) AppleWebKit/537.36 (KHTML, like Gecko) Chrome/146.0.0.0 Mobile Safari/537.36"
159.89.216.7 - - [14/May/2026:12:44:14 -0400] "GET /wp-blast.php HTTP/1.1" 200 178755 "-" "Mozilla/5.0 (Linux; Android 10; K) AppleWebKit/537.36 (KHTML, like Gecko) Chrome/146.0.0.0 Mobile Safari/537.36"
104.28.161.29 - - [14/May/2026:12:44:14 -0400] "HEAD / HTTP/1.1" 200 - "https://www.megawatt.com.do/" "Mozilla/5.0 (Windows NT 10.0; Win64; x64) AppleWebKit/537.36 (KHTML, like Gecko) Chrome/91.0.4472.124 Safari/537.36"
159.89.216.7 - - [14/May/2026:12:44:16 -0400] "GET /wp-kwala.php HTTP/1.1" 200 178755 "-" "Mozilla/5.0 (Linux; Android 10; K) AppleWebKit/537.36 (KHTML, like Gecko) Chrome/146.0.0.0 Mobile Safari/537.36"
159.89.216.7 - - [14/May/2026:12:44:17 -0400] "GET /y2thzlwwonmnfvazoklaeCakc.php HTTP/1.1" 200 178755 "-" "Mozilla/5.0 (Linux; Android 10; K) AppleWebKit/537.36 (KHTML, like Gecko) Chrome/146.0.0.0 Mobile Safari/537.36"
104.28.161.29 - - [14/May/2026:12:44:18 -0400] "HEAD / HTTP/1.1" 200 - "https://www.megawatt.com.do/" "Mozilla/5.0 (Windows NT 10.0; Win64; x64) AppleWebKit/537.36 (KHTML, like Gecko) Chrome/91.0.4472.124 Safari/537.36"
159.89.216.7 - - [14/May/2026:12:44:19 -0400] "GET /t.php HTTP/1.1" 200 178755 "-" "Mozilla/5.0 (Linux; Android 10; K) AppleWebKit/537.36 (KHTML, like Gecko) Chrome/146.0.0.0 Mobile Safari/537.36"
159.89.216.7 - - [14/May/2026:12:44:20 -0400] "GET /o.php HTTP/1.1" 200 178755 "-" "Mozilla/5.0 (Linux; Android 10; K) AppleWebKit/537.36 (KHTML, like Gecko) Chrome/146.0.0.0 Mobile Safari/537.36"
104.28.161.29 - - [14/May/2026:12:44:21 -0400] "HEAD / HTTP/1.1" 200 - "https://www.megawatt.com.do/" "Mozilla/5.0 (Windows NT 10.0; Win64; x64) AppleWebKit/537.36 (KHTML, like Gecko) Chrome/91.0.4472.124 Safari/537.36"
159.89.216.7 - - [14/May/2026:12:44:22 -0400] "GET /thoms.php HTTP/1.1" 200 178755 "-" "Mozilla/5.0 (Linux; Android 10; K) AppleWebKit/537.36 (KHTML, like Gecko) Chrome/146.0.0.0 Mobile Safari/537.36"
159.89.216.7 - - [14/May/2026:12:44:23 -0400] "GET /6xBAm3vODE05BSzkJZRAws.php HTTP/1.1" 200 178755 "-" "Mozilla/5.0 (Linux; Android 10; K) AppleWebKit/537.36 (KHTML, like Gecko) Chrome/146.0.0.0 Mobile Safari/537.36"
159.89.216.7 - - [14/May/2026:12:44:25 -0400] "GET /header.php HTTP/1.1" 200 178755 "-" "Mozilla/5.0 (Linux; Android 10; K) AppleWebKit/537.36 (KHTML, like Gecko) Chrome/146.0.0.0 Mobile Safari/537.36"
159.89.216.7 - - [14/May/2026:12:44:27 -0400] "GET /common.php HTTP/1.1" 200 178755 "-" "Mozilla/5.0 (Linux; Android 10; K) AppleWebKit/537.36 (KHTML, like Gecko) Chrome/146.0.0.0 Mobile Safari/537.36"
104.28.161.29 - - [14/May/2026:12:44:27 -0400] "HEAD / HTTP/1.1" 200 - "https://www.megawatt.com.do/" "Mozilla/5.0 (Windows NT 10.0; Win64; x64) AppleWebKit/537.36 (KHTML, like Gecko) Chrome/91.0.4472.124 Safari/537.36"
104.28.161.29 - - [14/May/2026:12:44:28 -0400] "HEAD / HTTP/1.1" 200 - "https://www.megawatt.com.do/" "Mozilla/5.0 (Windows NT 10.0; Win64; x64) AppleWebKit/537.36 (KHTML, like Gecko) Chrome/91.0.4472.124 Safari/537.36"
159.89.216.7 - - [14/May/2026:12:44:28 -0400] "GET /lib.php HTTP/1.1" 200 178755 "-" "Mozilla/5.0 (Linux; Android 10; K) AppleWebKit/537.36 (KHTML, like Gecko) Chrome/146.0.0.0 Mobile Safari/537.36"
159.89.216.7 - - [14/May/2026:12:44:30 -0400] "GET /wp-logln.php HTTP/1.1" 200 178755 "-" "Mozilla/5.0 (Linux; Android 10; K) AppleWebKit/537.36 (KHTML, like Gecko) Chrome/146.0.0.0 Mobile Safari/537.36"
159.89.216.7 - - [14/May/2026:12:44:31 -0400] "GET /newletter.php HTTP/1.1" 200 178755 "-" "Mozilla/5.0 (Linux; Android 10; K) AppleWebKit/537.36 (KHTML, like Gecko) Chrome/146.0.0.0 Mobile Safari/537.36"
159.89.216.7 - - [14/May/2026:12:44:33 -0400] "GET /epinyins.php HTTP/1.1" 200 178755 "-" "Mozilla/5.0 (Linux; Android 10; K) AppleWebKit/537.36 (KHTML, like Gecko) Chrome/146.0.0.0 Mobile Safari/537.36"
159.89.216.7 - - [14/May/2026:12:44:34 -0400] "GET /wp-site.php HTTP/1.1" 200 178755 "-" "Mozilla/5.0 (Linux; Android 10; K) AppleWebKit/537.36 (KHTML, like Gecko) Chrome/146.0.0.0 Mobile Safari/537.36"
159.89.216.7 - - [14/May/2026:12:44:36 -0400] "GET /password.php HTTP/1.1" 200 178752 "-" "Mozilla/5.0 (Linux; Android 10; K) AppleWebKit/537.36 (KHTML, like Gecko) Chrome/146.0.0.0 Mobile Safari/537.36"
159.89.216.7 - - [14/May/2026:12:44:38 -0400] "GET /got.php HTTP/1.1" 200 178752 "-" "Mozilla/5.0 (Linux; Android 10; K) AppleWebKit/537.36 (KHTML, like Gecko) Chrome/146.0.0.0 Mobile Safari/537.36"
2.58.56.137 - - [14/May/2026:12:44:39 -0400] "GET //wp-content/plugins/fix/up.php HTTP/1.1" 200 178752 "-" "Mozilla/5.0 (Windows NT 10.0; Win64; x64) AppleWebKit/537.36 (KHTML, like Gecko) Chrome/85.0.4183.102 Safari/537.36"
159.89.216.7 - - [14/May/2026:12:44:39 -0400] "GET /data.php HTTP/1.1" 200 178755 "-" "Mozilla/5.0 (Linux; Android 10; K) AppleWebKit/537.36 (KHTML, like Gecko) Chrome/146.0.0.0 Mobile Safari/537.36"
159.89.216.7 - - [14/May/2026:12:44:41 -0400] "GET /log.php HTTP/1.1" 200 178755 "-" "Mozilla/5.0 (Linux; Android 10; K) AppleWebKit/537.36 (KHTML, like Gecko) Chrome/146.0.0.0 Mobile Safari/537.36"
159.89.216.7 - - [14/May/2026:12:44:42 -0400] "GET /7.php HTTP/1.1" 200 178755 "-" "Mozilla/5.0 (Linux; Android 10; K) AppleWebKit/537.36 (KHTML, like Gecko) Chrome/146.0.0.0 Mobile Safari/537.36"
104.28.161.29 - - [14/May/2026:12:44:42 -0400] "HEAD / HTTP/1.1" 200 - "https://www.megawatt.com.do/" "Mozilla/5.0 (Windows NT 10.0; Win64; x64) AppleWebKit/537.36 (KHTML, like Gecko) Chrome/91.0.4472.124 Safari/537.36"
159.89.216.7 - - [14/May/2026:12:44:44 -0400] "GET /to.php HTTP/1.1" 200 178755 "-" "Mozilla/5.0 (Linux; Android 10; K) AppleWebKit/537.36 (KHTML, like Gecko) Chrome/146.0.0.0 Mobile Safari/537.36"
159.89.216.7 - - [14/May/2026:12:44:45 -0400] "GET /402.php HTTP/1.1" 200 178755 "-" "Mozilla/5.0 (Linux; Android 10; K) AppleWebKit/537.36 (KHTML, like Gecko) Chrome/146.0.0.0 Mobile Safari/537.36"
159.89.216.7 - - [14/May/2026:12:44:47 -0400] "GET /511.php HTTP/1.1" 200 178755 "-" "Mozilla/5.0 (Linux; Android 10; K) AppleWebKit/537.36 (KHTML, like Gecko) Chrome/146.0.0.0 Mobile Safari/537.36"
159.89.216.7 - - [14/May/2026:12:44:48 -0400] "GET /sym.php HTTP/1.1" 200 178755 "-" "Mozilla/5.0 (Linux; Android 10; K) AppleWebKit/537.36 (KHTML, like Gecko) Chrome/146.0.0.0 Mobile Safari/537.36"
159.89.216.7 - - [14/May/2026:12:44:50 -0400] "GET /Login.php HTTP/1.1" 200 178755 "-" "Mozilla/5.0 (Linux; Android 10; K) AppleWebKit/537.36 (KHTML, like Gecko) Chrome/146.0.0.0 Mobile Safari/537.36"
104.28.161.29 - - [14/May/2026:12:44:51 -0400] "HEAD / HTTP/1.1" 200 - "https://www.megawatt.com.do/" "Mozilla/5.0 (Windows NT 10.0; Win64; x64) AppleWebKit/537.36 (KHTML, like Gecko) Chrome/91.0.4472.124 Safari/537.36"
159.89.216.7 - - [14/May/2026:12:44:52 -0400] "GET /444.php HTTP/1.1" 200 178755 "-" "Mozilla/5.0 (Linux; Android 10; K) AppleWebKit/537.36 (KHTML, like Gecko) Chrome/146.0.0.0 Mobile Safari/537.36"
159.89.216.7 - - [14/May/2026:12:44:53 -0400] "GET /urun.php HTTP/1.1" 200 178755 "-" "Mozilla/5.0 (Linux; Android 10; K) AppleWebKit/537.36 (KHTML, like Gecko) Chrome/146.0.0.0 Mobile Safari/537.36"
159.89.216.7 - - [14/May/2026:12:44:55 -0400] "GET /orders.php HTTP/1.1" 200 178755 "-" "Mozilla/5.0 (Linux; Android 10; K) AppleWebKit/537.36 (KHTML, like Gecko) Chrome/146.0.0.0 Mobile Safari/537.36"
159.89.216.7 - - [14/May/2026:12:44:56 -0400] "GET /new.php HTTP/1.1" 200 178755 "-" "Mozilla/5.0 (Linux; Android 10; K) AppleWebKit/537.36 (KHTML, like Gecko) Chrome/146.0.0.0 Mobile Safari/537.36"
159.89.216.7 - - [14/May/2026:12:44:58 -0400] "GET /test2.php HTTP/1.1" 200 178755 "-" "Mozilla/5.0 (Linux; Android 10; K) AppleWebKit/537.36 (KHTML, like Gecko) Chrome/146.0.0.0 Mobile Safari/537.36"
159.89.216.7 - - [14/May/2026:12:44:59 -0400] "GET /bank.php HTTP/1.1" 200 178755 "-" "Mozilla/5.0 (Linux; Android 10; K) AppleWebKit/537.36 (KHTML, like Gecko) Chrome/146.0.0.0 Mobile Safari/537.36"
159.89.216.7 - - [14/May/2026:12:45:01 -0400] "GET /kk.php HTTP/1.1" 200 178755 "-" "Mozilla/5.0 (Linux; Android 10; K) AppleWebKit/537.36 (KHTML, like Gecko) Chrome/146.0.0.0 Mobile Safari/537.36"
159.89.216.7 - - [14/May/2026:12:45:02 -0400] "GET /link.php HTTP/1.1" 200 178755 "-" "Mozilla/5.0 (Linux; Android 10; K) AppleWebKit/537.36 (KHTML, like Gecko) Chrome/146.0.0.0 Mobile Safari/537.36"
159.89.216.7 - - [14/May/2026:12:45:04 -0400] "GET /test1.php HTTP/1.1" 200 178755 "-" "Mozilla/5.0 (Linux; Android 10; K) AppleWebKit/537.36 (KHTML, like Gecko) Chrome/146.0.0.0 Mobile Safari/537.36"
159.89.216.7 - - [14/May/2026:12:45:06 -0400] "GET /xl2023.php HTTP/1.1" 200 178755 "-" "Mozilla/5.0 (Linux; Android 10; K) AppleWebKit/537.36 (KHTML, like Gecko) Chrome/146.0.0.0 Mobile Safari/537.36"
159.89.216.7 - - [14/May/2026:12:45:07 -0400] "GET /ini_db_model.php HTTP/1.1" 200 178755 "-" "Mozilla/5.0 (Linux; Android 10; K) AppleWebKit/537.36 (KHTML, like Gecko) Chrome/146.0.0.0 Mobile Safari/537.36"
159.89.216.7 - - [14/May/2026:12:45:09 -0400] "GET /packed.php HTTP/1.1" 200 178755 "-" "Mozilla/5.0 (Linux; Android 10; K) AppleWebKit/537.36 (KHTML, like Gecko) Chrome/146.0.0.0 Mobile Safari/537.36"
159.89.216.7 - - [14/May/2026:12:45:10 -0400] "GET /1fj005lhyjfrsfqowCdefault.php HTTP/1.1" 200 178755 "-" "Mozilla/5.0 (Linux; Android 10; K) AppleWebKit/537.36 (KHTML, like Gecko) Chrome/146.0.0.0 Mobile Safari/537.36"
159.89.216.7 - - [14/May/2026:12:45:12 -0400] "GET /class-IXR-server.php HTTP/1.1" 200 178755 "-" "Mozilla/5.0 (Linux; Android 10; K) AppleWebKit/537.36 (KHTML, like Gecko) Chrome/146.0.0.0 Mobile Safari/537.36"
159.89.216.7 - - [14/May/2026:12:45:13 -0400] "GET /unimed.php HTTP/1.1" 200 178755 "-" "Mozilla/5.0 (Linux; Android 10; K) AppleWebKit/537.36 (KHTML, like Gecko) Chrome/146.0.0.0 Mobile Safari/537.36"
159.89.216.7 - - [14/May/2026:12:45:15 -0400] "GET /classsmtps.php HTTP/1.1" 200 178754 "-" "Mozilla/5.0 (Linux; Android 10; K) AppleWebKit/537.36 (KHTML, like Gecko) Chrome/146.0.0.0 Mobile Safari/537.36"
159.89.216.7 - - [14/May/2026:12:45:17 -0400] "GET /css.php HTTP/1.1" 200 178754 "-" "Mozilla/5.0 (Linux; Android 10; K) AppleWebKit/537.36 (KHTML, like Gecko) Chrome/146.0.0.0 Mobile Safari/537.36"
159.89.216.7 - - [14/May/2026:12:45:18 -0400] "GET /auth.php HTTP/1.1" 200 178754 "-" "Mozilla/5.0 (Linux; Android 10; K) AppleWebKit/537.36 (KHTML, like Gecko) Chrome/146.0.0.0 Mobile Safari/537.36"
159.89.216.7 - - [14/May/2026:12:45:20 -0400] "GET /logout.php HTTP/1.1" 200 178755 "-" "Mozilla/5.0 (Linux; Android 10; K) AppleWebKit/537.36 (KHTML, like Gecko) Chrome/146.0.0.0 Mobile Safari/537.36"
159.89.216.7 - - [14/May/2026:12:45:21 -0400] "GET /logs.php HTTP/1.1" 200 178755 "-" "Mozilla/5.0 (Linux; Android 10; K) AppleWebKit/537.36 (KHTML, like Gecko) Chrome/146.0.0.0 Mobile Safari/537.36"
159.89.216.7 - - [14/May/2026:12:45:23 -0400] "GET /shell.php HTTP/1.1" 200 178755 "-" "Mozilla/5.0 (Linux; Android 10; K) AppleWebKit/537.36 (KHTML, like Gecko) Chrome/146.0.0.0 Mobile Safari/537.36"
159.89.216.7 - - [14/May/2026:12:45:24 -0400] "GET /sell.php HTTP/1.1" 200 178755 "-" "Mozilla/5.0 (Linux; Android 10; K) AppleWebKit/537.36 (KHTML, like Gecko) Chrome/146.0.0.0 Mobile Safari/537.36"
104.28.161.29 - - [14/May/2026:12:45:25 -0400] "HEAD / HTTP/1.1" 200 - "https://www.megawatt.com.do/" "Mozilla/5.0 (Windows NT 10.0; Win64; x64) AppleWebKit/537.36 (KHTML, like Gecko) Chrome/91.0.4472.124 Safari/537.36"
159.89.216.7 - - [14/May/2026:12:45:26 -0400] "GET /man.php HTTP/1.1" 200 178755 "-" "Mozilla/5.0 (Linux; Android 10; K) AppleWebKit/537.36 (KHTML, like Gecko) Chrome/146.0.0.0 Mobile Safari/537.36"
159.89.216.7 - - [14/May/2026:12:45:28 -0400] "GET /psm.php HTTP/1.1" 200 178755 "-" "Mozilla/5.0 (Linux; Android 10; K) AppleWebKit/537.36 (KHTML, like Gecko) Chrome/146.0.0.0 Mobile Safari/537.36"
159.89.216.7 - - [14/May/2026:12:45:29 -0400] "GET /need2.php HTTP/1.1" 200 178755 "-" "Mozilla/5.0 (Linux; Android 10; K) AppleWebKit/537.36 (KHTML, like Gecko) Chrome/146.0.0.0 Mobile Safari/537.36"
104.28.161.29 - - [14/May/2026:12:45:29 -0400] "HEAD / HTTP/1.1" 200 - "https://www.megawatt.com.do/" "Mozilla/5.0 (Windows NT 10.0; Win64; x64) AppleWebKit/537.36 (KHTML, like Gecko) Chrome/91.0.4472.124 Safari/537.36"
159.89.216.7 - - [14/May/2026:12:45:31 -0400] "GET /wp-link.php HTTP/1.1" 200 178755 "-" "Mozilla/5.0 (Linux; Android 10; K) AppleWebKit/537.36 (KHTML, like Gecko) Chrome/146.0.0.0 Mobile Safari/537.36"
159.89.216.7 - - [14/May/2026:12:45:32 -0400] "GET /action.php HTTP/1.1" 200 178755 "-" "Mozilla/5.0 (Linux; Android 10; K) AppleWebKit/537.36 (KHTML, like Gecko) Chrome/146.0.0.0 Mobile Safari/537.36"
159.89.216.7 - - [14/May/2026:12:45:34 -0400] "GET /mlr.php HTTP/1.1" 200 178755 "-" "Mozilla/5.0 (Linux; Android 10; K) AppleWebKit/537.36 (KHTML, like Gecko) Chrome/146.0.0.0 Mobile Safari/537.36"
159.89.216.7 - - [14/May/2026:12:45:35 -0400] "GET /onclickfuns.php HTTP/1.1" 200 178755 "-" "Mozilla/5.0 (Linux; Android 10; K) AppleWebKit/537.36 (KHTML, like Gecko) Chrome/146.0.0.0 Mobile Safari/537.36"
159.89.216.7 - - [14/May/2026:12:45:37 -0400] "GET /wso.php HTTP/1.1" 200 178755 "-" "Mozilla/5.0 (Linux; Android 10; K) AppleWebKit/537.36 (KHTML, like Gecko) Chrome/146.0.0.0 Mobile Safari/537.36"
159.89.216.7 - - [14/May/2026:12:45:38 -0400] "GET /xml.php HTTP/1.1" 200 178755 "-" "Mozilla/5.0 (Linux; Android 10; K) AppleWebKit/537.36 (KHTML, like Gecko) Chrome/146.0.0.0 Mobile Safari/537.36"
159.89.216.7 - - [14/May/2026:12:45:40 -0400] "GET /ws.php HTTP/1.1" 200 178755 "-" "Mozilla/5.0 (Linux; Android 10; K) AppleWebKit/537.36 (KHTML, like Gecko) Chrome/146.0.0.0 Mobile Safari/537.36"
159.89.216.7 - - [14/May/2026:12:45:42 -0400] "GET /4.php HTTP/1.1" 200 178755 "-" "Mozilla/5.0 (Linux; Android 10; K) AppleWebKit/537.36 (KHTML, like Gecko) Chrome/146.0.0.0 Mobile Safari/537.36"
159.89.216.7 - - [14/May/2026:12:45:43 -0400] "GET /403.php HTTP/1.1" 200 178755 "-" "Mozilla/5.0 (Linux; Android 10; K) AppleWebKit/537.36 (KHTML, like Gecko) Chrome/146.0.0.0 Mobile Safari/537.36"
159.89.216.7 - - [14/May/2026:12:45:45 -0400] "GET /cp.php HTTP/1.1" 200 178755 "-" "Mozilla/5.0 (Linux; Android 10; K) AppleWebKit/537.36 (KHTML, like Gecko) Chrome/146.0.0.0 Mobile Safari/537.36"
104.28.161.29 - - [14/May/2026:12:45:45 -0400] "HEAD / HTTP/1.1" 200 - "https://www.megawatt.com.do/" "Mozilla/5.0 (Windows NT 10.0; Win64; x64) AppleWebKit/537.36 (KHTML, like Gecko) Chrome/91.0.4472.124 Safari/537.36"
159.89.216.7 - - [14/May/2026:12:45:46 -0400] "GET /d.php HTTP/1.1" 200 178755 "-" "Mozilla/5.0 (Linux; Android 10; K) AppleWebKit/537.36 (KHTML, like Gecko) Chrome/146.0.0.0 Mobile Safari/537.36"
159.89.216.7 - - [14/May/2026:12:45:48 -0400] "GET /get.php HTTP/1.1" 200 178755 "-" "Mozilla/5.0 (Linux; Android 10; K) AppleWebKit/537.36 (KHTML, like Gecko) Chrome/146.0.0.0 Mobile Safari/537.36"
104.28.161.29 - - [14/May/2026:12:45:48 -0400] "HEAD / HTTP/1.1" 200 - "https://www.megawatt.com.do/" "Mozilla/5.0 (Windows NT 10.0; Win64; x64) AppleWebKit/537.36 (KHTML, like Gecko) Chrome/91.0.4472.124 Safari/537.36"
104.28.161.29 - - [14/May/2026:12:45:49 -0400] "HEAD / HTTP/1.1" 200 - "https://www.megawatt.com.do/" "Mozilla/5.0 (Windows NT 10.0; Win64; x64) AppleWebKit/537.36 (KHTML, like Gecko) Chrome/91.0.4472.124 Safari/537.36"
104.28.161.29 - - [14/May/2026:12:45:49 -0400] "HEAD / HTTP/1.1" 200 - "https://www.megawatt.com.do/" "Mozilla/5.0 (Windows NT 10.0; Win64; x64) AppleWebKit/537.36 (KHTML, like Gecko) Chrome/91.0.4472.124 Safari/537.36"
159.89.216.7 - - [14/May/2026:12:45:50 -0400] "GET /inbox.php HTTP/1.1" 200 178755 "-" "Mozilla/5.0 (Linux; Android 10; K) AppleWebKit/537.36 (KHTML, like Gecko) Chrome/146.0.0.0 Mobile Safari/537.36"
159.89.216.7 - - [14/May/2026:12:45:51 -0400] "GET /ini.php HTTP/1.1" 200 178755 "-" "Mozilla/5.0 (Linux; Android 10; K) AppleWebKit/537.36 (KHTML, like Gecko) Chrome/146.0.0.0 Mobile Safari/537.36"
159.89.216.7 - - [14/May/2026:12:45:54 -0400] "GET /l.php HTTP/1.1" 200 178754 "-" "Mozilla/5.0 (Linux; Android 10; K) AppleWebKit/537.36 (KHTML, like Gecko) Chrome/146.0.0.0 Mobile Safari/537.36"
159.89.216.7 - - [14/May/2026:12:46:02 -0400] "GET /tmp.php HTTP/1.1" 200 178755 "-" "Mozilla/5.0 (Linux; Android 10; K) AppleWebKit/537.36 (KHTML, like Gecko) Chrome/146.0.0.0 Mobile Safari/537.36"
159.89.216.7 - - [14/May/2026:12:46:06 -0400] "GET /anon.php HTTP/1.1" 200 178755 "-" "Mozilla/5.0 (Linux; Android 10; K) AppleWebKit/537.36 (KHTML, like Gecko) Chrome/146.0.0.0 Mobile Safari/537.36"
159.89.216.7 - - [14/May/2026:12:46:11 -0400] "GET /c.php HTTP/1.1" 200 178755 "-" "Mozilla/5.0 (Linux; Android 10; K) AppleWebKit/537.36 (KHTML, like Gecko) Chrome/146.0.0.0 Mobile Safari/537.36"
159.89.216.7 - - [14/May/2026:12:46:14 -0400] "GET /s.php HTTP/1.1" 200 178755 "-" "Mozilla/5.0 (Linux; Android 10; K) AppleWebKit/537.36 (KHTML, like Gecko) Chrome/146.0.0.0 Mobile Safari/537.36"
159.89.216.7 - - [14/May/2026:12:46:15 -0400] "GET /v.php HTTP/1.1" 200 178755 "-" "Mozilla/5.0 (Linux; Android 10; K) AppleWebKit/537.36 (KHTML, like Gecko) Chrome/146.0.0.0 Mobile Safari/537.36"
159.89.216.7 - - [14/May/2026:12:46:17 -0400] "GET /y.php HTTP/1.1" 200 178755 "-" "Mozilla/5.0 (Linux; Android 10; K) AppleWebKit/537.36 (KHTML, like Gecko) Chrome/146.0.0.0 Mobile Safari/537.36"
159.89.216.7 - - [14/May/2026:12:46:19 -0400] "GET /z.php HTTP/1.1" 200 178755 "-" "Mozilla/5.0 (Linux; Android 10; K) AppleWebKit/537.36 (KHTML, like Gecko) Chrome/146.0.0.0 Mobile Safari/537.36"
104.28.161.29 - - [14/May/2026:12:46:20 -0400] "HEAD / HTTP/1.1" 200 - "https://www.megawatt.com.do/" "Mozilla/5.0 (Windows NT 10.0; Win64; x64) AppleWebKit/537.36 (KHTML, like Gecko) Chrome/91.0.4472.124 Safari/537.36"
104.28.161.29 - - [14/May/2026:12:46:20 -0400] "HEAD / HTTP/1.1" 200 - "https://www.megawatt.com.do/" "Mozilla/5.0 (Windows NT 10.0; Win64; x64) AppleWebKit/537.36 (KHTML, like Gecko) Chrome/91.0.4472.124 Safari/537.36"
159.89.216.7 - - [14/May/2026:12:46:20 -0400] "GET /error.php HTTP/1.1" 200 178755 "-" "Mozilla/5.0 (Linux; Android 10; K) AppleWebKit/537.36 (KHTML, like Gecko) Chrome/146.0.0.0 Mobile Safari/537.36"
159.89.216.7 - - [14/May/2026:12:46:22 -0400] "GET /delcheck.php HTTP/1.1" 200 178755 "-" "Mozilla/5.0 (Linux; Android 10; K) AppleWebKit/537.36 (KHTML, like Gecko) Chrome/146.0.0.0 Mobile Safari/537.36"
159.89.216.7 - - [14/May/2026:12:46:23 -0400] "GET /2020.php HTTP/1.1" 200 178755 "-" "Mozilla/5.0 (Linux; Android 10; K) AppleWebKit/537.36 (KHTML, like Gecko) Chrome/146.0.0.0 Mobile Safari/537.36"
159.89.216.7 - - [14/May/2026:12:46:25 -0400] "GET /zz.php HTTP/1.1" 200 178755 "-" "Mozilla/5.0 (Linux; Android 10; K) AppleWebKit/537.36 (KHTML, like Gecko) Chrome/146.0.0.0 Mobile Safari/537.36"
159.89.216.7 - - [14/May/2026:12:46:26 -0400] "GET /2index.php HTTP/1.1" 200 178755 "-" "Mozilla/5.0 (Linux; Android 10; K) AppleWebKit/537.36 (KHTML, like Gecko) Chrome/146.0.0.0 Mobile Safari/537.36"
159.89.216.7 - - [14/May/2026:12:46:28 -0400] "GET /alwso.php HTTP/1.1" 200 178755 "-" "Mozilla/5.0 (Linux; Android 10; K) AppleWebKit/537.36 (KHTML, like Gecko) Chrome/146.0.0.0 Mobile Safari/537.36"
104.28.161.29 - - [14/May/2026:12:46:29 -0400] "HEAD / HTTP/1.1" 200 - "https://www.megawatt.com.do/" "Mozilla/5.0 (Windows NT 10.0; Win64; x64) AppleWebKit/537.36 (KHTML, like Gecko) Chrome/91.0.4472.124 Safari/537.36"
159.89.216.7 - - [14/May/2026:12:46:29 -0400] "GET /shell20211028.php HTTP/1.1" 200 178755 "-" "Mozilla/5.0 (Linux; Android 10; K) AppleWebKit/537.36 (KHTML, like Gecko) Chrome/146.0.0.0 Mobile Safari/537.36"
104.28.161.29 - - [14/May/2026:12:46:31 -0400] "HEAD / HTTP/1.1" 200 - "https://www.megawatt.com.do/" "Mozilla/5.0 (Windows NT 10.0; Win64; x64) AppleWebKit/537.36 (KHTML, like Gecko) Chrome/91.0.4472.124 Safari/537.36"
104.28.161.29 - - [14/May/2026:12:46:31 -0400] "HEAD / HTTP/1.1" 200 - "https://www.megawatt.com.do/" "Mozilla/5.0 (Windows NT 10.0; Win64; x64) AppleWebKit/537.36 (KHTML, like Gecko) Chrome/91.0.4472.124 Safari/537.36"
159.89.216.7 - - [14/May/2026:12:46:31 -0400] "GET /pro.php HTTP/1.1" 200 178755 "-" "Mozilla/5.0 (Linux; Android 10; K) AppleWebKit/537.36 (KHTML, like Gecko) Chrome/146.0.0.0 Mobile Safari/537.36"
104.28.161.29 - - [14/May/2026:12:46:32 -0400] "HEAD / HTTP/1.1" 200 - "https://www.megawatt.com.do/" "Mozilla/5.0 (Windows NT 10.0; Win64; x64) AppleWebKit/537.36 (KHTML, like Gecko) Chrome/91.0.4472.124 Safari/537.36"
159.89.216.7 - - [14/May/2026:12:46:33 -0400] "GET /uadmin.php HTTP/1.1" 200 178755 "-" "Mozilla/5.0 (Linux; Android 10; K) AppleWebKit/537.36 (KHTML, like Gecko) Chrome/146.0.0.0 Mobile Safari/537.36"
159.89.216.7 - - [14/May/2026:12:46:34 -0400] "GET /uadm.php HTTP/1.1" 200 178754 "-" "Mozilla/5.0 (Linux; Android 10; K) AppleWebKit/537.36 (KHTML, like Gecko) Chrome/146.0.0.0 Mobile Safari/537.36"
159.89.216.7 - - [14/May/2026:12:46:36 -0400] "GET /saudi.php HTTP/1.1" 200 178754 "-" "Mozilla/5.0 (Linux; Android 10; K) AppleWebKit/537.36 (KHTML, like Gecko) Chrome/146.0.0.0 Mobile Safari/537.36"
159.89.216.7 - - [14/May/2026:12:46:37 -0400] "GET /prevaricate.php HTTP/1.1" 200 178754 "-" "Mozilla/5.0 (Linux; Android 10; K) AppleWebKit/537.36 (KHTML, like Gecko) Chrome/146.0.0.0 Mobile Safari/537.36"
159.89.216.7 - - [14/May/2026:12:46:39 -0400] "GET /simple-backdoor.php HTTP/1.1" 200 178755 "-" "Mozilla/5.0 (Linux; Android 10; K) AppleWebKit/537.36 (KHTML, like Gecko) Chrome/146.0.0.0 Mobile Safari/537.36"
34.50.174.144 - - [14/May/2026:12:46:43 -0400] "GET /.git/config HTTP/1.1" 200 178755 "-" "Mozilla/5.0 (X11; Linux i686) AppleWebKit/534.34 (KHTML, like Gecko) QupZilla/1.2.0 Safari/534.34"
159.89.216.7 - - [14/May/2026:12:46:44 -0400] "GET /302.php HTTP/1.1" 200 178755 "-" "Mozilla/5.0 (Linux; Android 10; K) AppleWebKit/537.36 (KHTML, like Gecko) Chrome/146.0.0.0 Mobile Safari/537.36"
159.89.216.7 - - [14/May/2026:12:46:47 -0400] "GET /antineutrino.php HTTP/1.1" 200 178755 "-" "Mozilla/5.0 (Linux; Android 10; K) AppleWebKit/537.36 (KHTML, like Gecko) Chrome/146.0.0.0 Mobile Safari/537.36"
159.89.216.7 - - [14/May/2026:12:46:49 -0400] "GET /dos2unix.php HTTP/1.1" 200 178755 "-" "Mozilla/5.0 (Linux; Android 10; K) AppleWebKit/537.36 (KHTML, like Gecko) Chrome/146.0.0.0 Mobile Safari/537.36"
159.89.216.7 - - [14/May/2026:12:46:51 -0400] "GET /wpyii2.php HTTP/1.1" 200 178755 "-" "Mozilla/5.0 (Linux; Android 10; K) AppleWebKit/537.36 (KHTML, like Gecko) Chrome/146.0.0.0 Mobile Safari/537.36"
104.28.161.29 - - [14/May/2026:12:46:54 -0400] "HEAD / HTTP/1.1" 200 - "https://www.megawatt.com.do/" "Mozilla/5.0 (Windows NT 10.0; Win64; x64) AppleWebKit/537.36 (KHTML, like Gecko) Chrome/91.0.4472.124 Safari/537.36"
159.89.216.7 - - [14/May/2026:12:46:54 -0400] "GET /redirect.php HTTP/1.1" 200 178755 "-" "Mozilla/5.0 (Linux; Android 10; K) AppleWebKit/537.36 (KHTML, like Gecko) Chrome/146.0.0.0 Mobile Safari/537.36"
159.89.216.7 - - [14/May/2026:12:46:55 -0400] "GET /tunnel.php HTTP/1.1" 200 178755 "-" "Mozilla/5.0 (Linux; Android 10; K) AppleWebKit/537.36 (KHTML, like Gecko) Chrome/146.0.0.0 Mobile Safari/537.36"
159.89.216.7 - - [14/May/2026:12:46:57 -0400] "GET /foxx.php HTTP/1.1" 200 178755 "-" "Mozilla/5.0 (Linux; Android 10; K) AppleWebKit/537.36 (KHTML, like Gecko) Chrome/146.0.0.0 Mobile Safari/537.36"
104.28.161.29 - - [14/May/2026:12:46:58 -0400] "HEAD / HTTP/1.1" 200 - "https://www.megawatt.com.do/" "Mozilla/5.0 (Windows NT 10.0; Win64; x64) AppleWebKit/537.36 (KHTML, like Gecko) Chrome/91.0.4472.124 Safari/537.36"
159.89.216.7 - - [14/May/2026:12:46:58 -0400] "GET /class-wp-text-diff-renderer-table.php HTTP/1.1" 200 178755 "-" "Mozilla/5.0 (Linux; Android 10; K) AppleWebKit/537.36 (KHTML, like Gecko) Chrome/146.0.0.0 Mobile Safari/537.36"
159.89.216.7 - - [14/May/2026:12:47:00 -0400] "GET /nuan.php HTTP/1.1" 200 178755 "-" "Mozilla/5.0 (Linux; Android 10; K) AppleWebKit/537.36 (KHTML, like Gecko) Chrome/146.0.0.0 Mobile Safari/537.36"
159.89.216.7 - - [14/May/2026:12:47:02 -0400] "GET /clsleakdyzm1.php HTTP/1.1" 200 178755 "-" "Mozilla/5.0 (Linux; Android 10; K) AppleWebKit/537.36 (KHTML, like Gecko) Chrome/146.0.0.0 Mobile Safari/537.36"
159.89.216.7 - - [14/May/2026:12:47:03 -0400] "GET /1975.php HTTP/1.1" 200 178755 "-" "Mozilla/5.0 (Linux; Android 10; K) AppleWebKit/537.36 (KHTML, like Gecko) Chrome/146.0.0.0 Mobile Safari/537.36"
159.89.216.7 - - [14/May/2026:12:47:05 -0400] "GET /cd8b67W38X5SG_vGR.php.malware HTTP/1.1" 200 178755 "-" "Mozilla/5.0 (Linux; Android 10; K) AppleWebKit/537.36 (KHTML, like Gecko) Chrome/146.0.0.0 Mobile Safari/537.36"
159.89.216.7 - - [14/May/2026:12:47:06 -0400] "GET /QV8bXULhw6sOHuSldR.php.malware HTTP/1.1" 200 178755 "-" "Mozilla/5.0 (Linux; Android 10; K) AppleWebKit/537.36 (KHTML, like Gecko) Chrome/146.0.0.0 Mobile Safari/537.36"
104.28.161.29 - - [14/May/2026:12:47:07 -0400] "HEAD / HTTP/1.1" 200 - "https://www.megawatt.com.do/" "Mozilla/5.0 (Windows NT 10.0; Win64; x64) AppleWebKit/537.36 (KHTML, like Gecko) Chrome/91.0.4472.124 Safari/537.36"
159.89.216.7 - - [14/May/2026:12:47:08 -0400] "GET /YzIfSAc_iZW33UTFXS2.php.malware HTTP/1.1" 200 178755 "-" "Mozilla/5.0 (Linux; Android 10; K) AppleWebKit/537.36 (KHTML, like Gecko) Chrome/146.0.0.0 Mobile Safari/537.36"
159.89.216.7 - - [14/May/2026:12:47:10 -0400] "GET /wp-login.php.malware HTTP/1.1" 200 178755 "-" "Mozilla/5.0 (Linux; Android 10; K) AppleWebKit/537.36 (KHTML, like Gecko) Chrome/146.0.0.0 Mobile Safari/537.36"
159.89.216.7 - - [14/May/2026:12:47:11 -0400] "GET /index.php.malware HTTP/1.1" 200 178755 "-" "Mozilla/5.0 (Linux; Android 10; K) AppleWebKit/537.36 (KHTML, like Gecko) Chrome/146.0.0.0 Mobile Safari/537.36"
159.89.216.7 - - [14/May/2026:12:47:13 -0400] "GET /xmlrpc.php.malware HTTP/1.1" 200 178755 "-" "Mozilla/5.0 (Linux; Android 10; K) AppleWebKit/537.36 (KHTML, like Gecko) Chrome/146.0.0.0 Mobile Safari/537.36"
159.89.216.7 - - [14/May/2026:12:47:14 -0400] "GET /about.php.malware HTTP/1.1" 200 178754 "-" "Mozilla/5.0 (Linux; Android 10; K) AppleWebKit/537.36 (KHTML, like Gecko) Chrome/146.0.0.0 Mobile Safari/537.36"
159.89.216.7 - - [14/May/2026:12:47:16 -0400] "GET /options.php.malware HTTP/1.1" 200 178754 "-" "Mozilla/5.0 (Linux; Android 10; K) AppleWebKit/537.36 (KHTML, like Gecko) Chrome/146.0.0.0 Mobile Safari/537.36"
159.89.216.7 - - [14/May/2026:12:47:17 -0400] "GET /product.php.malware HTTP/1.1" 200 178754 "-" "Mozilla/5.0 (Linux; Android 10; K) AppleWebKit/537.36 (KHTML, like Gecko) Chrome/146.0.0.0 Mobile Safari/537.36"
159.89.216.7 - - [14/May/2026:12:47:19 -0400] "GET /plugins.php.malware HTTP/1.1" 200 178755 "-" "Mozilla/5.0 (Linux; Android 10; K) AppleWebKit/537.36 (KHTML, like Gecko) Chrome/146.0.0.0 Mobile Safari/537.36"
159.89.216.7 - - [14/May/2026:12:47:20 -0400] "GET /admin.php.malware HTTP/1.1" 200 178755 "-" "Mozilla/5.0 (Linux; Android 10; K) AppleWebKit/537.36 (KHTML, like Gecko) Chrome/146.0.0.0 Mobile Safari/537.36"
159.89.216.7 - - [14/May/2026:12:47:22 -0400] "GET /defaults.php.malware HTTP/1.1" 200 178755 "-" "Mozilla/5.0 (Linux; Android 10; K) AppleWebKit/537.36 (KHTML, like Gecko) Chrome/146.0.0.0 Mobile Safari/537.36"
159.89.216.7 - - [14/May/2026:12:47:23 -0400] "GET /mah.php.malware HTTP/1.1" 200 178755 "-" "Mozilla/5.0 (Linux; Android 10; K) AppleWebKit/537.36 (KHTML, like Gecko) Chrome/146.0.0.0 Mobile Safari/537.36"
159.89.216.7 - - [14/May/2026:12:47:25 -0400] "GET /wso.php.malware HTTP/1.1" 200 178755 "-" "Mozilla/5.0 (Linux; Android 10; K) AppleWebKit/537.36 (KHTML, like Gecko) Chrome/146.0.0.0 Mobile Safari/537.36"
159.89.216.7 - - [14/May/2026:12:47:27 -0400] "GET /install.php.malware HTTP/1.1" 200 178755 "-" "Mozilla/5.0 (Linux; Android 10; K) AppleWebKit/537.36 (KHTML, like Gecko) Chrome/146.0.0.0 Mobile Safari/537.36"
104.28.161.29 - - [14/May/2026:12:47:27 -0400] "HEAD / HTTP/1.1" 200 - "https://www.megawatt.com.do/" "Mozilla/5.0 (Windows NT 10.0; Win64; x64) AppleWebKit/537.36 (KHTML, like Gecko) Chrome/91.0.4472.124 Safari/537.36"
104.28.161.29 - - [14/May/2026:12:47:27 -0400] "HEAD / HTTP/1.1" 200 - "https://www.megawatt.com.do/" "Mozilla/5.0 (Windows NT 10.0; Win64; x64) AppleWebKit/537.36 (KHTML, like Gecko) Chrome/91.0.4472.124 Safari/537.36"
159.89.216.7 - - [14/May/2026:12:47:28 -0400] "GET /cache.php.malware HTTP/1.1" 200 178755 "-" "Mozilla/5.0 (Linux; Android 10; K) AppleWebKit/537.36 (KHTML, like Gecko) Chrome/146.0.0.0 Mobile Safari/537.36"
159.89.216.7 - - [14/May/2026:12:47:30 -0400] "GET /wp-trackback.php.malware HTTP/1.1" 200 178755 "-" "Mozilla/5.0 (Linux; Android 10; K) AppleWebKit/537.36 (KHTML, like Gecko) Chrome/146.0.0.0 Mobile Safari/537.36"
159.89.216.7 - - [14/May/2026:12:47:31 -0400] "GET /special.php.malware HTTP/1.1" 200 178755 "-" "Mozilla/5.0 (Linux; Android 10; K) AppleWebKit/537.36 (KHTML, like Gecko) Chrome/146.0.0.0 Mobile Safari/537.36"
104.28.161.29 - - [14/May/2026:12:47:32 -0400] "HEAD / HTTP/1.1" 200 - "https://www.megawatt.com.do/" "Mozilla/5.0 (Windows NT 10.0; Win64; x64) AppleWebKit/537.36 (KHTML, like Gecko) Chrome/91.0.4472.124 Safari/537.36"
159.89.216.7 - - [14/May/2026:12:47:33 -0400] "GET /networks.php.malware HTTP/1.1" 200 178755 "-" "Mozilla/5.0 (Linux; Android 10; K) AppleWebKit/537.36 (KHTML, like Gecko) Chrome/146.0.0.0 Mobile Safari/537.36"
159.89.216.7 - - [14/May/2026:12:47:34 -0400] "GET /wsaxUaACbexNYZWDe.php.suspected HTTP/1.1" 200 178755 "-" "Mozilla/5.0 (Linux; Android 10; K) AppleWebKit/537.36 (KHTML, like Gecko) Chrome/146.0.0.0 Mobile Safari/537.36"
159.89.216.7 - - [14/May/2026:12:47:36 -0400] "GET /37VXPF5XSANWXdHJMN.php.suspected HTTP/1.1" 200 178755 "-" "Mozilla/5.0 (Linux; Android 10; K) AppleWebKit/537.36 (KHTML, like Gecko) Chrome/146.0.0.0 Mobile Safari/537.36"
159.89.216.7 - - [14/May/2026:12:47:38 -0400] "GET /gVJiChNrwOBZFtUkkpV.php.suspected HTTP/1.1" 200 178755 "-" "Mozilla/5.0 (Linux; Android 10; K) AppleWebKit/537.36 (KHTML, like Gecko) Chrome/146.0.0.0 Mobile Safari/537.36"
104.28.161.29 - - [14/May/2026:12:47:38 -0400] "HEAD / HTTP/1.1" 200 - "https://www.megawatt.com.do/" "Mozilla/5.0 (Windows NT 10.0; Win64; x64) AppleWebKit/537.36 (KHTML, like Gecko) Chrome/91.0.4472.124 Safari/537.36"
159.89.216.7 - - [14/May/2026:12:47:39 -0400] "GET /wp-login.php.suspected HTTP/1.1" 200 178755 "-" "Mozilla/5.0 (Linux; Android 10; K) AppleWebKit/537.36 (KHTML, like Gecko) Chrome/146.0.0.0 Mobile Safari/537.36"
159.89.216.7 - - [14/May/2026:12:47:41 -0400] "GET /about.php.suspected HTTP/1.1" 200 178755 "-" "Mozilla/5.0 (Linux; Android 10; K) AppleWebKit/537.36 (KHTML, like Gecko) Chrome/146.0.0.0 Mobile Safari/537.36"
159.89.216.7 - - [14/May/2026:12:47:42 -0400] "GET /index.php.suspected HTTP/1.1" 200 178755 "-" "Mozilla/5.0 (Linux; Android 10; K) AppleWebKit/537.36 (KHTML, like Gecko) Chrome/146.0.0.0 Mobile Safari/537.36"
104.28.161.29 - - [14/May/2026:12:47:43 -0400] "HEAD / HTTP/1.1" 200 - "https://www.megawatt.com.do/" "Mozilla/5.0 (Windows NT 10.0; Win64; x64) AppleWebKit/537.36 (KHTML, like Gecko) Chrome/91.0.4472.124 Safari/537.36"
159.89.216.7 - - [14/May/2026:12:47:44 -0400] "GET /wso.php.suspected HTTP/1.1" 200 178755 "-" "Mozilla/5.0 (Linux; Android 10; K) AppleWebKit/537.36 (KHTML, like Gecko) Chrome/146.0.0.0 Mobile Safari/537.36"
159.89.216.7 - - [14/May/2026:12:47:45 -0400] "GET /admin.php.suspected HTTP/1.1" 200 178755 "-" "Mozilla/5.0 (Linux; Android 10; K) AppleWebKit/537.36 (KHTML, like Gecko) Chrome/146.0.0.0 Mobile Safari/537.36"
159.89.216.7 - - [14/May/2026:12:47:47 -0400] "GET /wp-trackback.php.suspected HTTP/1.1" 200 178755 "-" "Mozilla/5.0 (Linux; Android 10; K) AppleWebKit/537.36 (KHTML, like Gecko) Chrome/146.0.0.0 Mobile Safari/537.36"
159.89.216.7 - - [14/May/2026:12:47:49 -0400] "GET /cache.php.suspected HTTP/1.1" 200 178755 "-" "Mozilla/5.0 (Linux; Android 10; K) AppleWebKit/537.36 (KHTML, like Gecko) Chrome/146.0.0.0 Mobile Safari/537.36"
159.89.216.7 - - [14/May/2026:12:47:50 -0400] "GET /mah.php.suspected HTTP/1.1" 200 178755 "-" "Mozilla/5.0 (Linux; Android 10; K) AppleWebKit/537.36 (KHTML, like Gecko) Chrome/146.0.0.0 Mobile Safari/537.36"
